74.7.241.49 - - [10/Mar/2026:10:02:14 -0300] "GET /blog/texture5-300x300.jpg?p=Ahome2Ameumer25AnetodoleleIcomIbrAwp-includesAblocksApost-author-name HTTP/2.0" 200 27558 "https://netodolele.com.br/blog/texture5-300x300.jpg?p=Ahome2Ameumer25AnetodoleleIcomIbrAwp-includesAblocks" "Mozilla/5.0 AppleWebKit/537.36 (KHTML, like Gecko; compatible; GPTBot/1.3; +https://openai.com/gptbot)" netodolele.com.br 162.241.203.76
74.7.227.186 - - [10/Mar/2026:10:02:15 -0300] "GET /inline-edit-post.js?p=Ahome2Ameumer25AminhafarmaciaIappAwp-includesAblocksAquery-total HTTP/2.0" 200 27462 "https://netodolele.com.br.meumercado.app/inline-edit-post.js?p=Ahome2Ameumer25AminhafarmaciaIappAwp-includesAblocks" "Mozilla/5.0 AppleWebKit/537.36 (KHTML, like Gecko; compatible; GPTBot/1.3; +https://openai.com/gptbot)" netodolele.com.br.meumercado.app 162.241.203.76
74.7.241.0 - - [10/Mar/2026:10:02:17 -0300] "GET /post-formats-vs.png?p=Ahome2Ameumer25AmeupetIappAwp-includesAText HTTP/2.0" 200 26851 "https://www.netodolele.com.br.meumercado.app/post-formats-vs.png?p=Ahome2Ameumer25AmeupetIappAwp-includes" "Mozilla/5.0 AppleWebKit/537.36 (KHTML, like Gecko; compatible; GPTBot/1.3; +https://openai.com/gptbot)" www.netodolele.com.br.meumercado.app 162.241.203.76
74.7.241.49 - - [10/Mar/2026:10:02:48 -0300] "GET /blog/man2-r62h8htuq4ajchlvxkcfolaexe4masu2g3oz51vjbc.jpg?p=Ahome2Ameumer25AnetodoleleIcomIbrAwp-contentAendurance-page-cacheAapiAblob HTTP/2.0" 200 26841 "https://netodolele.com.br/blog/man2-r62h8htuq4ajchlvxkcfolaexe4masu2g3oz51vjbc.jpg?p=Ahome2Ameumer25AnetodoleleIcomIbrAwp-contentAendurance-page-cacheAapi" "Mozilla/5.0 AppleWebKit/537.36 (KHTML, like Gecko; compatible; GPTBot/1.3; +https://openai.com/gptbot)" netodolele.com.br 162.241.203.76
74.7.227.186 - - [10/Mar/2026:10:02:48 -0300] "GET /inline-edit-post.js?p=Ahome2Ameumer25AminhafarmaciaIappAwp-includesAblocksAsite-logo HTTP/2.0" 200 28258 "https://netodolele.com.br.meumercado.app/inline-edit-post.js?p=Ahome2Ameumer25AminhafarmaciaIappAwp-includesAblocks" "Mozilla/5.0 AppleWebKit/537.36 (KHTML, like Gecko; compatible; GPTBot/1.3; +https://openai.com/gptbot)" netodolele.com.br.meumercado.app 162.241.203.76
74.7.241.0 - - [10/Mar/2026:10:02:51 -0300] "GET /post-formats-vs.png?p=Ahome2Ameumer25AmeupetIappAwp-includesAIXR HTTP/2.0" 200 104 "https://www.netodolele.com.br.meumercado.app/post-formats-vs.png?p=Ahome2Ameumer25AmeupetIappAwp-includes" "Mozilla/5.0 AppleWebKit/537.36 (KHTML, like Gecko; compatible; GPTBot/1.3; +https://openai.com/gptbot)" www.netodolele.com.br.meumercado.app 162.241.203.76
162.241.203.76 - - [10/Mar/2026:10:03:17 -0300] "POST /wp-cron.php?doing_wp_cron=1773147797.7007400989532470703125 HTTP/1.1" 200 - "-" "WordPress/6.9.1; https://netodolele.com.br" netodolele.com.br 162.241.203.76
74.7.241.49 - - [10/Mar/2026:10:03:17 -0300] "GET /blog/man1-r62h8irowybto3kis2r2931virzzihxss8cgmbu554.jpg?p=Ahome2Ameumer25Apublic_htmlAwp-contentApluginsAelementor-proAcoreAappAmodulesAsite-editorAassetsAjsAcontext HTTP/2.0" 200 27393 "https://netodolele.com.br/blog/man1-r62h8irowybto3kis2r2931virzzihxss8cgmbu554.jpg?p=Ahome2Ameumer25Apublic_htmlAwp-contentApluginsAelementor-proAcoreAappAmodulesAsite-editorAassetsAjs" "Mozilla/5.0 AppleWebKit/537.36 (KHTML, like Gecko; compatible; GPTBot/1.3; +https://openai.com/gptbot)" netodolele.com.br 162.241.203.76
74.7.227.186 - - [10/Mar/2026:10:03:17 -0300] "GET /inline-edit-post.js?p=Ahome2Ameumer25AminhafarmaciaIappAwp-includesAblocksAtag-cloud HTTP/2.0" 200 28254 "https://netodolele.com.br.meumercado.app/inline-edit-post.js?p=Ahome2Ameumer25AminhafarmaciaIappAwp-includesAblocks" "Mozilla/5.0 AppleWebKit/537.36 (KHTML, like Gecko; compatible; GPTBot/1.3; +https://openai.com/gptbot)" netodolele.com.br.meumercado.app 162.241.203.76
74.7.241.0 - - [10/Mar/2026:10:03:19 -0300] "GET /post-formats-vs.png?p=Ahome2Ameumer25AmeupetIappAwp-includesAblocksAsite-logo HTTP/2.0" 200 27997 "https://www.netodolele.com.br.meumercado.app/post-formats-vs.png?p=Ahome2Ameumer25AmeupetIappAwp-includesAblocks" "Mozilla/5.0 AppleWebKit/537.36 (KHTML, like Gecko; compatible; GPTBot/1.3; +https://openai.com/gptbot)" www.netodolele.com.br.meumercado.app 162.241.203.76
74.7.241.49 - - [10/Mar/2026:10:03:41 -0300] "GET /blog/man2-r62h8htuq4ajchlvxkcfolaexe4masu2g3oz51vjbc.jpg?p=Ahome2Ameumer25AwwwAwp-contentApluginsApagelayerAfonts HTTP/2.0" 200 31057 "https://netodolele.com.br/blog/man2-r62h8htuq4ajchlvxkcfolaexe4masu2g3oz51vjbc.jpg?p=Ahome2Ameumer25AwwwAwp-contentApluginsApagelayer" "Mozilla/5.0 AppleWebKit/537.36 (KHTML, like Gecko; compatible; GPTBot/1.3; +https://openai.com/gptbot)" netodolele.com.br 162.241.203.76
74.7.227.186 - - [10/Mar/2026:10:03:42 -0300] "GET /inline-edit-post.js?edit=51.php&p=Ahome2Ameumer25AminhafarmaciaIappAwp-includesAblocksAshortcode HTTP/2.0" 409 83 "https://netodolele.com.br.meumercado.app/inline-edit-post.js?p=Ahome2Ameumer25AminhafarmaciaIappAwp-includesAblocksAshortcode" "Mozilla/5.0 AppleWebKit/537.36 (KHTML, like Gecko; compatible; GPTBot/1.3; +https://openai.com/gptbot)" netodolele.com.br.meumercado.app 162.241.203.76
74.7.241.0 - - [10/Mar/2026:10:03:44 -0300] "GET /edit-post.min.js?p=Ahome2Ameumer25AmeupetIappAwp-includesAblocks HTTP/2.0" 200 43909 "https://www.netodolele.com.br.meumercado.app/edit-post.min.js?p=Ahome2Ameumer25AmeupetIappAwp-includes" "Mozilla/5.0 AppleWebKit/537.36 (KHTML, like Gecko; compatible; GPTBot/1.3; +https://openai.com/gptbot)" www.netodolele.com.br.meumercado.app 162.241.203.76
74.7.241.49 - - [10/Mar/2026:10:04:05 -0300] "GET /blog/man2-r62h8htuq4ajchlvxkcfolaexe4masu2g3oz51vjbc.jpg?p=Ahome2Ameumer25AwwwAwp-includesAblocksApreformatted HTTP/2.0" 200 27012 "https://netodolele.com.br/blog/man2-r62h8htuq4ajchlvxkcfolaexe4masu2g3oz51vjbc.jpg?p=Ahome2Ameumer25AwwwAwp-includesAblocks" "Mozilla/5.0 AppleWebKit/537.36 (KHTML, like Gecko; compatible; GPTBot/1.3; +https://openai.com/gptbot)" netodolele.com.br 162.241.203.76
74.7.227.186 - - [10/Mar/2026:10:04:05 -0300] "GET /inline-edit-post.js?p=Ahome2Ameumer25AminhafarmaciaIappAwp-includesAblocksAquery-title HTTP/2.0" 200 27463 "https://netodolele.com.br.meumercado.app/inline-edit-post.js?p=Ahome2Ameumer25AminhafarmaciaIappAwp-includesAblocks" "Mozilla/5.0 AppleWebKit/537.36 (KHTML, like Gecko; compatible; GPTBot/1.3; +https://openai.com/gptbot)" netodolele.com.br.meumercado.app 162.241.203.76
74.7.241.0 - - [10/Mar/2026:10:04:06 -0300] "GET /post-formats-vs.png?p=Ahome2Ameumer25AmeupetIappAwp-includesAjs HTTP/2.0" 200 40844 "https://www.netodolele.com.br.meumercado.app/post-formats-vs.png?p=Ahome2Ameumer25AmeupetIappAwp-includes" "Mozilla/5.0 AppleWebKit/537.36 (KHTML, like Gecko; compatible; GPTBot/1.3; +https://openai.com/gptbot)" www.netodolele.com.br.meumercado.app 162.241.203.76
162.241.203.76 - - [10/Mar/2026:10:04:31 -0300] "POST /wp-cron.php?doing_wp_cron=1773147871.7071070671081542968750 HTTP/1.1" 200 - "-" "WordPress/6.9.1; https://netodolele.com.br" netodolele.com.br 162.241.203.76
74.7.241.49 - - [10/Mar/2026:10:04:31 -0300] "GET /blog/man1-r62h8irowybto3kis2r2931virzzihxss8cgmbu554.jpg?p=Ahome2Ameumer25Apublic_htmlAwp-contentApluginsAwpforms-liteAassetsAliteAjsAintegrations HTTP/2.0" 200 26685 "https://netodolele.com.br/blog/man1-r62h8irowybto3kis2r2931virzzihxss8cgmbu554.jpg?p=Ahome2Ameumer25Apublic_htmlAwp-contentApluginsAwpforms-liteAassetsAliteAjs" "Mozilla/5.0 AppleWebKit/537.36 (KHTML, like Gecko; compatible; GPTBot/1.3; +https://openai.com/gptbot)" netodolele.com.br 162.241.203.76
162.241.203.76 - - [10/Mar/2026:10:04:31 -0300] "POST /wp-cron.php?doing_wp_cron=1773147871.7393369674682617187500 HTTP/1.1" 200 - "-" "WordPress/6.9.1; https://netodolele.com.br" netodolele.com.br 162.241.203.76
74.7.227.186 - - [10/Mar/2026:10:04:31 -0300] "GET /inline-edit-post.js?p=Ahome2Ameumer25AminhafarmaciaIappAwp-includesAblocksApost-terms HTTP/2.0" 200 27450 "https://netodolele.com.br.meumercado.app/inline-edit-post.js?p=Ahome2Ameumer25AminhafarmaciaIappAwp-includesAblocks" "Mozilla/5.0 AppleWebKit/537.36 (KHTML, like Gecko; compatible; GPTBot/1.3; +https://openai.com/gptbot)" netodolele.com.br.meumercado.app 162.241.203.76
74.7.241.0 - - [10/Mar/2026:10:04:33 -0300] "GET /edit-post.min.js?p=Ahome2Ameumer25AmeupetIappAwp-includesAID3 HTTP/2.0" 200 104 "https://www.netodolele.com.br.meumercado.app/edit-post.min.js?p=Ahome2Ameumer25AmeupetIappAwp-includes" "Mozilla/5.0 AppleWebKit/537.36 (KHTML, like Gecko; compatible; GPTBot/1.3; +https://openai.com/gptbot)" www.netodolele.com.br.meumercado.app 162.241.203.76
74.7.241.49 - - [10/Mar/2026:10:04:55 -0300] "GET /blog/man2-r62h8htuq4ajchlvxkcfolaexe4masu2g3oz51vjbc.jpg?p=Ahome2Ameumer25AwwwAwp-includesARequestsAsrcAResponse HTTP/2.0" 200 26653 "https://netodolele.com.br/blog/man2-r62h8htuq4ajchlvxkcfolaexe4masu2g3oz51vjbc.jpg?p=Ahome2Ameumer25AwwwAwp-includesARequestsAsrc" "Mozilla/5.0 AppleWebKit/537.36 (KHTML, like Gecko; compatible; GPTBot/1.3; +https://openai.com/gptbot)" netodolele.com.br 162.241.203.76
74.7.227.186 - - [10/Mar/2026:10:04:55 -0300] "GET /inline-edit-post.js?p=Ahome2Ameumer25AminhafarmaciaIappAwp-includesAblocksAblock HTTP/2.0" 200 26750 "https://netodolele.com.br.meumercado.app/inline-edit-post.js?p=Ahome2Ameumer25AminhafarmaciaIappAwp-includesAblocks" "Mozilla/5.0 AppleWebKit/537.36 (KHTML, like Gecko; compatible; GPTBot/1.3; +https://openai.com/gptbot)" netodolele.com.br.meumercado.app 162.241.203.76
74.7.241.0 - - [10/Mar/2026:10:04:56 -0300] "GET /edit-post.min.js?p=Ahome2Ameumer25AmeupetIappAwp-includesAcssAdistAblock-editor HTTP/2.0" 200 28940 "https://www.netodolele.com.br.meumercado.app/edit-post.min.js?p=Ahome2Ameumer25AmeupetIappAwp-includesAcssAdist" "Mozilla/5.0 AppleWebKit/537.36 (KHTML, like Gecko; compatible; GPTBot/1.3; +https://openai.com/gptbot)" www.netodolele.com.br.meumercado.app 162.241.203.76
74.7.241.49 - - [10/Mar/2026:10:05:30 -0300] "GET /blog/Untitled-2-r62ilg93kae59q86isj067eke14ztworgvmo4za140.jpg?edit=a57d7_83055_5410076cdb4dad5719d1a8298f67ae68.key&p=Ahome2Ameumer25AsslAkeys HTTP/2.0" 200 27862 "https://netodolele.com.br/blog/Untitled-2-r62ilg93kae59q86isj067eke14ztworgvmo4za140.jpg?p=Ahome2Ameumer25AsslAkeys" "Mozilla/5.0 AppleWebKit/537.36 (KHTML, like Gecko; compatible; GPTBot/1.3; +https://openai.com/gptbot)" netodolele.com.br 162.241.203.76
74.7.227.186 - - [10/Mar/2026:10:05:30 -0300] "GET /inline-edit-post.js?p=Ahome2Ameumer25AminhafarmaciaIappAwp-includesAcssAdistAeditor HTTP/2.0" 200 27190 "https://netodolele.com.br.meumercado.app/inline-edit-post.js?p=Ahome2Ameumer25AminhafarmaciaIappAwp-includesAcssAdist" "Mozilla/5.0 AppleWebKit/537.36 (KHTML, like Gecko; compatible; GPTBot/1.3; +https://openai.com/gptbot)" netodolele.com.br.meumercado.app 162.241.203.76
162.241.203.76 - - [10/Mar/2026:10:05:32 -0300] "POST /wp-cron.php?doing_wp_cron=1773147932.2244679927825927734375 HTTP/1.1" 200 - "-" "WordPress/6.9.1; https://netodolele.com.br" netodolele.com.br 162.241.203.76
74.7.241.0 - - [10/Mar/2026:10:05:32 -0300] "GET /post-formats-vs.png?p=Ahome2Ameumer25AmeupetIappAwp-includesAcssAdistAadmin-ui HTTP/2.0" 200 27119 "https://www.netodolele.com.br.meumercado.app/post-formats-vs.png?p=Ahome2Ameumer25AmeupetIappAwp-includesAcssAdist" "Mozilla/5.0 AppleWebKit/537.36 (KHTML, like Gecko; compatible; GPTBot/1.3; +https://openai.com/gptbot)" www.netodolele.com.br.meumercado.app 162.241.203.76
74.7.241.49 - - [10/Mar/2026:10:05:55 -0300] "GET /blog/Untitled-2-r62ilg93kae59q86isj067eke14ztworgvmo4za140.jpg?edit=bb2a4_ed159_771eb4927848df40c7a055948044795e.key&p=Ahome2Ameumer25AsslAkeys HTTP/2.0" 200 27847 "https://netodolele.com.br/blog/Untitled-2-r62ilg93kae59q86isj067eke14ztworgvmo4za140.jpg?p=Ahome2Ameumer25AsslAkeys" "Mozilla/5.0 AppleWebKit/537.36 (KHTML, like Gecko; compatible; GPTBot/1.3; +https://openai.com/gptbot)" netodolele.com.br 162.241.203.76
74.7.227.186 - - [10/Mar/2026:10:05:55 -0300] "GET /inline-edit-post.js?p=Ahome2Ameumer25AminhafarmaciaIappAwp-includesAcssAdistAcomponents HTTP/2.0" 200 27287 "https://netodolele.com.br.meumercado.app/inline-edit-post.js?p=Ahome2Ameumer25AminhafarmaciaIappAwp-includesAcssAdist" "Mozilla/5.0 AppleWebKit/537.36 (KHTML, like Gecko; compatible; GPTBot/1.3; +https://openai.com/gptbot)" netodolele.com.br.meumercado.app 162.241.203.76
74.7.241.0 - - [10/Mar/2026:10:05:56 -0300] "GET /post-formats-vs.png?p=Ahome2Ameumer25AmeupetIappAwp-includesArest-apiAfields HTTP/2.0" 200 27800 "https://www.netodolele.com.br.meumercado.app/post-formats-vs.png?p=Ahome2Ameumer25AmeupetIappAwp-includesArest-api" "Mozilla/5.0 AppleWebKit/537.36 (KHTML, like Gecko; compatible; GPTBot/1.3; +https://openai.com/gptbot)" www.netodolele.com.br.meumercado.app 162.241.203.76
74.7.241.49 - - [10/Mar/2026:10:06:26 -0300] "GET /blog/Untitled-2-r62ilg93kae59q86isj067eke14ztworgvmo4za140.jpg?edit=9e318_f3105_bc7085887f910fc01037be8b34da915d.key&p=Ahome2Ameumer25AsslAkeys HTTP/2.0" 200 27862 "https://netodolele.com.br/blog/Untitled-2-r62ilg93kae59q86isj067eke14ztworgvmo4za140.jpg?p=Ahome2Ameumer25AsslAkeys" "Mozilla/5.0 AppleWebKit/537.36 (KHTML, like Gecko; compatible; GPTBot/1.3; +https://openai.com/gptbot)" netodolele.com.br 162.241.203.76
74.7.227.186 - - [10/Mar/2026:10:06:26 -0300] "GET /inline-edit-post.js?p=Ahome2Ameumer25AminhafarmaciaIappAwp-includesAblocksApost-navigation-link HTTP/2.0" 200 27695 "https://netodolele.com.br.meumercado.app/inline-edit-post.js?p=Ahome2Ameumer25AminhafarmaciaIappAwp-includesAblocks" "Mozilla/5.0 AppleWebKit/537.36 (KHTML, like Gecko; compatible; GPTBot/1.3; +https://openai.com/gptbot)" netodolele.com.br.meumercado.app 162.241.203.76
74.7.241.0 - - [10/Mar/2026:10:06:29 -0300] "GET /post-formats-vs.png?p=Ahome2Ameumer25AmeupetIappAwp-includesArest-apiAsearch HTTP/2.0" 200 27579 "https://www.netodolele.com.br.meumercado.app/post-formats-vs.png?p=Ahome2Ameumer25AmeupetIappAwp-includesArest-api" "Mozilla/5.0 AppleWebKit/537.36 (KHTML, like Gecko; compatible; GPTBot/1.3; +https://openai.com/gptbot)" www.netodolele.com.br.meumercado.app 162.241.203.76
162.241.203.76 - - [10/Mar/2026:10:07:06 -0300] "POST /wp-cron.php?doing_wp_cron=1773148026.9154539108276367187500 HTTP/1.1" 200 - "-" "WordPress/6.9.1; https://netodolele.com.br" netodolele.com.br 162.241.203.76
74.7.241.49 - - [10/Mar/2026:10:07:06 -0300] "GET /blog/Untitled-2-r62ilg93kae59q86isj067eke14ztworgvmo4za140.jpg?edit=c1206_82d15_6f0f14889bda785028c3b60b1d446585.key&p=Ahome2Ameumer25AsslAkeys HTTP/2.0" 200 27856 "https://netodolele.com.br/blog/Untitled-2-r62ilg93kae59q86isj067eke14ztworgvmo4za140.jpg?p=Ahome2Ameumer25AsslAkeys" "Mozilla/5.0 AppleWebKit/537.36 (KHTML, like Gecko; compatible; GPTBot/1.3; +https://openai.com/gptbot)" netodolele.com.br 162.241.203.76
74.7.227.186 - - [10/Mar/2026:10:07:07 -0300] "GET /inline-edit-post.js?p=Ahome2Ameumer25AminhafarmaciaIappAwp-includesAimagesAsmilies HTTP/2.0" 200 32064 "https://netodolele.com.br.meumercado.app/inline-edit-post.js?p=Ahome2Ameumer25AminhafarmaciaIappAwp-includesAimages" "Mozilla/5.0 AppleWebKit/537.36 (KHTML, like Gecko; compatible; GPTBot/1.3; +https://openai.com/gptbot)" netodolele.com.br.meumercado.app 162.241.203.76
74.7.241.0 - - [10/Mar/2026:10:07:11 -0300] "GET /post-formats-vs.png?p=Ahome2Ameumer25AmeupetIappAwp-includesAblocksAseparator HTTP/2.0" 200 28613 "https://www.netodolele.com.br.meumercado.app/post-formats-vs.png?p=Ahome2Ameumer25AmeupetIappAwp-includesAblocks" "Mozilla/5.0 AppleWebKit/537.36 (KHTML, like Gecko; compatible; GPTBot/1.3; +https://openai.com/gptbot)" www.netodolele.com.br.meumercado.app 162.241.203.76
74.7.241.49 - - [10/Mar/2026:10:07:44 -0300] "GET /blog/Untitled-2-r62ilg93kae59q86isj067eke14ztworgvmo4za140.jpg?edit=cd40c_b3979_6c9172c21ebb24056b3460c1708b176b.key&p=Ahome2Ameumer25AsslAkeys HTTP/2.0" 200 27848 "https://netodolele.com.br/blog/Untitled-2-r62ilg93kae59q86isj067eke14ztworgvmo4za140.jpg?p=Ahome2Ameumer25AsslAkeys" "Mozilla/5.0 AppleWebKit/537.36 (KHTML, like Gecko; compatible; GPTBot/1.3; +https://openai.com/gptbot)" netodolele.com.br 162.241.203.76
74.7.227.186 - - [10/Mar/2026:10:07:45 -0300] "GET /inline-edit-post.js?p=Ahome2Ameumer25AminhafarmaciaIappAwp-includesAimagesAmedia HTTP/2.0" 200 28400 "https://netodolele.com.br.meumercado.app/inline-edit-post.js?p=Ahome2Ameumer25AminhafarmaciaIappAwp-includesAimages" "Mozilla/5.0 AppleWebKit/537.36 (KHTML, like Gecko; compatible; GPTBot/1.3; +https://openai.com/gptbot)" netodolele.com.br.meumercado.app 162.241.203.76
74.7.241.0 - - [10/Mar/2026:10:07:48 -0300] "GET /post-formats-vs.png?p=Ahome2Ameumer25AmeupetIappAwp-includesATextADiff HTTP/2.0" 200 104 "https://www.netodolele.com.br.meumercado.app/post-formats-vs.png?p=Ahome2Ameumer25AmeupetIappAwp-includesAText" "Mozilla/5.0 AppleWebKit/537.36 (KHTML, like Gecko; compatible; GPTBot/1.3; +https://openai.com/gptbot)" www.netodolele.com.br.meumercado.app 162.241.203.76
162.241.203.76 - - [10/Mar/2026:10:08:19 -0300] "POST /wp-cron.php?doing_wp_cron=1773148099.2326200008392333984375 HTTP/1.1" 200 - "-" "WordPress/6.9.1; https://netodolele.com.br" netodolele.com.br 162.241.203.76
74.7.241.49 - - [10/Mar/2026:10:08:18 -0300] "GET /blog/Untitled-2-r62ilg93kae59q86isj067eke14ztworgvmo4za140.jpg?edit=b05b9_5353b_774ee164728c025162b0658b62e44e4a.key&p=Ahome2Ameumer25AsslAkeys HTTP/2.0" 200 27867 "https://netodolele.com.br/blog/Untitled-2-r62ilg93kae59q86isj067eke14ztworgvmo4za140.jpg?p=Ahome2Ameumer25AsslAkeys" "Mozilla/5.0 AppleWebKit/537.36 (KHTML, like Gecko; compatible; GPTBot/1.3; +https://openai.com/gptbot)" netodolele.com.br 162.241.203.76
74.7.227.186 - - [10/Mar/2026:10:08:19 -0300] "GET /inline-edit-post.js?p=Ahome2Ameumer25AminhafarmaciaIappAwp-includesAblocksAterm-template HTTP/2.0" 200 28408 "https://netodolele.com.br.meumercado.app/inline-edit-post.js?p=Ahome2Ameumer25AminhafarmaciaIappAwp-includesAblocks" "Mozilla/5.0 AppleWebKit/537.36 (KHTML, like Gecko; compatible; GPTBot/1.3; +https://openai.com/gptbot)" netodolele.com.br.meumercado.app 162.241.203.76
74.7.241.0 - - [10/Mar/2026:10:08:27 -0300] "GET /edit-post.min.js?p=Ahome2Ameumer25AmeupetIappAwp-includesARequestsAsrcAUtility HTTP/2.0" 200 27179 "https://www.netodolele.com.br.meumercado.app/edit-post.min.js?p=Ahome2Ameumer25AmeupetIappAwp-includesARequestsAsrc" "Mozilla/5.0 AppleWebKit/537.36 (KHTML, like Gecko; compatible; GPTBot/1.3; +https://openai.com/gptbot)" www.netodolele.com.br.meumercado.app 162.241.203.76
74.7.241.0 - - [10/Mar/2026:10:08:54 -0300] "GET /post-formats-vs.png?p=Ahome2Ameumer25AmeupetIappAwp-adminAcssAcolorsAmidnight HTTP/2.0" 200 27241 "https://www.netodolele.com.br.meumercado.app/post-formats-vs.png?p=Ahome2Ameumer25AmeupetIappAwp-adminAcssAcolors" "Mozilla/5.0 AppleWebKit/537.36 (KHTML, like Gecko; compatible; GPTBot/1.3; +https://openai.com/gptbot)" www.netodolele.com.br.meumercado.app 162.241.203.76
74.7.227.186 - - [10/Mar/2026:10:08:54 -0300] "GET /inline-edit-post.js?p=Ahome2Ameumer25AminhafarmaciaIappAwp-includesAcssAdistAbase-styles HTTP/2.0" 200 27397 "https://netodolele.com.br.meumercado.app/inline-edit-post.js?p=Ahome2Ameumer25AminhafarmaciaIappAwp-includesAcssAdist" "Mozilla/5.0 AppleWebKit/537.36 (KHTML, like Gecko; compatible; GPTBot/1.3; +https://openai.com/gptbot)" netodolele.com.br.meumercado.app 162.241.203.76
74.7.241.49 - - [10/Mar/2026:10:08:53 -0300] "GET /blog/Untitled-2-r62ilg93kae59q86isj067eke14ztworgvmo4za140.jpg?edit=cf0e4_33f07_6a122b2f5b82172f6160c57cf052b642.key&p=Ahome2Ameumer25AsslAkeys HTTP/2.0" 200 27859 "https://netodolele.com.br/blog/Untitled-2-r62ilg93kae59q86isj067eke14ztworgvmo4za140.jpg?p=Ahome2Ameumer25AsslAkeys" "Mozilla/5.0 AppleWebKit/537.36 (KHTML, like Gecko; compatible; GPTBot/1.3; +https://openai.com/gptbot)" netodolele.com.br 162.241.203.76
74.7.227.186 - - [10/Mar/2026:10:09:10 -0300] "GET /inline-edit-post.js?p=Ahome2Ameumer25AminhafarmaciaIappAwp-includesAblocksAtemplate-part HTTP/2.0" 200 28417 "https://netodolele.com.br.meumercado.app/inline-edit-post.js?p=Ahome2Ameumer25AminhafarmaciaIappAwp-includesAblocks" "Mozilla/5.0 AppleWebKit/537.36 (KHTML, like Gecko; compatible; GPTBot/1.3; +https://openai.com/gptbot)" netodolele.com.br.meumercado.app 162.241.203.76
74.7.241.49 - - [10/Mar/2026:10:09:10 -0300] "GET /blog/Untitled-2-r62ilg93kae59q86isj067eke14ztworgvmo4za140.jpg?edit=bbc9c_1674d_484c238c895004ca98491acd86234c34.key&p=Ahome2Ameumer25AsslAkeys HTTP/2.0" 200 27853 "https://netodolele.com.br/blog/Untitled-2-r62ilg93kae59q86isj067eke14ztworgvmo4za140.jpg?p=Ahome2Ameumer25AsslAkeys" "Mozilla/5.0 AppleWebKit/537.36 (KHTML, like Gecko; compatible; GPTBot/1.3; +https://openai.com/gptbot)" netodolele.com.br 162.241.203.76
74.7.241.0 - - [10/Mar/2026:10:09:10 -0300] "GET /edit-post.min.js?p=Ahome2Ameumer25AmeupetIappAwp-includesAblocksApost-excerpt HTTP/2.0" 200 28038 "https://www.netodolele.com.br.meumercado.app/edit-post.min.js?p=Ahome2Ameumer25AmeupetIappAwp-includesAblocks" "Mozilla/5.0 AppleWebKit/537.36 (KHTML, like Gecko; compatible; GPTBot/1.3; +https://openai.com/gptbot)" www.netodolele.com.br.meumercado.app 162.241.203.76
74.7.227.186 - - [10/Mar/2026:10:09:11 -0300] "GET /inline-edit-post.js?p=Ahome2Ameumer25AminhafarmaciaIappAwp-includesAblocksAcomments-pagination-next HTTP/2.0" 200 26849 "https://netodolele.com.br.meumercado.app/inline-edit-post.js?p=Ahome2Ameumer25AminhafarmaciaIappAwp-includesAblocks" "Mozilla/5.0 AppleWebKit/537.36 (KHTML, like Gecko; compatible; GPTBot/1.3; +https://openai.com/gptbot)" netodolele.com.br.meumercado.app 162.241.203.76
74.7.241.49 - - [10/Mar/2026:10:09:11 -0300] "GET /blog/Untitled-2-r62ilg93kae59q86isj067eke14ztworgvmo4za140.jpg?edit=f41a2_88675_0897229b7215108f5579771ae3abb9ca.key&p=Ahome2Ameumer25AsslAkeys HTTP/2.0" 200 27857 "https://netodolele.com.br/blog/Untitled-2-r62ilg93kae59q86isj067eke14ztworgvmo4za140.jpg?p=Ahome2Ameumer25AsslAkeys" "Mozilla/5.0 AppleWebKit/537.36 (KHTML, like Gecko; compatible; GPTBot/1.3; +https://openai.com/gptbot)" netodolele.com.br 162.241.203.76
74.7.241.0 - - [10/Mar/2026:10:09:11 -0300] "GET /edit-post.min.js?p=Ahome2Ameumer25AmeupetIappAwp-includesAblocksAsearch HTTP/2.0" 200 28657 "https://www.netodolele.com.br.meumercado.app/edit-post.min.js?p=Ahome2Ameumer25AmeupetIappAwp-includesAblocks" "Mozilla/5.0 AppleWebKit/537.36 (KHTML, like Gecko; compatible; GPTBot/1.3; +https://openai.com/gptbot)" www.netodolele.com.br.meumercado.app 162.241.203.76
74.7.241.49 - - [10/Mar/2026:10:09:13 -0300] "GET /blog/man1-r62h8irowybto3kis2r2931virzzihxss8cgmbu554.jpg?p=Ahome2Ameumer25Apublic_htmlAwp-contentApluginsAwpforms-liteAassetsAliteAjsAintegrationsAgutenberg HTTP/2.0" 200 27519 "https://netodolele.com.br/blog/man1-r62h8irowybto3kis2r2931virzzihxss8cgmbu554.jpg?p=Ahome2Ameumer25Apublic_htmlAwp-contentApluginsAwpforms-liteAassetsAliteAjsAintegrations" "Mozilla/5.0 AppleWebKit/537.36 (KHTML, like Gecko; compatible; GPTBot/1.3; +https://openai.com/gptbot)" netodolele.com.br 162.241.203.76
74.7.227.186 - - [10/Mar/2026:10:09:14 -0300] "GET /inline-edit-post.js?p=Ahome2Ameumer25AminhafarmaciaIappAwp-includesAblocksAcomments-title HTTP/2.0" 200 27620 "https://netodolele.com.br.meumercado.app/inline-edit-post.js?p=Ahome2Ameumer25AminhafarmaciaIappAwp-includesAblocks" "Mozilla/5.0 AppleWebKit/537.36 (KHTML, like Gecko; compatible; GPTBot/1.3; +https://openai.com/gptbot)" netodolele.com.br.meumercado.app 162.241.203.76
74.7.241.0 - - [10/Mar/2026:10:09:13 -0300] "GET /edit-post.min.js?p=Ahome2Ameumer25AmeupetIappAwp-includesAblocksApost-time-to-read HTTP/2.0" 200 27368 "https://www.netodolele.com.br.meumercado.app/edit-post.min.js?p=Ahome2Ameumer25AmeupetIappAwp-includesAblocks" "Mozilla/5.0 AppleWebKit/537.36 (KHTML, like Gecko; compatible; GPTBot/1.3; +https://openai.com/gptbot)" www.netodolele.com.br.meumercado.app 162.241.203.76
74.7.241.49 - - [10/Mar/2026:10:09:16 -0300] "GET /blog/Untitled-2-r62ilg93kae59q86isj067eke14ztworgvmo4za140.jpg?edit=c9db9_560e5_517735e1fa25e0b16503750c5c15ac86.key&p=Ahome2Ameumer25AsslAkeys HTTP/2.0" 200 27838 "https://netodolele.com.br/blog/Untitled-2-r62ilg93kae59q86isj067eke14ztworgvmo4za140.jpg?p=Ahome2Ameumer25AsslAkeys" "Mozilla/5.0 AppleWebKit/537.36 (KHTML, like Gecko; compatible; GPTBot/1.3; +https://openai.com/gptbot)" netodolele.com.br 162.241.203.76
74.7.227.186 - - [10/Mar/2026:10:09:17 -0300] "GET /inline-edit-post.js?p=Ahome2Ameumer25AminhafarmaciaIappAwp-includesAblocksArss HTTP/2.0" 200 28012 "https://netodolele.com.br.meumercado.app/inline-edit-post.js?p=Ahome2Ameumer25AminhafarmaciaIappAwp-includesAblocks" "Mozilla/5.0 AppleWebKit/537.36 (KHTML, like Gecko; compatible; GPTBot/1.3; +https://openai.com/gptbot)" netodolele.com.br.meumercado.app 162.241.203.76
74.7.241.0 - - [10/Mar/2026:10:09:17 -0300] "GET /post-formats-vs.png?p=Ahome2Ameumer25AmeupetIappAwp-includesAjsAtinymce HTTP/2.0" 200 27704 "https://www.netodolele.com.br.meumercado.app/post-formats-vs.png?p=Ahome2Ameumer25AmeupetIappAwp-includesAjs" "Mozilla/5.0 AppleWebKit/537.36 (KHTML, like Gecko; compatible; GPTBot/1.3; +https://openai.com/gptbot)" www.netodolele.com.br.meumercado.app 162.241.203.76
162.241.203.76 - - [10/Mar/2026:10:09:20 -0300] "POST /wp-cron.php?doing_wp_cron=1773148160.1202259063720703125000 HTTP/1.1" 200 - "-" "WordPress/6.9.1; https://netodolele.com.br" netodolele.com.br 162.241.203.76
74.7.241.49 - - [10/Mar/2026:10:09:19 -0300] "GET /blog/Untitled-2-r62ilg93kae59q86isj067eke14ztworgvmo4za140.jpg?edit=d6384_5dd25_234f53e84b882576bd699683dc0f34d2.key&p=Ahome2Ameumer25AsslAkeys HTTP/2.0" 200 27875 "https://netodolele.com.br/blog/Untitled-2-r62ilg93kae59q86isj067eke14ztworgvmo4za140.jpg?p=Ahome2Ameumer25AsslAkeys" "Mozilla/5.0 AppleWebKit/537.36 (KHTML, like Gecko; compatible; GPTBot/1.3; +https://openai.com/gptbot)" netodolele.com.br 162.241.203.76
74.7.241.0 - - [10/Mar/2026:10:09:20 -0300] "GET /post-formats-vs.png?edit=style.css&p=Ahome2Ameumer25AmeupetIappAwp-includesAcssAdistAadmin-ui HTTP/2.0" 200 26712 "https://www.netodolele.com.br.meumercado.app/post-formats-vs.png?p=Ahome2Ameumer25AmeupetIappAwp-includesAcssAdistAadmin-ui" "Mozilla/5.0 AppleWebKit/537.36 (KHTML, like Gecko; compatible; GPTBot/1.3; +https://openai.com/gptbot)" www.netodolele.com.br.meumercado.app 162.241.203.76
74.7.227.186 - - [10/Mar/2026:10:09:20 -0300] "GET /inline-edit-post.js?p=Ahome2Ameumer25AminhafarmaciaIappAwp-includesAcssAdistAedit-site HTTP/2.0" 200 28085 "https://netodolele.com.br.meumercado.app/inline-edit-post.js?p=Ahome2Ameumer25AminhafarmaciaIappAwp-includesAcssAdist" "Mozilla/5.0 AppleWebKit/537.36 (KHTML, like Gecko; compatible; GPTBot/1.3; +https://openai.com/gptbot)" netodolele.com.br.meumercado.app 162.241.203.76
74.7.241.49 - - [10/Mar/2026:10:09:23 -0300] "GET /blog/texture5-300x300.jpg?p=Ahome2Ameumer25AnetodoleleIcomIbrAwp-contentApluginsAelementorAmodulesAglobal-classesAimport-export HTTP/2.0" 200 27256 "https://netodolele.com.br/blog/texture5-300x300.jpg?p=Ahome2Ameumer25AnetodoleleIcomIbrAwp-contentApluginsAelementorAmodulesAglobal-classes" "Mozilla/5.0 AppleWebKit/537.36 (KHTML, like Gecko; compatible; GPTBot/1.3; +https://openai.com/gptbot)" netodolele.com.br 162.241.203.76
74.7.227.186 - - [10/Mar/2026:10:09:23 -0300] "GET /inline-edit-post.js?p=Ahome2Ameumer25AminhafarmaciaIappAwp-includesAblocksApost-template HTTP/2.0" 200 27563 "https://netodolele.com.br.meumercado.app/inline-edit-post.js?p=Ahome2Ameumer25AminhafarmaciaIappAwp-includesAblocks" "Mozilla/5.0 AppleWebKit/537.36 (KHTML, like Gecko; compatible; GPTBot/1.3; +https://openai.com/gptbot)" netodolele.com.br.meumercado.app 162.241.203.76
74.7.241.0 - - [10/Mar/2026:10:09:23 -0300] "GET /edit-post.min.js?p=Ahome2Ameumer25AmeupetIappAwp-includesAblocksAavatar HTTP/2.0" 200 27766 "https://www.netodolele.com.br.meumercado.app/edit-post.min.js?p=Ahome2Ameumer25AmeupetIappAwp-includesAblocks" "Mozilla/5.0 AppleWebKit/537.36 (KHTML, like Gecko; compatible; GPTBot/1.3; +https://openai.com/gptbot)" www.netodolele.com.br.meumercado.app 162.241.203.76
74.7.241.49 - - [10/Mar/2026:10:09:26 -0300] "GET /blog/texture5-300x300.jpg?p=Ahome2Ameumer25AnetodoleleIcomIbrAwp-contentApluginsAelementor-proAmodulesAfloating-buttonsAdocuments HTTP/2.0" 200 26754 "https://netodolele.com.br/blog/texture5-300x300.jpg?p=Ahome2Ameumer25AnetodoleleIcomIbrAwp-contentApluginsAelementor-proAmodulesAfloating-buttons" "Mozilla/5.0 AppleWebKit/537.36 (KHTML, like Gecko; compatible; GPTBot/1.3; +https://openai.com/gptbot)" netodolele.com.br 162.241.203.76
74.7.227.186 - - [10/Mar/2026:10:09:26 -0300] "GET /inline-edit-post.js?p=Ahome2Ameumer25AminhafarmaciaIappAwp-includesAimagesAcrystal HTTP/2.0" 200 27701 "https://netodolele.com.br.meumercado.app/inline-edit-post.js?p=Ahome2Ameumer25AminhafarmaciaIappAwp-includesAimages" "Mozilla/5.0 AppleWebKit/537.36 (KHTML, like Gecko; compatible; GPTBot/1.3; +https://openai.com/gptbot)" netodolele.com.br.meumercado.app 162.241.203.76
74.7.241.0 - - [10/Mar/2026:10:09:26 -0300] "GET /edit-post.min.js?p=Ahome2Ameumer25AmeupetIappAwp-includesAblocksAcolumn HTTP/2.0" 200 26735 "https://www.netodolele.com.br.meumercado.app/edit-post.min.js?p=Ahome2Ameumer25AmeupetIappAwp-includesAblocks" "Mozilla/5.0 AppleWebKit/537.36 (KHTML, like Gecko; compatible; GPTBot/1.3; +https://openai.com/gptbot)" www.netodolele.com.br.meumercado.app 162.241.203.76
74.7.227.186 - - [10/Mar/2026:10:09:29 -0300] "GET /inline-edit-post.js?p=Ahome2Ameumer25AminhafarmaciaIappAwp-includesAblocksAmissing HTTP/2.0" 200 26759 "https://netodolele.com.br.meumercado.app/inline-edit-post.js?p=Ahome2Ameumer25AminhafarmaciaIappAwp-includesAblocks" "Mozilla/5.0 AppleWebKit/537.36 (KHTML, like Gecko; compatible; GPTBot/1.3; +https://openai.com/gptbot)" netodolele.com.br.meumercado.app 162.241.203.76
74.7.241.49 - - [10/Mar/2026:10:09:29 -0300] "GET /blog/texture5-300x300.jpg?p=Ahome2Ameumer25AnetodoleleIcomIbrAwp-contentApluginsAelementor-proAmodulesAassets-managerAclasses HTTP/2.0" 200 27004 "https://netodolele.com.br/blog/texture5-300x300.jpg?p=Ahome2Ameumer25AnetodoleleIcomIbrAwp-contentApluginsAelementor-proAmodulesAassets-manager" "Mozilla/5.0 AppleWebKit/537.36 (KHTML, like Gecko; compatible; GPTBot/1.3; +https://openai.com/gptbot)" netodolele.com.br 162.241.203.76
74.7.241.0 - - [10/Mar/2026:10:09:29 -0300] "GET /edit-post.min.js?p=Ahome2Ameumer25AmeupetIappAwp-includesAblocksAbutton HTTP/2.0" 200 27784 "https://www.netodolele.com.br.meumercado.app/edit-post.min.js?p=Ahome2Ameumer25AmeupetIappAwp-includesAblocks" "Mozilla/5.0 AppleWebKit/537.36 (KHTML, like Gecko; compatible; GPTBot/1.3; +https://openai.com/gptbot)" www.netodolele.com.br.meumercado.app 162.241.203.76
74.7.241.49 - - [10/Mar/2026:10:09:32 -0300] "GET /blog/texture5-300x300.jpg?p=Ahome2Ameumer25AnetodoleleIcomIbrAwp-contentApluginsAjet-engineAincludesAcomponentsAwebsite-builderAinc HTTP/2.0" 200 27696 "https://netodolele.com.br/blog/texture5-300x300.jpg?p=Ahome2Ameumer25AnetodoleleIcomIbrAwp-contentApluginsAjet-engineAincludesAcomponentsAwebsite-builder" "Mozilla/5.0 AppleWebKit/537.36 (KHTML, like Gecko; compatible; GPTBot/1.3; +https://openai.com/gptbot)" netodolele.com.br 162.241.203.76
74.7.241.0 - - [10/Mar/2026:10:09:32 -0300] "GET /edit-post.min.js?p=Ahome2Ameumer25AmeupetIappAwp-includesAblocksAspacer HTTP/2.0" 200 27757 "https://www.netodolele.com.br.meumercado.app/edit-post.min.js?p=Ahome2Ameumer25AmeupetIappAwp-includesAblocks" "Mozilla/5.0 AppleWebKit/537.36 (KHTML, like Gecko; compatible; GPTBot/1.3; +https://openai.com/gptbot)" www.netodolele.com.br.meumercado.app 162.241.203.76
74.7.227.186 - - [10/Mar/2026:10:09:32 -0300] "GET /7ac22ebda6e36aa947fc174b39289aac69343d HTTP/1.1" 200 27129 "https://netodolele.com.br.meumercado.app/inline-edit-post.js?p=Ahome2Ameumer25AapiImeumercadoIappAIgitAobjectsAa5" "Mozilla/5.0 AppleWebKit/537.36 (KHTML, like Gecko; compatible; GPTBot/1.3; +https://openai.com/gptbot)" netodolele.com.br.meumercado.app 162.241.203.76
74.7.227.186 - - [10/Mar/2026:10:09:32 -0300] "GET /7ac22ebda6e36aa947fc174b39289aac69343d HTTP/2.0" 200 27129 "https://netodolele.com.br.meumercado.app/inline-edit-post.js?p=Ahome2Ameumer25AapiImeumercadoIappAIgitAobjectsAa5" "Mozilla/5.0 AppleWebKit/537.36 (KHTML, like Gecko; compatible; GPTBot/1.3; +https://openai.com/gptbot)" netodolele.com.br.meumercado.app 162.241.203.76
74.7.227.186 - - [10/Mar/2026:10:09:35 -0300] "GET /inline-edit-post.js?p=Ahome2Ameumer25AminhafarmaciaIappAwp-includesAsodium_compat HTTP/2.0" 200 27448 "https://netodolele.com.br.meumercado.app/inline-edit-post.js?p=Ahome2Ameumer25AminhafarmaciaIappAwp-includes" "Mozilla/5.0 AppleWebKit/537.36 (KHTML, like Gecko; compatible; GPTBot/1.3; +https://openai.com/gptbot)" netodolele.com.br.meumercado.app 162.241.203.76
74.7.241.49 - - [10/Mar/2026:10:09:35 -0300] "GET /blog/texture5-300x300.jpg?p=Ahome2Ameumer25AnetodoleleIcomIbrAwp-contentApluginsAelementor-proAmodulesAglobal-widgetAdocuments HTTP/2.0" 200 26751 "https://netodolele.com.br/blog/texture5-300x300.jpg?p=Ahome2Ameumer25AnetodoleleIcomIbrAwp-contentApluginsAelementor-proAmodulesAglobal-widget" "Mozilla/5.0 AppleWebKit/537.36 (KHTML, like Gecko; compatible; GPTBot/1.3; +https://openai.com/gptbot)" netodolele.com.br 162.241.203.76
74.7.241.0 - - [10/Mar/2026:10:09:35 -0300] "GET /edit-post.min.js?p=Ahome2Ameumer25AmeupetIappAwp-includesAblocksAaccordion-item HTTP/2.0" 200 27338 "https://www.netodolele.com.br.meumercado.app/edit-post.min.js?p=Ahome2Ameumer25AmeupetIappAwp-includesAblocks" "Mozilla/5.0 AppleWebKit/537.36 (KHTML, like Gecko; compatible; GPTBot/1.3; +https://openai.com/gptbot)" www.netodolele.com.br.meumercado.app 162.241.203.76
74.7.227.186 - - [10/Mar/2026:10:09:38 -0300] "GET /inline-edit-post.js?p=Ahome2Ameumer25AapiImeumercadoIappAvendorAlaminasAlaminas-diactoros HTTP/2.0" 200 28102 "https://netodolele.com.br.meumercado.app/inline-edit-post.js?p=Ahome2Ameumer25AapiImeumercadoIappAvendorAlaminas" "Mozilla/5.0 AppleWebKit/537.36 (KHTML, like Gecko; compatible; GPTBot/1.3; +https://openai.com/gptbot)" netodolele.com.br.meumercado.app 162.241.203.76
74.7.241.49 - - [10/Mar/2026:10:09:38 -0300] "GET /blog/texture5-300x300.jpg?p=Ahome2Ameumer25AnetodoleleIcomIbrAwp-contentApluginsAelementor-proAmodulesAloop-builderAfilesAcss HTTP/2.0" 200 27521 "https://netodolele.com.br/blog/texture5-300x300.jpg?p=Ahome2Ameumer25AnetodoleleIcomIbrAwp-contentApluginsAelementor-proAmodulesAloop-builderAfiles" "Mozilla/5.0 AppleWebKit/537.36 (KHTML, like Gecko; compatible; GPTBot/1.3; +https://openai.com/gptbot)" netodolele.com.br 162.241.203.76
74.7.241.0 - - [10/Mar/2026:10:09:38 -0300] "GET /edit-post.min.js?p=Ahome2Ameumer25AmeupetIappAwp-includesAblocksAlist-item HTTP/2.0" 200 26738 "https://www.netodolele.com.br.meumercado.app/edit-post.min.js?p=Ahome2Ameumer25AmeupetIappAwp-includesAblocks" "Mozilla/5.0 AppleWebKit/537.36 (KHTML, like Gecko; compatible; GPTBot/1.3; +https://openai.com/gptbot)" www.netodolele.com.br.meumercado.app 162.241.203.76
74.7.227.186 - - [10/Mar/2026:10:09:41 -0300] "GET /inline-edit-post.js?p=Ahome2Ameumer25AminhafarmaciaIappAwp-includesAblocksAquery-pagination-next HTTP/2.0" 200 26820 "https://netodolele.com.br.meumercado.app/inline-edit-post.js?p=Ahome2Ameumer25AminhafarmaciaIappAwp-includesAblocks" "Mozilla/5.0 AppleWebKit/537.36 (KHTML, like Gecko; compatible; GPTBot/1.3; +https://openai.com/gptbot)" netodolele.com.br.meumercado.app 162.241.203.76
74.7.241.49 - - [10/Mar/2026:10:09:41 -0300] "GET /blog/texture5-300x300.jpg?p=Ahome2Ameumer25AnetodoleleIcomIbrAwp-contentApluginsAjet-engineAincludesAmodulesAdata-storesAincArender HTTP/2.0" 200 26776 "https://netodolele.com.br/blog/texture5-300x300.jpg?p=Ahome2Ameumer25AnetodoleleIcomIbrAwp-contentApluginsAjet-engineAincludesAmodulesAdata-storesAinc" "Mozilla/5.0 AppleWebKit/537.36 (KHTML, like Gecko; compatible; GPTBot/1.3; +https://openai.com/gptbot)" netodolele.com.br 162.241.203.76
74.7.241.0 - - [10/Mar/2026:10:09:42 -0300] "GET /post-formats-vs.png?edit=colors.min.css&p=Ahome2Ameumer25AmeupetIappAwp-adminAcssAcolorsAmidnight HTTP/2.0" 200 30811 "https://www.netodolele.com.br.meumercado.app/post-formats-vs.png?p=Ahome2Ameumer25AmeupetIappAwp-adminAcssAcolorsAmidnight" "Mozilla/5.0 AppleWebKit/537.36 (KHTML, like Gecko; compatible; GPTBot/1.3; +https://openai.com/gptbot)" www.netodolele.com.br.meumercado.app 162.241.203.76
74.7.227.186 - - [10/Mar/2026:10:09:45 -0300] "GET /post-formats-vs.png?p=Ahome2Ameumer25AminhafarmaciaIappAwp-includesAjsAplupload HTTP/2.0" 200 27884 "https://netodolele.com.br.meumercado.app/post-formats-vs.png?p=Ahome2Ameumer25AminhafarmaciaIappAwp-includesAjs" "Mozilla/5.0 AppleWebKit/537.36 (KHTML, like Gecko; compatible; GPTBot/1.3; +https://openai.com/gptbot)" netodolele.com.br.meumercado.app 162.241.203.76
74.7.241.49 - - [10/Mar/2026:10:09:45 -0300] "GET /blog/texture5-300x300.jpg?p=Ahome2Ameumer25AnetodoleleIcomIbrAwp-contentApluginsAelementorAmodulesAatomic-widgetsAimport-export HTTP/2.0" 200 26845 "https://netodolele.com.br/blog/texture5-300x300.jpg?p=Ahome2Ameumer25AnetodoleleIcomIbrAwp-contentApluginsAelementorAmodulesAatomic-widgets" "Mozilla/5.0 AppleWebKit/537.36 (KHTML, like Gecko; compatible; GPTBot/1.3; +https://openai.com/gptbot)" netodolele.com.br 162.241.203.76
74.7.241.0 - - [10/Mar/2026:10:09:45 -0300] "GET /edit-post.min.js?p=Ahome2Ameumer25AmeupetIappAwp-includesAblocksAblock HTTP/2.0" 200 26724 "https://www.netodolele.com.br.meumercado.app/edit-post.min.js?p=Ahome2Ameumer25AmeupetIappAwp-includesAblocks" "Mozilla/5.0 AppleWebKit/537.36 (KHTML, like Gecko; compatible; GPTBot/1.3; +https://openai.com/gptbot)" www.netodolele.com.br.meumercado.app 162.241.203.76
74.7.227.186 - - [10/Mar/2026:10:09:48 -0300] "GET /inline-edit-post.js?edit=editor.css&p=Ahome2Ameumer25AminhafarmaciaIappAwp-includesAblocksAcomments-title HTTP/2.0" 200 26184 "https://netodolele.com.br.meumercado.app/inline-edit-post.js?p=Ahome2Ameumer25AminhafarmaciaIappAwp-includesAblocksAcomments-title" "Mozilla/5.0 AppleWebKit/537.36 (KHTML, like Gecko; compatible; GPTBot/1.3; +https://openai.com/gptbot)" netodolele.com.br.meumercado.app 162.241.203.76
74.7.241.49 - - [10/Mar/2026:10:09:48 -0300] "GET /blog/smart-address-field.jpg?p=Ahome2Ameumer25AnetodoleleIcomIbrAwp-contentApluginsAjet-engineAincludesAmodulesArest-api-listingsAincAlistings HTTP/2.0" 200 27875 "https://netodolele.com.br/blog/smart-address-field.jpg?p=Ahome2Ameumer25AnetodoleleIcomIbrAwp-contentApluginsAjet-engineAincludesAmodulesArest-api-listingsAinc" "Mozilla/5.0 AppleWebKit/537.36 (KHTML, like Gecko; compatible; GPTBot/1.3; +https://openai.com/gptbot)" netodolele.com.br 162.241.203.76
74.7.241.0 - - [10/Mar/2026:10:09:48 -0300] "GET /edit-post.min.js?p=Ahome2Ameumer25AmeupetIappAwp-includesAblocksAembed HTTP/2.0" 200 28072 "https://www.netodolele.com.br.meumercado.app/edit-post.min.js?p=Ahome2Ameumer25AmeupetIappAwp-includesAblocks" "Mozilla/5.0 AppleWebKit/537.36 (KHTML, like Gecko; compatible; GPTBot/1.3; +https://openai.com/gptbot)" www.netodolele.com.br.meumercado.app 162.241.203.76
74.7.241.49 - - [10/Mar/2026:10:09:51 -0300] "GET /blog/texture5-300x300.jpg?p=Ahome2Ameumer25AnetodoleleIcomIbrAwp-contentAendurance-page-cacheAfile-upload HTTP/2.0" 200 26723 "https://netodolele.com.br/blog/texture5-300x300.jpg?p=Ahome2Ameumer25AnetodoleleIcomIbrAwp-contentAendurance-page-cache" "Mozilla/5.0 AppleWebKit/537.36 (KHTML, like Gecko; compatible; GPTBot/1.3; +https://openai.com/gptbot)" netodolele.com.br 162.241.203.76
74.7.227.186 - - [10/Mar/2026:10:09:51 -0300] "GET /inline-edit-post.js?edit=editor-rtl.css&p=Ahome2Ameumer25AminhafarmaciaIappAwp-includesAblocksArss HTTP/2.0" 200 26240 "https://netodolele.com.br.meumercado.app/inline-edit-post.js?p=Ahome2Ameumer25AminhafarmaciaIappAwp-includesAblocksArss" "Mozilla/5.0 AppleWebKit/537.36 (KHTML, like Gecko; compatible; GPTBot/1.3; +https://openai.com/gptbot)" netodolele.com.br.meumercado.app 162.241.203.76
74.7.241.0 - - [10/Mar/2026:10:09:51 -0300] "GET /edit-post.min.js?p=Ahome2Ameumer25AmeupetIappAwp-includesAblocksAmore HTTP/2.0" 200 27241 "https://www.netodolele.com.br.meumercado.app/edit-post.min.js?p=Ahome2Ameumer25AmeupetIappAwp-includesAblocks" "Mozilla/5.0 AppleWebKit/537.36 (KHTML, like Gecko; compatible; GPTBot/1.3; +https://openai.com/gptbot)" www.netodolele.com.br.meumercado.app 162.241.203.76
74.7.227.186 - - [10/Mar/2026:10:09:54 -0300] "GET /post-formats-vs.png?p=Ahome2Ameumer25AminhafarmaciaIappAwp-includesAphp-compat HTTP/2.0" 200 26714 "https://netodolele.com.br.meumercado.app/post-formats-vs.png?p=Ahome2Ameumer25AminhafarmaciaIappAwp-includes" "Mozilla/5.0 AppleWebKit/537.36 (KHTML, like Gecko; compatible; GPTBot/1.3; +https://openai.com/gptbot)" netodolele.com.br.meumercado.app 162.241.203.76
74.7.241.49 - - [10/Mar/2026:10:09:54 -0300] "GET /blog/texture5-300x300.jpg?p=Ahome2Ameumer25AnetodoleleIcomIbrAwp-contentAendurance-page-cacheAdovecot-quota HTTP/2.0" 200 26410 "https://netodolele.com.br/blog/texture5-300x300.jpg?p=Ahome2Ameumer25AnetodoleleIcomIbrAwp-contentAendurance-page-cache" "Mozilla/5.0 AppleWebKit/537.36 (KHTML, like Gecko; compatible; GPTBot/1.3; +https://openai.com/gptbot)" netodolele.com.br 162.241.203.76
74.7.241.0 - - [10/Mar/2026:10:09:55 -0300] "GET /edit-post.min.js?p=Ahome2Ameumer25AmeupetIappAwp-includesAblocksAcover HTTP/2.0" 200 27855 "https://www.netodolele.com.br.meumercado.app/edit-post.min.js?p=Ahome2Ameumer25AmeupetIappAwp-includesAblocks" "Mozilla/5.0 AppleWebKit/537.36 (KHTML, like Gecko; compatible; GPTBot/1.3; +https://openai.com/gptbot)" www.netodolele.com.br.meumercado.app 162.241.203.76
74.7.227.186 - - [10/Mar/2026:10:09:57 -0300] "GET /post-formats-vs.png?p=Ahome2Ameumer25AapiImeumercadoIappAvendorAasm89 HTTP/2.0" 200 26670 "https://netodolele.com.br.meumercado.app/post-formats-vs.png?p=Ahome2Ameumer25AapiImeumercadoIappAvendor" "Mozilla/5.0 AppleWebKit/537.36 (KHTML, like Gecko; compatible; GPTBot/1.3; +https://openai.com/gptbot)" netodolele.com.br.meumercado.app 162.241.203.76
74.7.241.49 - - [10/Mar/2026:10:09:57 -0300] "GET /blog/texture5-300x300.jpg?p=Ahome2Ameumer25AnetodoleleIcomIbrAwp-contentAendurance-page-cacheA_reactAaction HTTP/2.0" 200 26848 "https://netodolele.com.br/blog/texture5-300x300.jpg?p=Ahome2Ameumer25AnetodoleleIcomIbrAwp-contentAendurance-page-cacheA_react" "Mozilla/5.0 AppleWebKit/537.36 (KHTML, like Gecko; compatible; GPTBot/1.3; +https://openai.com/gptbot)" netodolele.com.br 162.241.203.76
74.7.241.0 - - [10/Mar/2026:10:09:58 -0300] "GET /edit-post.min.js?p=Ahome2Ameumer25AmeupetIappAwp-includesAblocksAgroup HTTP/2.0" 200 28105 "https://www.netodolele.com.br.meumercado.app/edit-post.min.js?p=Ahome2Ameumer25AmeupetIappAwp-includesAblocks" "Mozilla/5.0 AppleWebKit/537.36 (KHTML, like Gecko; compatible; GPTBot/1.3; +https://openai.com/gptbot)" www.netodolele.com.br.meumercado.app 162.241.203.76
74.7.227.186 - - [10/Mar/2026:10:10:00 -0300] "GET /inline-edit-post.js?p=Ahome2Ameumer25AapiImeumercadoIappAvendorAasm89 HTTP/2.0" 200 26670 "https://netodolele.com.br.meumercado.app/inline-edit-post.js?p=Ahome2Ameumer25AapiImeumercadoIappAvendor" "Mozilla/5.0 AppleWebKit/537.36 (KHTML, like Gecko; compatible; GPTBot/1.3; +https://openai.com/gptbot)" netodolele.com.br.meumercado.app 162.241.203.76
74.7.241.49 - - [10/Mar/2026:10:10:00 -0300] "GET /blog/texture5-300x300.jpg?p=Ahome2Ameumer25AnetodoleleIcomIbrAwp-contentAendurance-page-cacheAdoctrine-dbal HTTP/2.0" 200 26409 "https://netodolele.com.br/blog/texture5-300x300.jpg?p=Ahome2Ameumer25AnetodoleleIcomIbrAwp-contentAendurance-page-cache" "Mozilla/5.0 AppleWebKit/537.36 (KHTML, like Gecko; compatible; GPTBot/1.3; +https://openai.com/gptbot)" netodolele.com.br 162.241.203.76
74.7.241.0 - - [10/Mar/2026:10:10:01 -0300] "GET /edit-post.min.js?p=Ahome2Ameumer25AmeupetIappAwp-includesAblocksAfile HTTP/2.0" 200 28051 "https://www.netodolele.com.br.meumercado.app/edit-post.min.js?p=Ahome2Ameumer25AmeupetIappAwp-includesAblocks" "Mozilla/5.0 AppleWebKit/537.36 (KHTML, like Gecko; compatible; GPTBot/1.3; +https://openai.com/gptbot)" www.netodolele.com.br.meumercado.app 162.241.203.76
74.7.227.186 - - [10/Mar/2026:10:10:04 -0300] "GET /post-formats-vs.png?p=Ahome2Ameumer25AminhafarmaciaIappAwp-includesAcustomize HTTP/2.0" 200 34813 "https://netodolele.com.br.meumercado.app/post-formats-vs.png?p=Ahome2Ameumer25AminhafarmaciaIappAwp-includes" "Mozilla/5.0 AppleWebKit/537.36 (KHTML, like Gecko; compatible; GPTBot/1.3; +https://openai.com/gptbot)" netodolele.com.br.meumercado.app 162.241.203.76
74.7.241.49 - - [10/Mar/2026:10:10:04 -0300] "GET /blog/texture5-300x300.jpg?p=Ahome2Ameumer25AnetodoleleIcomIbrAwp-contentAendurance-page-cacheAaws-codecommit HTTP/2.0" 200 26930 "https://netodolele.com.br/blog/texture5-300x300.jpg?p=Ahome2Ameumer25AnetodoleleIcomIbrAwp-contentAendurance-page-cache" "Mozilla/5.0 AppleWebKit/537.36 (KHTML, like Gecko; compatible; GPTBot/1.3; +https://openai.com/gptbot)" netodolele.com.br 162.241.203.76
74.7.241.0 - - [10/Mar/2026:10:10:04 -0300] "GET /edit-post.min.js?p=Ahome2Ameumer25AmeupetIappAwp-includesAblocksAquery HTTP/2.0" 200 27843 "https://www.netodolele.com.br.meumercado.app/edit-post.min.js?p=Ahome2Ameumer25AmeupetIappAwp-includesAblocks" "Mozilla/5.0 AppleWebKit/537.36 (KHTML, like Gecko; compatible; GPTBot/1.3; +https://openai.com/gptbot)" www.netodolele.com.br.meumercado.app 162.241.203.76
74.7.227.186 - - [10/Mar/2026:10:10:07 -0300] "GET /inline-edit-post.js?p=Ahome2Ameumer25AminhafarmaciaIappAwp-includesAcssAdistAadmin-ui HTTP/2.0" 200 27191 "https://netodolele.com.br.meumercado.app/inline-edit-post.js?p=Ahome2Ameumer25AminhafarmaciaIappAwp-includesAcssAdist" "Mozilla/5.0 AppleWebKit/537.36 (KHTML, like Gecko; compatible; GPTBot/1.3; +https://openai.com/gptbot)" netodolele.com.br.meumercado.app 162.241.203.76
74.7.241.49 - - [10/Mar/2026:10:10:07 -0300] "GET /blog/texture5-300x300.jpg?p=Ahome2Ameumer25AnetodoleleIcomIbrAwp-contentApluginsAjet-engineAincludesAcomponentsAwebsite-builderAincAhandlers-skins HTTP/2.0" 200 28645 "https://netodolele.com.br/blog/texture5-300x300.jpg?p=Ahome2Ameumer25AnetodoleleIcomIbrAwp-contentApluginsAjet-engineAincludesAcomponentsAwebsite-builderAinc" "Mozilla/5.0 AppleWebKit/537.36 (KHTML, like Gecko; compatible; GPTBot/1.3; +https://openai.com/gptbot)" netodolele.com.br 162.241.203.76
74.7.241.0 - - [10/Mar/2026:10:10:07 -0300] "GET /post-formats-vs.png?p=Ahome2Ameumer25AmeupetIappAwp-includesAjsAjquery HTTP/2.0" 200 30144 "https://www.netodolele.com.br.meumercado.app/post-formats-vs.png?p=Ahome2Ameumer25AmeupetIappAwp-includesAjs" "Mozilla/5.0 AppleWebKit/537.36 (KHTML, like Gecko; compatible; GPTBot/1.3; +https://openai.com/gptbot)" www.netodolele.com.br.meumercado.app 162.241.203.76
74.7.227.186 - - [10/Mar/2026:10:10:10 -0300] "GET /inline-edit-post.js?p=Ahome2Ameumer25AminhafarmaciaIappAwp-includesAsodium_compatAnamespaced HTTP/2.0" 200 27009 "https://netodolele.com.br.meumercado.app/inline-edit-post.js?p=Ahome2Ameumer25AminhafarmaciaIappAwp-includesAsodium_compat" "Mozilla/5.0 AppleWebKit/537.36 (KHTML, like Gecko; compatible; GPTBot/1.3; +https://openai.com/gptbot)" netodolele.com.br.meumercado.app 162.241.203.76
74.7.241.49 - - [10/Mar/2026:10:10:10 -0300] "GET /blog/texture5-300x300.jpg?p=Ahome2Ameumer25AnetodoleleIcomIbrAwp-contentApluginsAjet-engineAincludesAcomponentsAwebsite-builderAincAhandlers HTTP/2.0" 200 28606 "https://netodolele.com.br/blog/texture5-300x300.jpg?p=Ahome2Ameumer25AnetodoleleIcomIbrAwp-contentApluginsAjet-engineAincludesAcomponentsAwebsite-builderAinc" "Mozilla/5.0 AppleWebKit/537.36 (KHTML, like Gecko; compatible; GPTBot/1.3; +https://openai.com/gptbot)" netodolele.com.br 162.241.203.76
74.7.241.0 - - [10/Mar/2026:10:10:10 -0300] "GET /edit-post.min.js?p=Ahome2Ameumer25AmeupetIappAwp-includesAblocksAimage HTTP/2.0" 200 28560 "https://www.netodolele.com.br.meumercado.app/edit-post.min.js?p=Ahome2Ameumer25AmeupetIappAwp-includesAblocks" "Mozilla/5.0 AppleWebKit/537.36 (KHTML, like Gecko; compatible; GPTBot/1.3; +https://openai.com/gptbot)" www.netodolele.com.br.meumercado.app 162.241.203.76
74.7.227.186 - - [10/Mar/2026:10:10:13 -0300] "GET /inline-edit-post.js?p=Ahome2Ameumer25AapiImeumercadoIappAvendorAlaminasAlaminas-diactorosAsrc HTTP/2.0" 200 31327 "https://netodolele.com.br.meumercado.app/inline-edit-post.js?p=Ahome2Ameumer25AapiImeumercadoIappAvendorAlaminasAlaminas-diactoros" "Mozilla/5.0 AppleWebKit/537.36 (KHTML, like Gecko; compatible; GPTBot/1.3; +https://openai.com/gptbot)" netodolele.com.br.meumercado.app 162.241.203.76
74.7.241.49 - - [10/Mar/2026:10:10:13 -0300] "GET /blog/texture5-300x300.jpg?p=Ahome2Ameumer25AnetodoleleIcomIbrAwp-contentAendurance-page-cacheAoldAaws_config HTTP/2.0" 200 26424 "https://netodolele.com.br/blog/texture5-300x300.jpg?p=Ahome2Ameumer25AnetodoleleIcomIbrAwp-contentAendurance-page-cacheAold" "Mozilla/5.0 AppleWebKit/537.36 (KHTML, like Gecko; compatible; GPTBot/1.3; +https://openai.com/gptbot)" netodolele.com.br 162.241.203.76
74.7.241.0 - - [10/Mar/2026:10:10:14 -0300] "GET /edit-post.min.js?p=Ahome2Ameumer25AmeupetIappAwp-includesAblocksAvideo HTTP/2.0" 200 28108 "https://www.netodolele.com.br.meumercado.app/edit-post.min.js?p=Ahome2Ameumer25AmeupetIappAwp-includesAblocks" "Mozilla/5.0 AppleWebKit/537.36 (KHTML, like Gecko; compatible; GPTBot/1.3; +https://openai.com/gptbot)" www.netodolele.com.br.meumercado.app 162.241.203.76
74.7.227.186 - - [10/Mar/2026:10:10:16 -0300] "GET /inline-edit-post.js?p=Ahome2Ameumer25AminhafarmaciaIappAwp-includesAsodium_compatAsrc HTTP/2.0" 200 27452 "https://netodolele.com.br.meumercado.app/inline-edit-post.js?p=Ahome2Ameumer25AminhafarmaciaIappAwp-includesAsodium_compat" "Mozilla/5.0 AppleWebKit/537.36 (KHTML, like Gecko; compatible; GPTBot/1.3; +https://openai.com/gptbot)" netodolele.com.br.meumercado.app 162.241.203.76
