74.7.241.49 - - [10/Mar/2026:10:47:35 -0300] "GET /blog/man2-r62h8htuq4ajchlvxkcfolaexe4masu2g3oz51vjbc.jpg?p=Ahome2Ameumer25AnetodoleleIcomIbrAwp-includesAblocksApost-excerpt HTTP/2.0" 200 28309 "https://netodolele.com.br/blog/man2-r62h8htuq4ajchlvxkcfolaexe4masu2g3oz51vjbc.jpg?p=Ahome2Ameumer25AnetodoleleIcomIbrAwp-includesAblocks" "Mozilla/5.0 AppleWebKit/537.36 (KHTML, like Gecko; compatible; GPTBot/1.3; +https://openai.com/gptbot)" netodolele.com.br 162.241.203.76
74.7.241.0 - - [10/Mar/2026:10:47:36 -0300] "GET /post-formats-vs.png?p=Ahome2Ameumer25AwwwAwp-includesAblocksAgallery HTTP/2.0" 200 27707 "https://www.netodolele.com.br.meumercado.app/post-formats-vs.png?p=Ahome2Ameumer25AwwwAwp-includesAblocks" "Mozilla/5.0 AppleWebKit/537.36 (KHTML, like Gecko; compatible; GPTBot/1.3; +https://openai.com/gptbot)" www.netodolele.com.br.meumercado.app 162.241.203.76
74.7.227.186 - - [10/Mar/2026:10:47:37 -0300] "GET /inline-edit-post.min.js?edit=droppable.js&p=Ahome2Ameumer25AmeupetIappAwp-includesAjsAjqueryAui HTTP/2.0" 200 30694 "https://netodolele.com.br.meumercado.app/inline-edit-post.min.js?p=Ahome2Ameumer25AmeupetIappAwp-includesAjsAjqueryAui" "Mozilla/5.0 AppleWebKit/537.36 (KHTML, like Gecko; compatible; GPTBot/1.3; +https://openai.com/gptbot)" netodolele.com.br.meumercado.app 162.241.203.76
74.7.241.0 - - [10/Mar/2026:10:47:39 -0300] "GET /post-formats-vs.png?edit=editor.min.css&p=Ahome2Ameumer25AwwwAwp-includesAblocksAcomments HTTP/2.0" 200 27047 "https://www.netodolele.com.br.meumercado.app/post-formats-vs.png?p=Ahome2Ameumer25AwwwAwp-includesAblocksAcomments" "Mozilla/5.0 AppleWebKit/537.36 (KHTML, like Gecko; compatible; GPTBot/1.3; +https://openai.com/gptbot)" www.netodolele.com.br.meumercado.app 162.241.203.76
74.7.227.186 - - [10/Mar/2026:10:47:40 -0300] "GET /inline-edit-post.js?p=Ahome2Ameumer25ApainelestilopetshopImeupetIappAappAHttpAResources HTTP/2.0" 200 27169 "https://netodolele.com.br.meumercado.app/inline-edit-post.js?p=Ahome2Ameumer25ApainelestilopetshopImeupetIappAappAHttp" "Mozilla/5.0 AppleWebKit/537.36 (KHTML, like Gecko; compatible; GPTBot/1.3; +https://openai.com/gptbot)" netodolele.com.br.meumercado.app 162.241.203.76
74.7.241.49 - - [10/Mar/2026:10:47:40 -0300] "GET /blog/man2-r62h8htuq4ajchlvxkcfolaexe4masu2g3oz51vjbc.jpg?p=Ahome2Ameumer25AminhafarmaciaIappAwp-includesAblocksAaccordion-panel HTTP/2.0" 200 27561 "https://netodolele.com.br/blog/man2-r62h8htuq4ajchlvxkcfolaexe4masu2g3oz51vjbc.jpg?p=Ahome2Ameumer25AminhafarmaciaIappAwp-includesAblocks" "Mozilla/5.0 AppleWebKit/537.36 (KHTML, like Gecko; compatible; GPTBot/1.3; +https://openai.com/gptbot)" netodolele.com.br 162.241.203.76
74.7.241.0 - - [10/Mar/2026:10:47:42 -0300] "GET /post-formats-vs.png?p=Ahome2Ameumer25AwwwAwp-includesAblocksAgroup HTTP/2.0" 200 27610 "https://www.netodolele.com.br.meumercado.app/post-formats-vs.png?p=Ahome2Ameumer25AwwwAwp-includesAblocks" "Mozilla/5.0 AppleWebKit/537.36 (KHTML, like Gecko; compatible; GPTBot/1.3; +https://openai.com/gptbot)" www.netodolele.com.br.meumercado.app 162.241.203.76
74.7.227.186 - - [10/Mar/2026:10:47:43 -0300] "GET /inline-edit-post.js?p=Ahome2Ameumer25ApainelestilopetshopImeupetIappAvendorAfideloper HTTP/2.0" 200 26787 "https://netodolele.com.br.meumercado.app/inline-edit-post.js?p=Ahome2Ameumer25ApainelestilopetshopImeupetIappAvendor" "Mozilla/5.0 AppleWebKit/537.36 (KHTML, like Gecko; compatible; GPTBot/1.3; +https://openai.com/gptbot)" netodolele.com.br.meumercado.app 162.241.203.76
74.7.241.49 - - [10/Mar/2026:10:47:44 -0300] "GET /blog/man2-r62h8htuq4ajchlvxkcfolaexe4masu2g3oz51vjbc.jpg?p=Ahome2Ameumer25AminhafarmaciaIappAwp-includesAblocksAarchives HTTP/2.0" 200 28204 "https://netodolele.com.br/blog/man2-r62h8htuq4ajchlvxkcfolaexe4masu2g3oz51vjbc.jpg?p=Ahome2Ameumer25AminhafarmaciaIappAwp-includesAblocks" "Mozilla/5.0 AppleWebKit/537.36 (KHTML, like Gecko; compatible; GPTBot/1.3; +https://openai.com/gptbot)" netodolele.com.br 162.241.203.76
74.7.241.0 - - [10/Mar/2026:10:47:46 -0300] "GET /post-formats-vs.png?p=Ahome2Ameumer25AwwwAwp-includesAblocksAcalendar HTTP/2.0" 200 27000 "https://www.netodolele.com.br.meumercado.app/post-formats-vs.png?p=Ahome2Ameumer25AwwwAwp-includesAblocks" "Mozilla/5.0 AppleWebKit/537.36 (KHTML, like Gecko; compatible; GPTBot/1.3; +https://openai.com/gptbot)" www.netodolele.com.br.meumercado.app 162.241.203.76
74.7.227.186 - - [10/Mar/2026:10:47:46 -0300] "GET /post.js?p=Ahome2Ameumer25AmeumercadoImeumercadoIappAassetsAassets HTTP/2.0" 200 26726 "https://netodolele.com.br.meumercado.app/post.js?p=Ahome2Ameumer25AmeumercadoImeumercadoIappAassets" "Mozilla/5.0 AppleWebKit/537.36 (KHTML, like Gecko; compatible; GPTBot/1.3; +https://openai.com/gptbot)" netodolele.com.br.meumercado.app 162.241.203.76
74.7.241.49 - - [10/Mar/2026:10:47:48 -0300] "GET /blog/man2-r62h8htuq4ajchlvxkcfolaexe4masu2g3oz51vjbc.jpg?p=Ahome2Ameumer25AminhafarmaciaIappAwp-includesAblocksApost-excerpt HTTP/2.0" 200 28308 "https://netodolele.com.br/blog/man2-r62h8htuq4ajchlvxkcfolaexe4masu2g3oz51vjbc.jpg?p=Ahome2Ameumer25AminhafarmaciaIappAwp-includesAblocks" "Mozilla/5.0 AppleWebKit/537.36 (KHTML, like Gecko; compatible; GPTBot/1.3; +https://openai.com/gptbot)" netodolele.com.br 162.241.203.76
74.7.241.0 - - [10/Mar/2026:10:47:49 -0300] "GET /post-formats-vs.png?p=Ahome2Ameumer25AwwwAwp-includesAblocksAavatar HTTP/2.0" 200 27317 "https://www.netodolele.com.br.meumercado.app/post-formats-vs.png?p=Ahome2Ameumer25AwwwAwp-includesAblocks" "Mozilla/5.0 AppleWebKit/537.36 (KHTML, like Gecko; compatible; GPTBot/1.3; +https://openai.com/gptbot)" www.netodolele.com.br.meumercado.app 162.241.203.76
74.7.227.186 - - [10/Mar/2026:10:47:49 -0300] "GET /post.js?p=Ahome2Ameumer25AmeumercadoImeumercadoIappAassetsAfonts HTTP/2.0" 200 26817 "https://netodolele.com.br.meumercado.app/post.js?p=Ahome2Ameumer25AmeumercadoImeumercadoIappAassets" "Mozilla/5.0 AppleWebKit/537.36 (KHTML, like Gecko; compatible; GPTBot/1.3; +https://openai.com/gptbot)" netodolele.com.br.meumercado.app 162.241.203.76
74.7.241.49 - - [10/Mar/2026:10:47:51 -0300] "GET /blog/man2-r62h8htuq4ajchlvxkcfolaexe4masu2g3oz51vjbc.jpg?edit=post-time-to-read.php&p=Ahome2Ameumer25AnetodoleleIcomIbrAwp-includesAblocks HTTP/2.0" 409 83 "https://netodolele.com.br/blog/man2-r62h8htuq4ajchlvxkcfolaexe4masu2g3oz51vjbc.jpg?p=Ahome2Ameumer25AnetodoleleIcomIbrAwp-includesAblocks" "Mozilla/5.0 AppleWebKit/537.36 (KHTML, like Gecko; compatible; GPTBot/1.3; +https://openai.com/gptbot)" netodolele.com.br 162.241.203.76
74.7.241.0 - - [10/Mar/2026:10:47:52 -0300] "GET /post-formats-vs.png?p=Ahome2Ameumer25AwwwAwp-includesAblocksAnextpage HTTP/2.0" 200 27026 "https://www.netodolele.com.br.meumercado.app/post-formats-vs.png?p=Ahome2Ameumer25AwwwAwp-includesAblocks" "Mozilla/5.0 AppleWebKit/537.36 (KHTML, like Gecko; compatible; GPTBot/1.3; +https://openai.com/gptbot)" www.netodolele.com.br.meumercado.app 162.241.203.76
74.7.227.186 - - [10/Mar/2026:10:47:52 -0300] "GET /edit-post.min.js?p=Ahome2Ameumer25ApainelestilopetshopImeupetIappAappAHttpAResources HTTP/2.0" 200 27169 "https://netodolele.com.br.meumercado.app/edit-post.min.js?p=Ahome2Ameumer25ApainelestilopetshopImeupetIappAappAHttp" "Mozilla/5.0 AppleWebKit/537.36 (KHTML, like Gecko; compatible; GPTBot/1.3; +https://openai.com/gptbot)" netodolele.com.br.meumercado.app 162.241.203.76
74.7.241.49 - - [10/Mar/2026:10:47:54 -0300] "GET /blog/man2-r62h8htuq4ajchlvxkcfolaexe4masu2g3oz51vjbc.jpg?edit=post-time-to-read.php&p=Ahome2Ameumer25AminhafarmaciaIappAwp-includesAblocks HTTP/2.0" 409 83 "https://netodolele.com.br/blog/man2-r62h8htuq4ajchlvxkcfolaexe4masu2g3oz51vjbc.jpg?p=Ahome2Ameumer25AminhafarmaciaIappAwp-includesAblocks" "Mozilla/5.0 AppleWebKit/537.36 (KHTML, like Gecko; compatible; GPTBot/1.3; +https://openai.com/gptbot)" netodolele.com.br 162.241.203.76
74.7.241.0 - - [10/Mar/2026:10:47:55 -0300] "GET /post-formats-vs.png?edit=view.min.js&p=Ahome2Ameumer25AwwwAwp-includesAblocksAimage HTTP/2.0" 200 28211 "https://www.netodolele.com.br.meumercado.app/post-formats-vs.png?p=Ahome2Ameumer25AwwwAwp-includesAblocksAimage" "Mozilla/5.0 AppleWebKit/537.36 (KHTML, like Gecko; compatible; GPTBot/1.3; +https://openai.com/gptbot)" www.netodolele.com.br.meumercado.app 162.241.203.76
74.7.227.186 - - [10/Mar/2026:10:47:55 -0300] "GET /post-formats-vs.png?p=Ahome2Ameumer25AnetodoleleIcomIbrAwp-includesAjsAdistAvendor HTTP/2.0" 200 32885 "https://netodolele.com.br.meumercado.app/post-formats-vs.png?p=Ahome2Ameumer25AnetodoleleIcomIbrAwp-includesAjsAdist" "Mozilla/5.0 AppleWebKit/537.36 (KHTML, like Gecko; compatible; GPTBot/1.3; +https://openai.com/gptbot)" netodolele.com.br.meumercado.app 162.241.203.76
74.7.241.0 - - [10/Mar/2026:10:47:58 -0300] "GET /post-formats-vs.png?p=Ahome2Ameumer25AwwwAwp-includesAblocksAheading HTTP/2.0" 200 26999 "https://www.netodolele.com.br.meumercado.app/post-formats-vs.png?p=Ahome2Ameumer25AwwwAwp-includesAblocks" "Mozilla/5.0 AppleWebKit/537.36 (KHTML, like Gecko; compatible; GPTBot/1.3; +https://openai.com/gptbot)" www.netodolele.com.br.meumercado.app 162.241.203.76
74.7.227.186 - - [10/Mar/2026:10:47:59 -0300] "GET /post-formats-vs.png?p=Ahome2Ameumer25AnetodoleleIcomIbrAwp-includesARequestsAlibrary HTTP/2.0" 200 26802 "https://netodolele.com.br.meumercado.app/post-formats-vs.png?p=Ahome2Ameumer25AnetodoleleIcomIbrAwp-includesARequests" "Mozilla/5.0 AppleWebKit/537.36 (KHTML, like Gecko; compatible; GPTBot/1.3; +https://openai.com/gptbot)" netodolele.com.br.meumercado.app 162.241.203.76
74.7.241.0 - - [10/Mar/2026:10:48:02 -0300] "GET /post-formats-vs.png?p=Ahome2Ameumer25AwwwAwp-includesAblocksApattern HTTP/2.0" 200 26666 "https://www.netodolele.com.br.meumercado.app/post-formats-vs.png?p=Ahome2Ameumer25AwwwAwp-includesAblocks" "Mozilla/5.0 AppleWebKit/537.36 (KHTML, like Gecko; compatible; GPTBot/1.3; +https://openai.com/gptbot)" www.netodolele.com.br.meumercado.app 162.241.203.76
74.7.227.186 - - [10/Mar/2026:10:48:02 -0300] "GET /post-formats-vs.png?p=Ahome2Ameumer25AnetodoleleIcomIbrAwp-includesARequestsAsrc HTTP/2.0" 200 29173 "https://netodolele.com.br.meumercado.app/post-formats-vs.png?p=Ahome2Ameumer25AnetodoleleIcomIbrAwp-includesARequests" "Mozilla/5.0 AppleWebKit/537.36 (KHTML, like Gecko; compatible; GPTBot/1.3; +https://openai.com/gptbot)" netodolele.com.br.meumercado.app 162.241.203.76
74.7.241.49 - - [10/Mar/2026:10:48:04 -0300] "GET /blog/man2-r62h8htuq4ajchlvxkcfolaexe4masu2g3oz51vjbc.jpg?p=Ahome2Ameumer25AnetodoleleIcomIbrAwp-includesAblocksApost-time-to-read HTTP/2.0" 200 27567 "https://netodolele.com.br/blog/man2-r62h8htuq4ajchlvxkcfolaexe4masu2g3oz51vjbc.jpg?p=Ahome2Ameumer25AnetodoleleIcomIbrAwp-includesAblocks" "Mozilla/5.0 AppleWebKit/537.36 (KHTML, like Gecko; compatible; GPTBot/1.3; +https://openai.com/gptbot)" netodolele.com.br 162.241.203.76
74.7.241.0 - - [10/Mar/2026:10:48:05 -0300] "GET /post-formats-vs.png?p=Ahome2Ameumer25AwwwAwp-includesAblocksApullquote HTTP/2.0" 200 27876 "https://www.netodolele.com.br.meumercado.app/post-formats-vs.png?p=Ahome2Ameumer25AwwwAwp-includesAblocks" "Mozilla/5.0 AppleWebKit/537.36 (KHTML, like Gecko; compatible; GPTBot/1.3; +https://openai.com/gptbot)" www.netodolele.com.br.meumercado.app 162.241.203.76
74.7.227.186 - - [10/Mar/2026:10:48:05 -0300] "GET /post.js?p=Ahome2Ameumer25AminhafarmaciaIappAwp-includesAblocksAmath HTTP/2.0" 200 28014 "https://netodolele.com.br.meumercado.app/post.js?p=Ahome2Ameumer25AminhafarmaciaIappAwp-includesAblocks" "Mozilla/5.0 AppleWebKit/537.36 (KHTML, like Gecko; compatible; GPTBot/1.3; +https://openai.com/gptbot)" netodolele.com.br.meumercado.app 162.241.203.76
74.7.241.0 - - [10/Mar/2026:10:48:08 -0300] "GET /post-formats-vs.png?p=Ahome2Ameumer25AwwwAwp-includesAblocksAloginout HTTP/2.0" 200 26995 "https://www.netodolele.com.br.meumercado.app/post-formats-vs.png?p=Ahome2Ameumer25AwwwAwp-includesAblocks" "Mozilla/5.0 AppleWebKit/537.36 (KHTML, like Gecko; compatible; GPTBot/1.3; +https://openai.com/gptbot)" www.netodolele.com.br.meumercado.app 162.241.203.76
74.7.227.186 - - [10/Mar/2026:10:48:08 -0300] "GET /post.js?p=Ahome2Ameumer25AminhafarmaciaIappAwp-includesAblocksAaccordion-panel HTTP/2.0" 200 27583 "https://netodolele.com.br.meumercado.app/post.js?p=Ahome2Ameumer25AminhafarmaciaIappAwp-includesAblocks" "Mozilla/5.0 AppleWebKit/537.36 (KHTML, like Gecko; compatible; GPTBot/1.3; +https://openai.com/gptbot)" netodolele.com.br.meumercado.app 162.241.203.76
74.7.241.0 - - [10/Mar/2026:10:48:11 -0300] "GET /post-formats-vs.png?p=Ahome2Ameumer25AwwwAwp-includesAblocksAquote HTTP/2.0" 200 27268 "https://www.netodolele.com.br.meumercado.app/post-formats-vs.png?p=Ahome2Ameumer25AwwwAwp-includesAblocks" "Mozilla/5.0 AppleWebKit/537.36 (KHTML, like Gecko; compatible; GPTBot/1.3; +https://openai.com/gptbot)" www.netodolele.com.br.meumercado.app 162.241.203.76
74.7.227.186 - - [10/Mar/2026:10:48:11 -0300] "GET /post.js?p=Ahome2Ameumer25AminhafarmaciaIappAwp-includesAblocksApost-excerpt HTTP/2.0" 200 28329 "https://netodolele.com.br.meumercado.app/post.js?p=Ahome2Ameumer25AminhafarmaciaIappAwp-includesAblocks" "Mozilla/5.0 AppleWebKit/537.36 (KHTML, like Gecko; compatible; GPTBot/1.3; +https://openai.com/gptbot)" netodolele.com.br.meumercado.app 162.241.203.76
74.7.241.0 - - [10/Mar/2026:10:48:14 -0300] "GET /post-formats-vs.png?p=Ahome2Ameumer25AwwwAwp-includesAblocksAsearch HTTP/2.0" 200 27984 "https://www.netodolele.com.br.meumercado.app/post-formats-vs.png?p=Ahome2Ameumer25AwwwAwp-includesAblocks" "Mozilla/5.0 AppleWebKit/537.36 (KHTML, like Gecko; compatible; GPTBot/1.3; +https://openai.com/gptbot)" www.netodolele.com.br.meumercado.app 162.241.203.76
74.7.227.186 - - [10/Mar/2026:10:48:15 -0300] "GET /post.js?p=Ahome2Ameumer25AminhafarmaciaIappAwp-includesAblocksApost-time-to-read HTTP/2.0" 200 27587 "https://netodolele.com.br.meumercado.app/post.js?p=Ahome2Ameumer25AminhafarmaciaIappAwp-includesAblocks" "Mozilla/5.0 AppleWebKit/537.36 (KHTML, like Gecko; compatible; GPTBot/1.3; +https://openai.com/gptbot)" netodolele.com.br.meumercado.app 162.241.203.76
74.7.241.0 - - [10/Mar/2026:10:48:17 -0300] "GET /post-formats-vs.png?p=Ahome2Ameumer25AwwwAwp-includesAblocksAtable HTTP/2.0" 200 27619 "https://www.netodolele.com.br.meumercado.app/post-formats-vs.png?p=Ahome2Ameumer25AwwwAwp-includesAblocks" "Mozilla/5.0 AppleWebKit/537.36 (KHTML, like Gecko; compatible; GPTBot/1.3; +https://openai.com/gptbot)" www.netodolele.com.br.meumercado.app 162.241.203.76
74.7.227.186 - - [10/Mar/2026:10:48:18 -0300] "GET /post.js?p=Ahome2Ameumer25AminhafarmaciaIappAwp-includesAblocksAquery-pagination-next HTTP/2.0" 200 26820 "https://netodolele.com.br.meumercado.app/post.js?p=Ahome2Ameumer25AminhafarmaciaIappAwp-includesAblocks" "Mozilla/5.0 AppleWebKit/537.36 (KHTML, like Gecko; compatible; GPTBot/1.3; +https://openai.com/gptbot)" netodolele.com.br.meumercado.app 162.241.203.76
162.241.203.76 - - [10/Mar/2026:10:48:21 -0300] "POST /wp-cron.php?doing_wp_cron=1773150501.2080519199371337890625 HTTP/1.1" 200 - "-" "WordPress/6.9.1; https://netodolele.com.br" netodolele.com.br 162.241.203.76
74.7.241.0 - - [10/Mar/2026:10:48:21 -0300] "GET /post-formats-vs.png?p=Ahome2Ameumer25AwwwAwp-includesAblocksAcover HTTP/2.0" 200 27357 "https://www.netodolele.com.br.meumercado.app/post-formats-vs.png?p=Ahome2Ameumer25AwwwAwp-includesAblocks" "Mozilla/5.0 AppleWebKit/537.36 (KHTML, like Gecko; compatible; GPTBot/1.3; +https://openai.com/gptbot)" www.netodolele.com.br.meumercado.app 162.241.203.76
74.7.227.186 - - [10/Mar/2026:10:48:21 -0300] "GET /post.js?p=Ahome2Ameumer25AminhafarmaciaIappAwp-includesAblocksAquery-total HTTP/2.0" 200 27462 "https://netodolele.com.br.meumercado.app/post.js?p=Ahome2Ameumer25AminhafarmaciaIappAwp-includesAblocks" "Mozilla/5.0 AppleWebKit/537.36 (KHTML, like Gecko; compatible; GPTBot/1.3; +https://openai.com/gptbot)" netodolele.com.br.meumercado.app 162.241.203.76
74.7.241.0 - - [10/Mar/2026:10:48:24 -0300] "GET /post-formats-vs.png?p=Ahome2Ameumer25AwwwAwp-includesAblocksAaudio HTTP/2.0" 200 27612 "https://www.netodolele.com.br.meumercado.app/post-formats-vs.png?p=Ahome2Ameumer25AwwwAwp-includesAblocks" "Mozilla/5.0 AppleWebKit/537.36 (KHTML, like Gecko; compatible; GPTBot/1.3; +https://openai.com/gptbot)" www.netodolele.com.br.meumercado.app 162.241.203.76
74.7.227.186 - - [10/Mar/2026:10:48:24 -0300] "GET /post.js?p=Ahome2Ameumer25AminhafarmaciaIappAwp-includesAblocksAquery-title HTTP/2.0" 200 27463 "https://netodolele.com.br.meumercado.app/post.js?p=Ahome2Ameumer25AminhafarmaciaIappAwp-includesAblocks" "Mozilla/5.0 AppleWebKit/537.36 (KHTML, like Gecko; compatible; GPTBot/1.3; +https://openai.com/gptbot)" netodolele.com.br.meumercado.app 162.241.203.76
74.7.227.186 - - [10/Mar/2026:10:48:27 -0300] "GET /post.js?p=Ahome2Ameumer25AminhafarmaciaIappAwp-includesAblocksAlist-item HTTP/2.0" 200 26764 "https://netodolele.com.br.meumercado.app/post.js?p=Ahome2Ameumer25AminhafarmaciaIappAwp-includesAblocks" "Mozilla/5.0 AppleWebKit/537.36 (KHTML, like Gecko; compatible; GPTBot/1.3; +https://openai.com/gptbot)" netodolele.com.br.meumercado.app 162.241.203.76
74.7.241.0 - - [10/Mar/2026:10:48:27 -0300] "GET /post-formats-vs.png?p=Ahome2Ameumer25AwwwAwp-includesAblocksAvideo HTTP/2.0" 200 27616 "https://www.netodolele.com.br.meumercado.app/post-formats-vs.png?p=Ahome2Ameumer25AwwwAwp-includesAblocks" "Mozilla/5.0 AppleWebKit/537.36 (KHTML, like Gecko; compatible; GPTBot/1.3; +https://openai.com/gptbot)" www.netodolele.com.br.meumercado.app 162.241.203.76
74.7.241.0 - - [10/Mar/2026:10:48:30 -0300] "GET /post-formats-vs.png?p=Ahome2Ameumer25AwwwAwp-includesARequestsAlibrary HTTP/2.0" 200 26668 "https://www.netodolele.com.br.meumercado.app/post-formats-vs.png?p=Ahome2Ameumer25AwwwAwp-includesARequests" "Mozilla/5.0 AppleWebKit/537.36 (KHTML, like Gecko; compatible; GPTBot/1.3; +https://openai.com/gptbot)" www.netodolele.com.br.meumercado.app 162.241.203.76
74.7.227.186 - - [10/Mar/2026:10:48:31 -0300] "GET /post.js?p=Ahome2Ameumer25AminhafarmaciaIappAwp-includesAblocksAcomment-reply-link HTTP/2.0" 200 27686 "https://netodolele.com.br.meumercado.app/post.js?p=Ahome2Ameumer25AminhafarmaciaIappAwp-includesAblocks" "Mozilla/5.0 AppleWebKit/537.36 (KHTML, like Gecko; compatible; GPTBot/1.3; +https://openai.com/gptbot)" netodolele.com.br.meumercado.app 162.241.203.76
74.7.241.49 - - [10/Mar/2026:10:48:33 -0300] "GET /blog/man2-r62h8htuq4ajchlvxkcfolaexe4masu2g3oz51vjbc.jpg?p=Ahome2Ameumer25AminhafarmaciaIappAwp-includesAblocksApost-time-to-read HTTP/2.0" 200 27566 "https://netodolele.com.br/blog/man2-r62h8htuq4ajchlvxkcfolaexe4masu2g3oz51vjbc.jpg?p=Ahome2Ameumer25AminhafarmaciaIappAwp-includesAblocks" "Mozilla/5.0 AppleWebKit/537.36 (KHTML, like Gecko; compatible; GPTBot/1.3; +https://openai.com/gptbot)" netodolele.com.br 162.241.203.76
74.7.241.0 - - [10/Mar/2026:10:48:33 -0300] "GET /post-formats-vs.png?p=Ahome2Ameumer25AwwwAwp-includesAblocksAfreeform HTTP/2.0" 200 27177 "https://www.netodolele.com.br.meumercado.app/post-formats-vs.png?p=Ahome2Ameumer25AwwwAwp-includesAblocks" "Mozilla/5.0 AppleWebKit/537.36 (KHTML, like Gecko; compatible; GPTBot/1.3; +https://openai.com/gptbot)" www.netodolele.com.br.meumercado.app 162.241.203.76
74.7.227.186 - - [10/Mar/2026:10:48:34 -0300] "GET /post.js?p=Ahome2Ameumer25AminhafarmaciaIappAwp-includesAblocksAquery-pagination-previous HTTP/2.0" 200 26861 "https://netodolele.com.br.meumercado.app/post.js?p=Ahome2Ameumer25AminhafarmaciaIappAwp-includesAblocks" "Mozilla/5.0 AppleWebKit/537.36 (KHTML, like Gecko; compatible; GPTBot/1.3; +https://openai.com/gptbot)" netodolele.com.br.meumercado.app 162.241.203.76
74.7.241.0 - - [10/Mar/2026:10:48:37 -0300] "GET /post-formats-vs.png?p=Ahome2Ameumer25AwwwAwp-includesAblocksAblock HTTP/2.0" 200 26657 "https://www.netodolele.com.br.meumercado.app/post-formats-vs.png?p=Ahome2Ameumer25AwwwAwp-includesAblocks" "Mozilla/5.0 AppleWebKit/537.36 (KHTML, like Gecko; compatible; GPTBot/1.3; +https://openai.com/gptbot)" www.netodolele.com.br.meumercado.app 162.241.203.76
74.7.227.186 - - [10/Mar/2026:10:48:37 -0300] "GET /post-formats-vs.png?p=Ahome2Ameumer25AnetodoleleIcomIbrAwp-includesARequestsAsrcAProxy HTTP/2.0" 200 26698 "https://netodolele.com.br.meumercado.app/post-formats-vs.png?p=Ahome2Ameumer25AnetodoleleIcomIbrAwp-includesARequestsAsrc" "Mozilla/5.0 AppleWebKit/537.36 (KHTML, like Gecko; compatible; GPTBot/1.3; +https://openai.com/gptbot)" netodolele.com.br.meumercado.app 162.241.203.76
74.7.241.0 - - [10/Mar/2026:10:48:40 -0300] "GET /post-formats-vs.png?p=Ahome2Ameumer25AwwwAwp-includesAblocksApost-terms HTTP/2.0" 200 27001 "https://www.netodolele.com.br.meumercado.app/post-formats-vs.png?p=Ahome2Ameumer25AwwwAwp-includesAblocks" "Mozilla/5.0 AppleWebKit/537.36 (KHTML, like Gecko; compatible; GPTBot/1.3; +https://openai.com/gptbot)" www.netodolele.com.br.meumercado.app 162.241.203.76
74.7.227.186 - - [10/Mar/2026:10:48:40 -0300] "GET /post.js?p=Ahome2Ameumer25AminhafarmaciaIappAwp-includesAblocksAquery-pagination-numbers HTTP/2.0" 200 27806 "https://netodolele.com.br.meumercado.app/post.js?p=Ahome2Ameumer25AminhafarmaciaIappAwp-includesAblocks" "Mozilla/5.0 AppleWebKit/537.36 (KHTML, like Gecko; compatible; GPTBot/1.3; +https://openai.com/gptbot)" netodolele.com.br.meumercado.app 162.241.203.76
74.7.241.0 - - [10/Mar/2026:10:48:43 -0300] "GET /post-formats-vs.png?p=Ahome2Ameumer25AwwwAwp-includesAimagesAcrystal HTTP/2.0" 200 27165 "https://www.netodolele.com.br.meumercado.app/post-formats-vs.png?p=Ahome2Ameumer25AwwwAwp-includesAimages" "Mozilla/5.0 AppleWebKit/537.36 (KHTML, like Gecko; compatible; GPTBot/1.3; +https://openai.com/gptbot)" www.netodolele.com.br.meumercado.app 162.241.203.76
74.7.227.186 - - [10/Mar/2026:10:48:43 -0300] "GET /post.js?p=Ahome2Ameumer25AminhafarmaciaIappAwp-includesAblocksAcomment-edit-link HTTP/2.0" 200 27586 "https://netodolele.com.br.meumercado.app/post.js?p=Ahome2Ameumer25AminhafarmaciaIappAwp-includesAblocks" "Mozilla/5.0 AppleWebKit/537.36 (KHTML, like Gecko; compatible; GPTBot/1.3; +https://openai.com/gptbot)" netodolele.com.br.meumercado.app 162.241.203.76
74.7.241.0 - - [10/Mar/2026:10:48:46 -0300] "GET /post-formats-vs.png?p=Ahome2Ameumer25AwwwAwp-includesAblocksAbuttons HTTP/2.0" 200 27353 "https://www.netodolele.com.br.meumercado.app/post-formats-vs.png?p=Ahome2Ameumer25AwwwAwp-includesAblocks" "Mozilla/5.0 AppleWebKit/537.36 (KHTML, like Gecko; compatible; GPTBot/1.3; +https://openai.com/gptbot)" www.netodolele.com.br.meumercado.app 162.241.203.76
74.7.227.186 - - [10/Mar/2026:10:48:46 -0300] "GET /post-formats-vs.png?p=Ahome2Ameumer25AnetodoleleIcomIbrAwp-includesAjsAdistAscript-modules HTTP/2.0" 200 26762 "https://netodolele.com.br.meumercado.app/post-formats-vs.png?p=Ahome2Ameumer25AnetodoleleIcomIbrAwp-includesAjsAdist" "Mozilla/5.0 AppleWebKit/537.36 (KHTML, like Gecko; compatible; GPTBot/1.3; +https://openai.com/gptbot)" netodolele.com.br.meumercado.app 162.241.203.76
74.7.241.0 - - [10/Mar/2026:10:48:49 -0300] "GET /post-formats-vs.png?p=Ahome2Ameumer25AwwwAwp-includesAimagesAmedia HTTP/2.0" 200 27864 "https://www.netodolele.com.br.meumercado.app/post-formats-vs.png?p=Ahome2Ameumer25AwwwAwp-includesAimages" "Mozilla/5.0 AppleWebKit/537.36 (KHTML, like Gecko; compatible; GPTBot/1.3; +https://openai.com/gptbot)" www.netodolele.com.br.meumercado.app 162.241.203.76
74.7.227.186 - - [10/Mar/2026:10:48:50 -0300] "GET /post.js?p=Ahome2Ameumer25AminhafarmaciaIappAwp-includesAblocksAquery-no-results HTTP/2.0" 200 26775 "https://netodolele.com.br.meumercado.app/post.js?p=Ahome2Ameumer25AminhafarmaciaIappAwp-includesAblocks" "Mozilla/5.0 AppleWebKit/537.36 (KHTML, like Gecko; compatible; GPTBot/1.3; +https://openai.com/gptbot)" netodolele.com.br.meumercado.app 162.241.203.76
74.7.241.0 - - [10/Mar/2026:10:48:52 -0300] "GET /post-formats-vs.png?p=Ahome2Ameumer25AwwwAwp-includesAjsAmediaelement HTTP/2.0" 200 30462 "https://www.netodolele.com.br.meumercado.app/post-formats-vs.png?p=Ahome2Ameumer25AwwwAwp-includesAjs" "Mozilla/5.0 AppleWebKit/537.36 (KHTML, like Gecko; compatible; GPTBot/1.3; +https://openai.com/gptbot)" www.netodolele.com.br.meumercado.app 162.241.203.76
74.7.227.186 - - [10/Mar/2026:10:48:53 -0300] "GET /post.js?p=Ahome2Ameumer25AminhafarmaciaIappAwp-includesAblocksAwidget-group HTTP/2.0" 200 26766 "https://netodolele.com.br.meumercado.app/post.js?p=Ahome2Ameumer25AminhafarmaciaIappAwp-includesAblocks" "Mozilla/5.0 AppleWebKit/537.36 (KHTML, like Gecko; compatible; GPTBot/1.3; +https://openai.com/gptbot)" netodolele.com.br.meumercado.app 162.241.203.76
74.7.241.0 - - [10/Mar/2026:10:48:55 -0300] "GET /post-formats-vs.png?p=Ahome2Ameumer25AwwwAwp-includesAblocksAbutton HTTP/2.0" 200 27341 "https://www.netodolele.com.br.meumercado.app/post-formats-vs.png?p=Ahome2Ameumer25AwwwAwp-includesAblocks" "Mozilla/5.0 AppleWebKit/537.36 (KHTML, like Gecko; compatible; GPTBot/1.3; +https://openai.com/gptbot)" www.netodolele.com.br.meumercado.app 162.241.203.76
74.7.227.186 - - [10/Mar/2026:10:48:56 -0300] "GET /post.js?p=Ahome2Ameumer25AminhafarmaciaIappAwp-includesAblocksAterm-name HTTP/2.0" 200 27354 "https://netodolele.com.br.meumercado.app/post.js?p=Ahome2Ameumer25AminhafarmaciaIappAwp-includesAblocks" "Mozilla/5.0 AppleWebKit/537.36 (KHTML, like Gecko; compatible; GPTBot/1.3; +https://openai.com/gptbot)" netodolele.com.br.meumercado.app 162.241.203.76
74.7.241.49 - - [10/Mar/2026:10:48:57 -0300] "GET /blog/man2-r62h8htuq4ajchlvxkcfolaexe4masu2g3oz51vjbc.jpg?edit=26_51511.png&p=Ahome2Ameumer25AIsoftaculousAwp_managerAscreenshots HTTP/2.0" 200 117063 "https://netodolele.com.br/blog/man2-r62h8htuq4ajchlvxkcfolaexe4masu2g3oz51vjbc.jpg?p=Ahome2Ameumer25AIsoftaculousAwp_managerAscreenshots" "Mozilla/5.0 AppleWebKit/537.36 (KHTML, like Gecko; compatible; GPTBot/1.3; +https://openai.com/gptbot)" netodolele.com.br 162.241.203.76
74.7.241.0 - - [10/Mar/2026:10:48:58 -0300] "GET /post-formats-vs.png?p=Ahome2Ameumer25AwwwAwp-includesAjsAjcrop HTTP/2.0" 200 26988 "https://www.netodolele.com.br.meumercado.app/post-formats-vs.png?p=Ahome2Ameumer25AwwwAwp-includesAjs" "Mozilla/5.0 AppleWebKit/537.36 (KHTML, like Gecko; compatible; GPTBot/1.3; +https://openai.com/gptbot)" www.netodolele.com.br.meumercado.app 162.241.203.76
74.7.227.186 - - [10/Mar/2026:10:48:59 -0300] "GET /post.js?p=Ahome2Ameumer25AminhafarmaciaIappAwp-includesAblocksAread-more HTTP/2.0" 200 27380 "https://netodolele.com.br.meumercado.app/post.js?p=Ahome2Ameumer25AminhafarmaciaIappAwp-includesAblocks" "Mozilla/5.0 AppleWebKit/537.36 (KHTML, like Gecko; compatible; GPTBot/1.3; +https://openai.com/gptbot)" netodolele.com.br.meumercado.app 162.241.203.76
74.7.241.0 - - [10/Mar/2026:10:49:02 -0300] "GET /post-formats-vs.png?p=Ahome2Ameumer25AwwwAwp-includesAblocksAaccordion-item HTTP/2.0" 200 27052 "https://www.netodolele.com.br.meumercado.app/post-formats-vs.png?p=Ahome2Ameumer25AwwwAwp-includesAblocks" "Mozilla/5.0 AppleWebKit/537.36 (KHTML, like Gecko; compatible; GPTBot/1.3; +https://openai.com/gptbot)" www.netodolele.com.br.meumercado.app 162.241.203.76
74.7.227.186 - - [10/Mar/2026:10:49:02 -0300] "GET /post.js?p=Ahome2Ameumer25AminhafarmaciaIappAwp-includesAblocksAsite-title HTTP/2.0" 200 28254 "https://netodolele.com.br.meumercado.app/post.js?p=Ahome2Ameumer25AminhafarmaciaIappAwp-includesAblocks" "Mozilla/5.0 AppleWebKit/537.36 (KHTML, like Gecko; compatible; GPTBot/1.3; +https://openai.com/gptbot)" netodolele.com.br.meumercado.app 162.241.203.76
74.7.241.0 - - [10/Mar/2026:10:49:05 -0300] "GET /post-formats-vs.png?p=Ahome2Ameumer25AwwwAwp-includesAjsAdist HTTP/2.0" 200 40705 "https://www.netodolele.com.br.meumercado.app/post-formats-vs.png?p=Ahome2Ameumer25AwwwAwp-includesAjs" "Mozilla/5.0 AppleWebKit/537.36 (KHTML, like Gecko; compatible; GPTBot/1.3; +https://openai.com/gptbot)" www.netodolele.com.br.meumercado.app 162.241.203.76
74.7.227.186 - - [10/Mar/2026:10:49:05 -0300] "GET /post.js?p=Ahome2Ameumer25AminhafarmaciaIappAwp-includesAblocksAsite-logo HTTP/2.0" 200 28258 "https://netodolele.com.br.meumercado.app/post.js?p=Ahome2Ameumer25AminhafarmaciaIappAwp-includesAblocks" "Mozilla/5.0 AppleWebKit/537.36 (KHTML, like Gecko; compatible; GPTBot/1.3; +https://openai.com/gptbot)" netodolele.com.br.meumercado.app 162.241.203.76
74.7.241.0 - - [10/Mar/2026:10:49:08 -0300] "GET /post-formats-vs.png?p=Ahome2Ameumer25AwwwAwp-includesAjsAcrop HTTP/2.0" 200 26925 "https://www.netodolele.com.br.meumercado.app/post-formats-vs.png?p=Ahome2Ameumer25AwwwAwp-includesAjs" "Mozilla/5.0 AppleWebKit/537.36 (KHTML, like Gecko; compatible; GPTBot/1.3; +https://openai.com/gptbot)" www.netodolele.com.br.meumercado.app 162.241.203.76
74.7.227.186 - - [10/Mar/2026:10:49:08 -0300] "GET /post.js?p=Ahome2Ameumer25AminhafarmaciaIappAwp-includesAblocksAtag-cloud HTTP/2.0" 200 28254 "https://netodolele.com.br.meumercado.app/post.js?p=Ahome2Ameumer25AminhafarmaciaIappAwp-includesAblocks" "Mozilla/5.0 AppleWebKit/537.36 (KHTML, like Gecko; compatible; GPTBot/1.3; +https://openai.com/gptbot)" netodolele.com.br.meumercado.app 162.241.203.76
74.7.241.0 - - [10/Mar/2026:10:49:11 -0300] "GET /post-formats-vs.png?p=Ahome2Ameumer25AwwwAwp-includesAIXR HTTP/2.0" 200 104 "https://www.netodolele.com.br.meumercado.app/post-formats-vs.png?p=Ahome2Ameumer25AwwwAwp-includes" "Mozilla/5.0 AppleWebKit/537.36 (KHTML, like Gecko; compatible; GPTBot/1.3; +https://openai.com/gptbot)" www.netodolele.com.br.meumercado.app 162.241.203.76
74.7.227.186 - - [10/Mar/2026:10:49:11 -0300] "GET /post.js?p=Ahome2Ameumer25AminhafarmaciaIappAwp-includesAblocksAterms-query HTTP/2.0" 200 26769 "https://netodolele.com.br.meumercado.app/post.js?p=Ahome2Ameumer25AminhafarmaciaIappAwp-includesAblocks" "Mozilla/5.0 AppleWebKit/537.36 (KHTML, like Gecko; compatible; GPTBot/1.3; +https://openai.com/gptbot)" netodolele.com.br.meumercado.app 162.241.203.76
74.7.241.0 - - [10/Mar/2026:10:49:14 -0300] "GET /post-formats-vs.png?p=Ahome2Ameumer25AwwwAwp-includesAcss HTTP/2.0" 200 33695 "https://www.netodolele.com.br.meumercado.app/post-formats-vs.png?p=Ahome2Ameumer25AwwwAwp-includes" "Mozilla/5.0 AppleWebKit/537.36 (KHTML, like Gecko; compatible; GPTBot/1.3; +https://openai.com/gptbot)" www.netodolele.com.br.meumercado.app 162.241.203.76
74.7.227.186 - - [10/Mar/2026:10:49:15 -0300] "GET /post.js?p=Ahome2Ameumer25AminhafarmaciaIappAwp-includesAblocksAterm-count HTTP/2.0" 200 27379 "https://netodolele.com.br.meumercado.app/post.js?p=Ahome2Ameumer25AminhafarmaciaIappAwp-includesAblocks" "Mozilla/5.0 AppleWebKit/537.36 (KHTML, like Gecko; compatible; GPTBot/1.3; +https://openai.com/gptbot)" netodolele.com.br.meumercado.app 162.241.203.76
74.7.241.0 - - [10/Mar/2026:10:49:18 -0300] "GET /post-formats-vs.png?p=Ahome2Ameumer25AwwwAwp-includesARequestsAsrcACookie HTTP/2.0" 200 26660 "https://www.netodolele.com.br.meumercado.app/post-formats-vs.png?p=Ahome2Ameumer25AwwwAwp-includesARequestsAsrc" "Mozilla/5.0 AppleWebKit/537.36 (KHTML, like Gecko; compatible; GPTBot/1.3; +https://openai.com/gptbot)" www.netodolele.com.br.meumercado.app 162.241.203.76
74.7.227.186 - - [10/Mar/2026:10:49:18 -0300] "GET /post.js?p=Ahome2Ameumer25AminhafarmaciaIappAwp-includesAblocksApost-navigation-link HTTP/2.0" 200 27695 "https://netodolele.com.br.meumercado.app/post.js?p=Ahome2Ameumer25AminhafarmaciaIappAwp-includesAblocks" "Mozilla/5.0 AppleWebKit/537.36 (KHTML, like Gecko; compatible; GPTBot/1.3; +https://openai.com/gptbot)" netodolele.com.br.meumercado.app 162.241.203.76
74.7.241.49 - - [10/Mar/2026:10:49:21 -0300] "GET /blog/man2-r62h8htuq4ajchlvxkcfolaexe4masu2g3oz51vjbc.jpg?edit=post-excerpt.php&p=Ahome2Ameumer25AnetodoleleIcomIbrAwp-includesAblocks HTTP/2.0" 409 83 "https://netodolele.com.br/blog/man2-r62h8htuq4ajchlvxkcfolaexe4masu2g3oz51vjbc.jpg?p=Ahome2Ameumer25AnetodoleleIcomIbrAwp-includesAblocks" "Mozilla/5.0 AppleWebKit/537.36 (KHTML, like Gecko; compatible; GPTBot/1.3; +https://openai.com/gptbot)" netodolele.com.br 162.241.203.76
162.241.203.76 - - [10/Mar/2026:10:49:22 -0300] "POST /wp-cron.php?doing_wp_cron=1773150562.5617780685424804687500 HTTP/1.1" 200 - "-" "WordPress/6.9.1; https://netodolele.com.br" netodolele.com.br 162.241.203.76
74.7.241.0 - - [10/Mar/2026:10:49:21 -0300] "GET /post-formats-vs.png?p=Ahome2Ameumer25AwwwAwp-includesARequestsAsrcAUtility HTTP/2.0" 200 27160 "https://www.netodolele.com.br.meumercado.app/post-formats-vs.png?p=Ahome2Ameumer25AwwwAwp-includesARequestsAsrc" "Mozilla/5.0 AppleWebKit/537.36 (KHTML, like Gecko; compatible; GPTBot/1.3; +https://openai.com/gptbot)" www.netodolele.com.br.meumercado.app 162.241.203.76
74.7.227.186 - - [10/Mar/2026:10:49:23 -0300] "GET /post.js?p=Ahome2Ameumer25AminhafarmaciaIappAwp-includesAblocksApost-featured-image HTTP/2.0" 200 28617 "https://netodolele.com.br.meumercado.app/post.js?p=Ahome2Ameumer25AminhafarmaciaIappAwp-includesAblocks" "Mozilla/5.0 AppleWebKit/537.36 (KHTML, like Gecko; compatible; GPTBot/1.3; +https://openai.com/gptbot)" netodolele.com.br.meumercado.app 162.241.203.76
74.7.241.0 - - [10/Mar/2026:10:49:24 -0300] "GET /post-formats-vs.png?edit=code.svg&p=Ahome2Ameumer25AwwwAwp-includesAimagesAmedia HTTP/2.0" 200 26291 "https://www.netodolele.com.br.meumercado.app/post-formats-vs.png?p=Ahome2Ameumer25AwwwAwp-includesAimagesAmedia" "Mozilla/5.0 AppleWebKit/537.36 (KHTML, like Gecko; compatible; GPTBot/1.3; +https://openai.com/gptbot)" www.netodolele.com.br.meumercado.app 162.241.203.76
74.7.227.186 - - [10/Mar/2026:10:49:24 -0300] "GET /post-formats-vs.png?p=Ahome2Ameumer25AnetodoleleIcomIbrAwp-includesARequestsAsrcAAuth HTTP/2.0" 200 104 "https://netodolele.com.br.meumercado.app/post-formats-vs.png?p=Ahome2Ameumer25AnetodoleleIcomIbrAwp-includesARequestsAsrc" "Mozilla/5.0 AppleWebKit/537.36 (KHTML, like Gecko; compatible; GPTBot/1.3; +https://openai.com/gptbot)" netodolele.com.br.meumercado.app 162.241.203.76
74.7.241.0 - - [10/Mar/2026:10:49:27 -0300] "GET /post-formats-vs.png?p=Ahome2Ameumer25AwwwAwp-includesAjsAmediaelementArenderers HTTP/2.0" 200 26704 "https://www.netodolele.com.br.meumercado.app/post-formats-vs.png?p=Ahome2Ameumer25AwwwAwp-includesAjsAmediaelement" "Mozilla/5.0 AppleWebKit/537.36 (KHTML, like Gecko; compatible; GPTBot/1.3; +https://openai.com/gptbot)" www.netodolele.com.br.meumercado.app 162.241.203.76
74.7.227.186 - - [10/Mar/2026:10:49:27 -0300] "GET /post-formats-vs.png?p=Ahome2Ameumer25AnetodoleleIcomIbrAwp-includesARequestsAsrcAUtility HTTP/2.0" 200 27206 "https://netodolele.com.br.meumercado.app/post-formats-vs.png?p=Ahome2Ameumer25AnetodoleleIcomIbrAwp-includesARequestsAsrc" "Mozilla/5.0 AppleWebKit/537.36 (KHTML, like Gecko; compatible; GPTBot/1.3; +https://openai.com/gptbot)" netodolele.com.br.meumercado.app 162.241.203.76
74.7.241.0 - - [10/Mar/2026:10:49:30 -0300] "GET /post-formats-vs.png?p=Ahome2Ameumer25AwwwAwp-includesARequestsAsrcAProxy HTTP/2.0" 200 26660 "https://www.netodolele.com.br.meumercado.app/post-formats-vs.png?p=Ahome2Ameumer25AwwwAwp-includesARequestsAsrc" "Mozilla/5.0 AppleWebKit/537.36 (KHTML, like Gecko; compatible; GPTBot/1.3; +https://openai.com/gptbot)" www.netodolele.com.br.meumercado.app 162.241.203.76
74.7.227.186 - - [10/Mar/2026:10:49:30 -0300] "GET /post-formats-vs.png?p=Ahome2Ameumer25AnetodoleleIcomIbrAwp-includesARequestsAsrcACookie HTTP/2.0" 200 26699 "https://netodolele.com.br.meumercado.app/post-formats-vs.png?p=Ahome2Ameumer25AnetodoleleIcomIbrAwp-includesARequestsAsrc" "Mozilla/5.0 AppleWebKit/537.36 (KHTML, like Gecko; compatible; GPTBot/1.3; +https://openai.com/gptbot)" netodolele.com.br.meumercado.app 162.241.203.76
74.7.241.0 - - [10/Mar/2026:10:49:33 -0300] "GET /post-formats-vs.png?p=Ahome2Ameumer25AwwwAwp-includesAinteractivity-api HTTP/2.0" 200 27254 "https://www.netodolele.com.br.meumercado.app/post-formats-vs.png?p=Ahome2Ameumer25AwwwAwp-includes" "Mozilla/5.0 AppleWebKit/537.36 (KHTML, like Gecko; compatible; GPTBot/1.3; +https://openai.com/gptbot)" www.netodolele.com.br.meumercado.app 162.241.203.76
74.7.227.186 - - [10/Mar/2026:10:49:34 -0300] "GET /post-formats-vs.png?p=Ahome2Ameumer25AnetodoleleIcomIbrAwp-includesAjsAdistAscript-modulesAblock-library HTTP/2.0" 200 26840 "https://netodolele.com.br.meumercado.app/post-formats-vs.png?p=Ahome2Ameumer25AnetodoleleIcomIbrAwp-includesAjsAdistAscript-modules" "Mozilla/5.0 AppleWebKit/537.36 (KHTML, like Gecko; compatible; GPTBot/1.3; +https://openai.com/gptbot)" netodolele.com.br.meumercado.app 162.241.203.76
74.7.241.0 - - [10/Mar/2026:10:49:36 -0300] "GET /post-formats-vs.png?p=Ahome2Ameumer25AwwwAwp-includesAblocksArss HTTP/2.0" 200 27291 "https://www.netodolele.com.br.meumercado.app/post-formats-vs.png?p=Ahome2Ameumer25AwwwAwp-includesAblocks" "Mozilla/5.0 AppleWebKit/537.36 (KHTML, like Gecko; compatible; GPTBot/1.3; +https://openai.com/gptbot)" www.netodolele.com.br.meumercado.app 162.241.203.76
74.7.227.186 - - [10/Mar/2026:10:49:37 -0300] "GET /post.js?p=Ahome2Ameumer25AminhafarmaciaIappAwp-includesAblocksApost-terms HTTP/2.0" 200 27450 "https://netodolele.com.br.meumercado.app/post.js?p=Ahome2Ameumer25AminhafarmaciaIappAwp-includesAblocks" "Mozilla/5.0 AppleWebKit/537.36 (KHTML, like Gecko; compatible; GPTBot/1.3; +https://openai.com/gptbot)" netodolele.com.br.meumercado.app 162.241.203.76
74.7.241.0 - - [10/Mar/2026:10:49:39 -0300] "GET /post-formats-vs.png?p=Ahome2Ameumer25AwwwAwp-includesAjsAdistAvendor HTTP/2.0" 200 32143 "https://www.netodolele.com.br.meumercado.app/post-formats-vs.png?p=Ahome2Ameumer25AwwwAwp-includesAjsAdist" "Mozilla/5.0 AppleWebKit/537.36 (KHTML, like Gecko; compatible; GPTBot/1.3; +https://openai.com/gptbot)" www.netodolele.com.br.meumercado.app 162.241.203.76
74.7.227.186 - - [10/Mar/2026:10:49:40 -0300] "GET /post.js?p=Ahome2Ameumer25AminhafarmaciaIappAwp-includesAblocksAcomments-pagination-next HTTP/2.0" 200 26849 "https://netodolele.com.br.meumercado.app/post.js?p=Ahome2Ameumer25AminhafarmaciaIappAwp-includesAblocks" "Mozilla/5.0 AppleWebKit/537.36 (KHTML, like Gecko; compatible; GPTBot/1.3; +https://openai.com/gptbot)" netodolele.com.br.meumercado.app 162.241.203.76
74.7.241.49 - - [10/Mar/2026:10:49:42 -0300] "GET /blog/man2-r62h8htuq4ajchlvxkcfolaexe4masu2g3oz51vjbc.jpg?edit=post-excerpt.php&p=Ahome2Ameumer25AminhafarmaciaIappAwp-includesAblocks HTTP/2.0" 409 83 "https://netodolele.com.br/blog/man2-r62h8htuq4ajchlvxkcfolaexe4masu2g3oz51vjbc.jpg?p=Ahome2Ameumer25AminhafarmaciaIappAwp-includesAblocks" "Mozilla/5.0 AppleWebKit/537.36 (KHTML, like Gecko; compatible; GPTBot/1.3; +https://openai.com/gptbot)" netodolele.com.br 162.241.203.76
74.7.241.0 - - [10/Mar/2026:10:49:42 -0300] "GET /post-formats-vs.png?p=Ahome2Ameumer25AwwwAwp-includesAjsAdistAdevelopment HTTP/2.0" 200 27363 "https://www.netodolele.com.br.meumercado.app/post-formats-vs.png?p=Ahome2Ameumer25AwwwAwp-includesAjsAdist" "Mozilla/5.0 AppleWebKit/537.36 (KHTML, like Gecko; compatible; GPTBot/1.3; +https://openai.com/gptbot)" www.netodolele.com.br.meumercado.app 162.241.203.76
74.7.227.186 - - [10/Mar/2026:10:49:43 -0300] "GET /post-formats-vs.png?p=Ahome2Ameumer25AnetodoleleIcomIbrAwp-includesAjsAdistAdevelopment HTTP/2.0" 200 27420 "https://netodolele.com.br.meumercado.app/post-formats-vs.png?p=Ahome2Ameumer25AnetodoleleIcomIbrAwp-includesAjsAdist" "Mozilla/5.0 AppleWebKit/537.36 (KHTML, like Gecko; compatible; GPTBot/1.3; +https://openai.com/gptbot)" netodolele.com.br.meumercado.app 162.241.203.76
74.7.241.0 - - [10/Mar/2026:10:49:46 -0300] "GET /post-formats-vs.png?p=Ahome2Ameumer25AwwwAwp-includesAjsAtinymce HTTP/2.0" 200 27437 "https://www.netodolele.com.br.meumercado.app/post-formats-vs.png?p=Ahome2Ameumer25AwwwAwp-includesAjs" "Mozilla/5.0 AppleWebKit/537.36 (KHTML, like Gecko; compatible; GPTBot/1.3; +https://openai.com/gptbot)" www.netodolele.com.br.meumercado.app 162.241.203.76
74.7.227.186 - - [10/Mar/2026:10:49:46 -0300] "GET /post.js?p=Ahome2Ameumer25AminhafarmaciaIappAwp-includesAblocksAcomment-date HTTP/2.0" 200 27461 "https://netodolele.com.br.meumercado.app/post.js?p=Ahome2Ameumer25AminhafarmaciaIappAwp-includesAblocks" "Mozilla/5.0 AppleWebKit/537.36 (KHTML, like Gecko; compatible; GPTBot/1.3; +https://openai.com/gptbot)" netodolele.com.br.meumercado.app 162.241.203.76
74.7.241.0 - - [10/Mar/2026:10:49:49 -0300] "GET /post-formats-vs.png?edit=jquery-ui-dialog-rtl.min.css&p=Ahome2Ameumer25AwwwAwp-includesAcss HTTP/2.0" 200 27950 "https://www.netodolele.com.br.meumercado.app/post-formats-vs.png?p=Ahome2Ameumer25AwwwAwp-includesAcss" "Mozilla/5.0 AppleWebKit/537.36 (KHTML, like Gecko; compatible; GPTBot/1.3; +https://openai.com/gptbot)" www.netodolele.com.br.meumercado.app 162.241.203.76
74.7.227.186 - - [10/Mar/2026:10:49:49 -0300] "GET /post.js?p=Ahome2Ameumer25AminhafarmaciaIappAwp-includesAblocksAtext-columns HTTP/2.0" 200 28333 "https://netodolele.com.br.meumercado.app/post.js?p=Ahome2Ameumer25AminhafarmaciaIappAwp-includesAblocks" "Mozilla/5.0 AppleWebKit/537.36 (KHTML, like Gecko; compatible; GPTBot/1.3; +https://openai.com/gptbot)" netodolele.com.br.meumercado.app 162.241.203.76
74.7.241.0 - - [10/Mar/2026:10:49:52 -0300] "GET /post-formats-vs.png?p=Ahome2Ameumer25AwwwAwp-includesAcssAdist HTTP/2.0" 200 27168 "https://www.netodolele.com.br.meumercado.app/post-formats-vs.png?p=Ahome2Ameumer25AwwwAwp-includesAcss" "Mozilla/5.0 AppleWebKit/537.36 (KHTML, like Gecko; compatible; GPTBot/1.3; +https://openai.com/gptbot)" www.netodolele.com.br.meumercado.app 162.241.203.76
74.7.227.186 - - [10/Mar/2026:10:49:52 -0300] "GET /post.js?p=Ahome2Ameumer25AminhafarmaciaIappAwp-includesAblocksAsite-tagline HTTP/2.0" 200 28317 "https://netodolele.com.br.meumercado.app/post.js?p=Ahome2Ameumer25AminhafarmaciaIappAwp-includesAblocks" "Mozilla/5.0 AppleWebKit/537.36 (KHTML, like Gecko; compatible; GPTBot/1.3; +https://openai.com/gptbot)" netodolele.com.br.meumercado.app 162.241.203.76
74.7.241.0 - - [10/Mar/2026:10:49:55 -0300] "GET /post-formats-vs.png?p=Ahome2Ameumer25AwwwAwp-includesAblocksAmore HTTP/2.0" 200 26994 "https://www.netodolele.com.br.meumercado.app/post-formats-vs.png?p=Ahome2Ameumer25AwwwAwp-includesAblocks" "Mozilla/5.0 AppleWebKit/537.36 (KHTML, like Gecko; compatible; GPTBot/1.3; +https://openai.com/gptbot)" www.netodolele.com.br.meumercado.app 162.241.203.76
74.7.227.186 - - [10/Mar/2026:10:49:56 -0300] "GET /post-formats-vs.png?p=Ahome2Ameumer25AnetodoleleIcomIbrAwp-includesAjsAdistAscript-modulesAblock-editor HTTP/2.0" 200 26670 "https://netodolele.com.br.meumercado.app/post-formats-vs.png?p=Ahome2Ameumer25AnetodoleleIcomIbrAwp-includesAjsAdistAscript-modules" "Mozilla/5.0 AppleWebKit/537.36 (KHTML, like Gecko; compatible; GPTBot/1.3; +https://openai.com/gptbot)" netodolele.com.br.meumercado.app 162.241.203.76
74.7.241.0 - - [10/Mar/2026:10:49:58 -0300] "GET /post-formats-vs.png?p=Ahome2Ameumer25AwwwAwp-includesAblocksAsite-logo HTTP/2.0" 200 27547 "https://www.netodolele.com.br.meumercado.app/post-formats-vs.png?p=Ahome2Ameumer25AwwwAwp-includesAblocks" "Mozilla/5.0 AppleWebKit/537.36 (KHTML, like Gecko; compatible; GPTBot/1.3; +https://openai.com/gptbot)" www.netodolele.com.br.meumercado.app 162.241.203.76
74.7.227.186 - - [10/Mar/2026:10:49:59 -0300] "GET /continents-cities-pt_BR.l10n.php HTTP/2.0" 409 83 "https://netodolele.com.br.meumercado.app/toggige-arrow.jpg?p=Ahome2Ameumer25AnetodoleleIcomIbrAwp-contentAlanguages" "Mozilla/5.0 AppleWebKit/537.36 (KHTML, like Gecko; compatible; GPTBot/1.3; +https://openai.com/gptbot)" netodolele.com.br.meumercado.app 162.241.203.76
74.7.241.0 - - [10/Mar/2026:10:50:01 -0300] "GET /post-formats-vs.png?p=Ahome2Ameumer25AwwwAwp-includesAcustomize HTTP/2.0" 200 34314 "https://www.netodolele.com.br.meumercado.app/post-formats-vs.png?p=Ahome2Ameumer25AwwwAwp-includes" "Mozilla/5.0 AppleWebKit/537.36 (KHTML, like Gecko; compatible; GPTBot/1.3; +https://openai.com/gptbot)" www.netodolele.com.br.meumercado.app 162.241.203.76
74.7.227.186 - - [10/Mar/2026:10:50:02 -0300] "GET /hourly_usage_202407.png HTTP/2.0" 200 27099 "https://netodolele.com.br.meumercado.app/post.js?p=Ahome2Ameumer25AtmpAwebalizer" "Mozilla/5.0 AppleWebKit/537.36 (KHTML, like Gecko; compatible; GPTBot/1.3; +https://openai.com/gptbot)" netodolele.com.br.meumercado.app 162.241.203.76
74.7.241.0 - - [10/Mar/2026:10:50:05 -0300] "GET /post-formats-vs.png?p=Ahome2Ameumer25AwwwAwp-includesAjsAplupload HTTP/2.0" 200 27331 "https://www.netodolele.com.br.meumercado.app/post-formats-vs.png?p=Ahome2Ameumer25AwwwAwp-includesAjs" "Mozilla/5.0 AppleWebKit/537.36 (KHTML, like Gecko; compatible; GPTBot/1.3; +https://openai.com/gptbot)" www.netodolele.com.br.meumercado.app 162.241.203.76
74.7.241.0 - - [10/Mar/2026:10:50:08 -0300] "GET /post-formats-vs.png?p=Ahome2Ameumer25AwwwAwp-includesAblocksAsite-title HTTP/2.0" 200 27532 "https://www.netodolele.com.br.meumercado.app/post-formats-vs.png?p=Ahome2Ameumer25AwwwAwp-includesAblocks" "Mozilla/5.0 AppleWebKit/537.36 (KHTML, like Gecko; compatible; GPTBot/1.3; +https://openai.com/gptbot)" www.netodolele.com.br.meumercado.app 162.241.203.76
74.7.241.0 - - [10/Mar/2026:10:50:11 -0300] "GET /post-formats-vs.png?p=Ahome2Ameumer25AwwwAwp-includesASimplePie HTTP/2.0" 200 26734 "https://www.netodolele.com.br.meumercado.app/post-formats-vs.png?p=Ahome2Ameumer25AwwwAwp-includes" "Mozilla/5.0 AppleWebKit/537.36 (KHTML, like Gecko; compatible; GPTBot/1.3; +https://openai.com/gptbot)" www.netodolele.com.br.meumercado.app 162.241.203.76
74.7.227.186 - - [10/Mar/2026:10:50:12 -0300] "GET /hourly_usage_202511.png HTTP/2.0" 200 27099 "https://netodolele.com.br.meumercado.app/post.js?p=Ahome2Ameumer25AtmpAwebalizer" "Mozilla/5.0 AppleWebKit/537.36 (KHTML, like Gecko; compatible; GPTBot/1.3; +https://openai.com/gptbot)" netodolele.com.br.meumercado.app 162.241.203.76
74.7.241.0 - - [10/Mar/2026:10:50:14 -0300] "GET /post-formats-vs.png?p=Ahome2Ameumer25AwwwAwp-includesAblocksAterm-count HTTP/2.0" 200 27000 "https://www.netodolele.com.br.meumercado.app/post-formats-vs.png?p=Ahome2Ameumer25AwwwAwp-includesAblocks" "Mozilla/5.0 AppleWebKit/537.36 (KHTML, like Gecko; compatible; GPTBot/1.3; +https://openai.com/gptbot)" www.netodolele.com.br.meumercado.app 162.241.203.76
74.7.241.0 - - [10/Mar/2026:10:50:18 -0300] "GET /post-formats-vs.png?p=Ahome2Ameumer25AwwwAwp-includesAblocksAread-more HTTP/2.0" 200 27002 "https://www.netodolele.com.br.meumercado.app/post-formats-vs.png?p=Ahome2Ameumer25AwwwAwp-includesAblocks" "Mozilla/5.0 AppleWebKit/537.36 (KHTML, like Gecko; compatible; GPTBot/1.3; +https://openai.com/gptbot)" www.netodolele.com.br.meumercado.app 162.241.203.76
74.7.227.186 - - [10/Mar/2026:10:50:20 -0300] "GET /post-formats-vs.png?p=Ahome2Ameumer25AnetodoleleIcomIbrAwp-includesAjsAdistAscript-modulesAblock-libraryAform HTTP/2.0" 200 26986 "https://netodolele.com.br.meumercado.app/post-formats-vs.png?p=Ahome2Ameumer25AnetodoleleIcomIbrAwp-includesAjsAdistAscript-modulesAblock-library" "Mozilla/5.0 AppleWebKit/537.36 (KHTML, like Gecko; compatible; GPTBot/1.3; +https://openai.com/gptbot)" netodolele.com.br.meumercado.app 162.241.203.76
74.7.241.0 - - [10/Mar/2026:10:50:21 -0300] "GET /post-formats-vs.png?p=Ahome2Ameumer25AwwwAwp-includesAjsAtinymceAthemes HTTP/2.0" 200 26638 "https://www.netodolele.com.br.meumercado.app/post-formats-vs.png?p=Ahome2Ameumer25AwwwAwp-includesAjsAtinymce" "Mozilla/5.0 AppleWebKit/537.36 (KHTML, like Gecko; compatible; GPTBot/1.3; +https://openai.com/gptbot)" www.netodolele.com.br.meumercado.app 162.241.203.76
162.241.203.76 - - [10/Mar/2026:10:50:24 -0300] "POST /wp-cron.php?doing_wp_cron=1773150624.3369789123535156250000 HTTP/1.1" 200 - "-" "WordPress/6.9.1; https://netodolele.com.br" netodolele.com.br 162.241.203.76
74.7.241.0 - - [10/Mar/2026:10:50:24 -0300] "GET /post-formats-vs.png?p=Ahome2Ameumer25AwwwAwp-includesAjsAtinymceAutils HTTP/2.0" 200 26930 "https://www.netodolele.com.br.meumercado.app/post-formats-vs.png?p=Ahome2Ameumer25AwwwAwp-includesAjsAtinymce" "Mozilla/5.0 AppleWebKit/537.36 (KHTML, like Gecko; compatible; GPTBot/1.3; +https://openai.com/gptbot)" www.netodolele.com.br.meumercado.app 162.241.203.76
74.7.241.0 - - [10/Mar/2026:10:50:27 -0300] "GET /post-formats-vs.png?p=Ahome2Ameumer25AwwwAwp-includesAcssAdistAedit-post HTTP/2.0" 200 27649 "https://www.netodolele.com.br.meumercado.app/post-formats-vs.png?p=Ahome2Ameumer25AwwwAwp-includesAcssAdist" "Mozilla/5.0 AppleWebKit/537.36 (KHTML, like Gecko; compatible; GPTBot/1.3; +https://openai.com/gptbot)" www.netodolele.com.br.meumercado.app 162.241.203.76
74.7.227.186 - - [10/Mar/2026:10:50:28 -0300] "GET /hourly_usage_202308.png HTTP/2.0" 200 27099 "https://netodolele.com.br.meumercado.app/post.js?p=Ahome2Ameumer25AtmpAwebalizer" "Mozilla/5.0 AppleWebKit/537.36 (KHTML, like Gecko; compatible; GPTBot/1.3; +https://openai.com/gptbot)" netodolele.com.br.meumercado.app 162.241.203.76
74.7.241.0 - - [10/Mar/2026:10:50:30 -0300] "GET /post-formats-vs.png?p=Ahome2Ameumer25AwwwAwp-includesAcssAdistApatterns HTTP/2.0" 200 26977 "https://www.netodolele.com.br.meumercado.app/post-formats-vs.png?p=Ahome2Ameumer25AwwwAwp-includesAcssAdist" "Mozilla/5.0 AppleWebKit/537.36 (KHTML, like Gecko; compatible; GPTBot/1.3; +https://openai.com/gptbot)" www.netodolele.com.br.meumercado.app 162.241.203.76
74.7.241.0 - - [10/Mar/2026:10:50:33 -0300] "GET /post-formats-vs.png?p=Ahome2Ameumer25AwwwAwp-includesAcssAdistAcommands HTTP/2.0" 200 26977 "https://www.netodolele.com.br.meumercado.app/post-formats-vs.png?p=Ahome2Ameumer25AwwwAwp-includesAcssAdist" "Mozilla/5.0 AppleWebKit/537.36 (KHTML, like Gecko; compatible; GPTBot/1.3; +https://openai.com/gptbot)" www.netodolele.com.br.meumercado.app 162.241.203.76
74.7.227.186 - - [10/Mar/2026:10:50:35 -0300] "GET /hourly_usage_202211.png HTTP/2.0" 200 27099 "https://netodolele.com.br.meumercado.app/post.js?p=Ahome2Ameumer25AtmpAwebalizer" "Mozilla/5.0 AppleWebKit/537.36 (KHTML, like Gecko; compatible; GPTBot/1.3; +https://openai.com/gptbot)" netodolele.com.br.meumercado.app 162.241.203.76
