74.7.227.186 - - [10/Mar/2026:11:02:56 -0300] "GET /inline-edit-post.js?edit=LICENSE&p=Ahome2Ameumer25ApainelestilopetshopImeupetIappAvendorAphpunitAphp-text-template HTTP/2.0" 200 27187 "https://netodolele.com.br.meumercado.app/inline-edit-post.js?p=Ahome2Ameumer25ApainelestilopetshopImeupetIappAvendorAphpunitAphp-text-template" "Mozilla/5.0 AppleWebKit/537.36 (KHTML, like Gecko; compatible; GPTBot/1.3; +https://openai.com/gptbot)" netodolele.com.br.meumercado.app 162.241.203.76
74.7.241.0 - - [10/Mar/2026:11:02:56 -0300] "GET /inline-edit-post.min.js?p=Ahome2Ameumer25ApainelrioalimentosImeumercadoIappAstorageAlogs HTTP/2.0" 200 26961 "https://www.netodolele.com.br.meumercado.app/inline-edit-post.min.js?p=Ahome2Ameumer25ApainelrioalimentosImeumercadoIappAstorage" "Mozilla/5.0 AppleWebKit/537.36 (KHTML, like Gecko; compatible; GPTBot/1.3; +https://openai.com/gptbot)" www.netodolele.com.br.meumercado.app 162.241.203.76
74.7.227.186 - - [10/Mar/2026:11:02:59 -0300] "GET /inline-edit-post.js?p=Ahome2Ameumer25ApainelestilopetshopImeupetIappAvendorAphpunitAphp-text-templateAsrc HTTP/2.0" 200 26723 "https://netodolele.com.br.meumercado.app/inline-edit-post.js?p=Ahome2Ameumer25ApainelestilopetshopImeupetIappAvendorAphpunitAphp-text-template" "Mozilla/5.0 AppleWebKit/537.36 (KHTML, like Gecko; compatible; GPTBot/1.3; +https://openai.com/gptbot)" netodolele.com.br.meumercado.app 162.241.203.76
74.7.241.0 - - [10/Mar/2026:11:03:01 -0300] "GET /set-post-thumbnail.min.js?p=Ahome2Ameumer25ApainelnocharmeImeumercadoIappAdatabaseAseeds HTTP/2.0" 200 27120 "https://www.netodolele.com.br.meumercado.app/set-post-thumbnail.min.js?p=Ahome2Ameumer25ApainelnocharmeImeumercadoIappAdatabase" "Mozilla/5.0 AppleWebKit/537.36 (KHTML, like Gecko; compatible; GPTBot/1.3; +https://openai.com/gptbot)" www.netodolele.com.br.meumercado.app 162.241.203.76
74.7.227.186 - - [10/Mar/2026:11:03:03 -0300] "GET /inline-edit-post.js?p=Ahome2Ameumer25ApainelestilopetshopImeupetIappAvendorAphpunitAphpunitAsrc HTTP/2.0" 200 26869 "https://netodolele.com.br.meumercado.app/inline-edit-post.js?p=Ahome2Ameumer25ApainelestilopetshopImeupetIappAvendorAphpunitAphpunit" "Mozilla/5.0 AppleWebKit/537.36 (KHTML, like Gecko; compatible; GPTBot/1.3; +https://openai.com/gptbot)" netodolele.com.br.meumercado.app 162.241.203.76
74.7.241.0 - - [10/Mar/2026:11:03:04 -0300] "GET /inline-edit-post.min.js?p=Ahome2Ameumer25AapiImeumercadoIappAvendorAsebastianAcomparator HTTP/2.0" 200 27589 "https://www.netodolele.com.br.meumercado.app/inline-edit-post.min.js?p=Ahome2Ameumer25AapiImeumercadoIappAvendorAsebastian" "Mozilla/5.0 AppleWebKit/537.36 (KHTML, like Gecko; compatible; GPTBot/1.3; +https://openai.com/gptbot)" www.netodolele.com.br.meumercado.app 162.241.203.76
74.7.227.186 - - [10/Mar/2026:11:03:06 -0300] "GET /json2.min.js HTTP/2.0" 200 27099 "https://netodolele.com.br.meumercado.app/toggige-arrow.jpg?p=Ahome2Ameumer25AnetodoleleIcomIbrAwp-includesAjs" "Mozilla/5.0 AppleWebKit/537.36 (KHTML, like Gecko; compatible; GPTBot/1.3; +https://openai.com/gptbot)" netodolele.com.br.meumercado.app 162.241.203.76
74.7.241.0 - - [10/Mar/2026:11:03:08 -0300] "GET /set-post-thumbnail.min.js?p=Ahome2Ameumer25ApainelpetscentercampinasImeumercadoIappAIpki HTTP/2.0" 200 26758 "https://www.netodolele.com.br.meumercado.app/set-post-thumbnail.min.js?p=Ahome2Ameumer25ApainelpetscentercampinasImeumercadoIapp" "Mozilla/5.0 AppleWebKit/537.36 (KHTML, like Gecko; compatible; GPTBot/1.3; +https://openai.com/gptbot)" www.netodolele.com.br.meumercado.app 162.241.203.76
74.7.227.186 - - [10/Mar/2026:11:03:09 -0300] "GET /post.js?p=Ahome2Ameumer25AwwwAwp-adminAcss HTTP/2.0" 200 38566 "https://netodolele.com.br.meumercado.app/post.js?p=Ahome2Ameumer25AwwwAwp-admin" "Mozilla/5.0 AppleWebKit/537.36 (KHTML, like Gecko; compatible; GPTBot/1.3; +https://openai.com/gptbot)" netodolele.com.br.meumercado.app 162.241.203.76
74.7.241.0 - - [10/Mar/2026:11:03:11 -0300] "GET /set-post-thumbnail.min.js?p=Ahome2Ameumer25ApainelbistroemcasaImeumercadoIappAbootstrap HTTP/2.0" 200 26792 "https://www.netodolele.com.br.meumercado.app/set-post-thumbnail.min.js?p=Ahome2Ameumer25ApainelbistroemcasaImeumercadoIapp" "Mozilla/5.0 AppleWebKit/537.36 (KHTML, like Gecko; compatible; GPTBot/1.3; +https://openai.com/gptbot)" www.netodolele.com.br.meumercado.app 162.241.203.76
74.7.227.186 - - [10/Mar/2026:11:03:12 -0300] "GET /post-formats-vs.png?p=Ahome2Ameumer25AnetodoleleIcomIbrAwp-includesAjsAdistAscript-modulesAblock-libraryAsearch HTTP/2.0" 200 27007 "https://netodolele.com.br.meumercado.app/post-formats-vs.png?p=Ahome2Ameumer25AnetodoleleIcomIbrAwp-includesAjsAdistAscript-modulesAblock-library" "Mozilla/5.0 AppleWebKit/537.36 (KHTML, like Gecko; compatible; GPTBot/1.3; +https://openai.com/gptbot)" netodolele.com.br.meumercado.app 162.241.203.76
74.7.241.0 - - [10/Mar/2026:11:03:14 -0300] "GET /Scope.php HTTP/2.0" 409 83 "https://www.netodolele.com.br.meumercado.app/inline-edit-post.min.js?p=Ahome2Ameumer25AapiImeumercadoIappAvendorAlaravelApassportAsrc" "Mozilla/5.0 AppleWebKit/537.36 (KHTML, like Gecko; compatible; GPTBot/1.3; +https://openai.com/gptbot)" www.netodolele.com.br.meumercado.app 162.241.203.76
74.7.227.186 - - [10/Mar/2026:11:03:15 -0300] "GET /post-formats-vs.png?p=Ahome2Ameumer25AnetodoleleIcomIbrAwp-includesAjsAdistAscript-modulesAblock-libraryAfile HTTP/2.0" 200 26987 "https://netodolele.com.br.meumercado.app/post-formats-vs.png?p=Ahome2Ameumer25AnetodoleleIcomIbrAwp-includesAjsAdistAscript-modulesAblock-library" "Mozilla/5.0 AppleWebKit/537.36 (KHTML, like Gecko; compatible; GPTBot/1.3; +https://openai.com/gptbot)" netodolele.com.br.meumercado.app 162.241.203.76
74.7.241.0 - - [10/Mar/2026:11:03:17 -0300] "GET /edit-post.min.js?p=Ahome2Ameumer25ApainelmaisamorImeumercadoIappAvendorAphar-ioAmanifest HTTP/2.0" 200 27482 "https://www.netodolele.com.br.meumercado.app/edit-post.min.js?p=Ahome2Ameumer25ApainelmaisamorImeumercadoIappAvendorAphar-io" "Mozilla/5.0 AppleWebKit/537.36 (KHTML, like Gecko; compatible; GPTBot/1.3; +https://openai.com/gptbot)" www.netodolele.com.br.meumercado.app 162.241.203.76
74.7.227.186 - - [10/Mar/2026:11:03:18 -0300] "GET /post-formats-vs.png?p=Ahome2Ameumer25AnetodoleleIcomIbrAwp-includesAjsAdistAscript-modulesAblock-libraryAquery HTTP/2.0" 200 26998 "https://netodolele.com.br.meumercado.app/post-formats-vs.png?p=Ahome2Ameumer25AnetodoleleIcomIbrAwp-includesAjsAdistAscript-modulesAblock-library" "Mozilla/5.0 AppleWebKit/537.36 (KHTML, like Gecko; compatible; GPTBot/1.3; +https://openai.com/gptbot)" netodolele.com.br.meumercado.app 162.241.203.76
74.7.227.186 - - [10/Mar/2026:11:03:21 -0300] "GET /inline-edit-post.js?p=Ahome2Ameumer25AminhafarmaciaIappAwp-includesAjsAdistAscript-modulesAblock-libraryAquery HTTP/2.0" 200 26996 "https://netodolele.com.br.meumercado.app/inline-edit-post.js?p=Ahome2Ameumer25AminhafarmaciaIappAwp-includesAjsAdistAscript-modulesAblock-library" "Mozilla/5.0 AppleWebKit/537.36 (KHTML, like Gecko; compatible; GPTBot/1.3; +https://openai.com/gptbot)" netodolele.com.br.meumercado.app 162.241.203.76
74.7.227.186 - - [10/Mar/2026:11:03:24 -0300] "GET /post-formats-vs.png?p=Ahome2Ameumer25AnetodoleleIcomIbrAwp-includesAjsAdistAscript-modulesAblock-libraryAimage HTTP/2.0" 200 27006 "https://netodolele.com.br.meumercado.app/post-formats-vs.png?p=Ahome2Ameumer25AnetodoleleIcomIbrAwp-includesAjsAdistAscript-modulesAblock-library" "Mozilla/5.0 AppleWebKit/537.36 (KHTML, like Gecko; compatible; GPTBot/1.3; +https://openai.com/gptbot)" netodolele.com.br.meumercado.app 162.241.203.76
74.7.241.0 - - [10/Mar/2026:11:03:27 -0300] "GET /inline-edit-post.js?p=Ahome2Ameumer25AapiImeumercadoIappAvendorAnikicAphp-parserAgrammar HTTP/2.0" 200 27755 "https://www.netodolele.com.br.meumercado.app/inline-edit-post.js?p=Ahome2Ameumer25AapiImeumercadoIappAvendorAnikicAphp-parser" "Mozilla/5.0 AppleWebKit/537.36 (KHTML, like Gecko; compatible; GPTBot/1.3; +https://openai.com/gptbot)" www.netodolele.com.br.meumercado.app 162.241.203.76
74.7.227.186 - - [10/Mar/2026:11:03:27 -0300] "GET /post.js?edit=51.php&p=Ahome2Ameumer25Aperl5 HTTP/2.0" 409 83 "https://netodolele.com.br.meumercado.app/post.js?p=Ahome2Ameumer25Aperl5" "Mozilla/5.0 AppleWebKit/537.36 (KHTML, like Gecko; compatible; GPTBot/1.3; +https://openai.com/gptbot)" netodolele.com.br.meumercado.app 162.241.203.76
74.7.227.186 - - [10/Mar/2026:11:03:31 -0300] "GET /inline-edit-post.min.js?p=Ahome2Ameumer25AIsubversion HTTP/2.0" 200 26784 "https://netodolele.com.br.meumercado.app/inline-edit-post.min.js?p=Ahome2Ameumer25" "Mozilla/5.0 AppleWebKit/537.36 (KHTML, like Gecko; compatible; GPTBot/1.3; +https://openai.com/gptbot)" netodolele.com.br.meumercado.app 162.241.203.76
74.7.241.0 - - [10/Mar/2026:11:03:36 -0300] "GET /inline-edit-post.min.js?edit=error_log&p=Ahome2Ameumer25ApainelpetscentercampinasImeumercadoIappAconfig HTTP/2.0" 200 27211 "https://www.netodolele.com.br.meumercado.app/inline-edit-post.min.js?p=Ahome2Ameumer25ApainelpetscentercampinasImeumercadoIappAconfig" "Mozilla/5.0 AppleWebKit/537.36 (KHTML, like Gecko; compatible; GPTBot/1.3; +https://openai.com/gptbot)" www.netodolele.com.br.meumercado.app 162.241.203.76
74.7.227.186 - - [10/Mar/2026:11:03:40 -0300] "GET /edit-post.min.js?p=Ahome2Ameumer25ApainelmaisamorImeumercadoIappAroutesAapi HTTP/2.0" 200 26737 "https://netodolele.com.br.meumercado.app/edit-post.min.js?p=Ahome2Ameumer25ApainelmaisamorImeumercadoIappAroutes" "Mozilla/5.0 AppleWebKit/537.36 (KHTML, like Gecko; compatible; GPTBot/1.3; +https://openai.com/gptbot)" netodolele.com.br.meumercado.app 162.241.203.76
74.7.241.49 - - [10/Mar/2026:11:03:42 -0300] "GET /blog/man2-r62h8htuq4ajchlvxkcfolaexe4masu2g3oz51vjbc.jpg?edit=comment-content.php&p=Ahome2Ameumer25AminhafarmaciaIappAwp-includesAblocks HTTP/2.0" 409 83 "https://netodolele.com.br/blog/man2-r62h8htuq4ajchlvxkcfolaexe4masu2g3oz51vjbc.jpg?p=Ahome2Ameumer25AminhafarmaciaIappAwp-includesAblocks" "Mozilla/5.0 AppleWebKit/537.36 (KHTML, like Gecko; compatible; GPTBot/1.3; +https://openai.com/gptbot)" netodolele.com.br 162.241.203.76
74.7.241.0 - - [10/Mar/2026:11:03:43 -0300] "GET /set-post-thumbnail.min.js?p=Ahome2Ameumer25ApainebistroemcasaImeumercadoIappAroutesAapi HTTP/2.0" 200 26718 "https://www.netodolele.com.br.meumercado.app/set-post-thumbnail.min.js?p=Ahome2Ameumer25ApainebistroemcasaImeumercadoIappAroutes" "Mozilla/5.0 AppleWebKit/537.36 (KHTML, like Gecko; compatible; GPTBot/1.3; +https://openai.com/gptbot)" www.netodolele.com.br.meumercado.app 162.241.203.76
74.7.227.186 - - [10/Mar/2026:11:03:49 -0300] "GET /stream-xchacha20.php HTTP/2.0" 409 83 "https://netodolele.com.br.meumercado.app/post.js?p=Ahome2Ameumer25AminhafarmaciaIappAwp-includesAsodium_compatAlib" "Mozilla/5.0 AppleWebKit/537.36 (KHTML, like Gecko; compatible; GPTBot/1.3; +https://openai.com/gptbot)" netodolele.com.br.meumercado.app 162.241.203.76
162.241.203.76 - - [10/Mar/2026:11:03:50 -0300] "POST /wp-cron.php?doing_wp_cron=1773151430.7867031097412109375000 HTTP/1.1" 200 - "-" "WordPress/6.9.1; https://netodolele.com.br" netodolele.com.br 162.241.203.76
74.7.241.0 - - [10/Mar/2026:11:03:50 -0300] "GET /edit-post.min.js?p=Ahome2Ameumer25ApainelmaisamorImeumercadoIappAvendorApsrAhttp-message HTTP/2.0" 200 27247 "https://www.netodolele.com.br.meumercado.app/edit-post.min.js?p=Ahome2Ameumer25ApainelmaisamorImeumercadoIappAvendorApsr" "Mozilla/5.0 AppleWebKit/537.36 (KHTML, like Gecko; compatible; GPTBot/1.3; +https://openai.com/gptbot)" www.netodolele.com.br.meumercado.app 162.241.203.76
74.7.241.0 - - [10/Mar/2026:11:03:56 -0300] "GET /set-post-thumbnail.min.js?p=Ahome2Ameumer25ApainelbistroemcasaImeumercadoIappAroutesAapi HTTP/2.0" 200 26775 "https://www.netodolele.com.br.meumercado.app/set-post-thumbnail.min.js?p=Ahome2Ameumer25ApainelbistroemcasaImeumercadoIappAroutes" "Mozilla/5.0 AppleWebKit/537.36 (KHTML, like Gecko; compatible; GPTBot/1.3; +https://openai.com/gptbot)" www.netodolele.com.br.meumercado.app 162.241.203.76
74.7.227.186 - - [10/Mar/2026:11:03:57 -0300] "GET /set-post-thumbnail.js?p=Ahome2Ameumer25AnetodoleleIcomIbrAwp-includesAblocksAquery-no-results HTTP/2.0" 200 26776 "https://netodolele.com.br.meumercado.app/set-post-thumbnail.js?p=Ahome2Ameumer25AnetodoleleIcomIbrAwp-includesAblocks" "Mozilla/5.0 AppleWebKit/537.36 (KHTML, like Gecko; compatible; GPTBot/1.3; +https://openai.com/gptbot)" netodolele.com.br.meumercado.app 162.241.203.76
74.7.241.0 - - [10/Mar/2026:11:04:02 -0300] "GET /inline-edit-post.min.js?p=Ahome2Ameumer25AapiImeumercadoIappAvendorAnunomaduroAcollision HTTP/2.0" 200 27543 "https://www.netodolele.com.br.meumercado.app/inline-edit-post.min.js?p=Ahome2Ameumer25AapiImeumercadoIappAvendorAnunomaduro" "Mozilla/5.0 AppleWebKit/537.36 (KHTML, like Gecko; compatible; GPTBot/1.3; +https://openai.com/gptbot)" www.netodolele.com.br.meumercado.app 162.241.203.76
74.7.241.0 - - [10/Mar/2026:11:04:07 -0300] "GET /set-post-thumbnail.min.js?p=Ahome2Ameumer25ApainelnocharmeImeumercadoIappAresourcesAsass HTTP/2.0" 200 26901 "https://www.netodolele.com.br.meumercado.app/set-post-thumbnail.min.js?p=Ahome2Ameumer25ApainelnocharmeImeumercadoIappAresources" "Mozilla/5.0 AppleWebKit/537.36 (KHTML, like Gecko; compatible; GPTBot/1.3; +https://openai.com/gptbot)" www.netodolele.com.br.meumercado.app 162.241.203.76
74.7.241.0 - - [10/Mar/2026:11:04:11 -0300] "GET /inline-edit-post.js?p=Ahome2Ameumer25AapiImeumercadoIappAvendorApsrAevent-dispatcherAsrc HTTP/2.0" 200 27181 "https://www.netodolele.com.br.meumercado.app/inline-edit-post.js?p=Ahome2Ameumer25AapiImeumercadoIappAvendorApsrAevent-dispatcher" "Mozilla/5.0 AppleWebKit/537.36 (KHTML, like Gecko; compatible; GPTBot/1.3; +https://openai.com/gptbot)" www.netodolele.com.br.meumercado.app 162.241.203.76
74.7.241.0 - - [10/Mar/2026:11:04:15 -0300] "GET /post-formats-vs.png?p=Ahome2Ameumer25AapiImeumercadoIappAvendorAnikicAphp-parserAgrammar HTTP/2.0" 200 27755 "https://www.netodolele.com.br.meumercado.app/post-formats-vs.png?p=Ahome2Ameumer25AapiImeumercadoIappAvendorAnikicAphp-parser" "Mozilla/5.0 AppleWebKit/537.36 (KHTML, like Gecko; compatible; GPTBot/1.3; +https://openai.com/gptbot)" www.netodolele.com.br.meumercado.app 162.241.203.76
74.7.241.0 - - [10/Mar/2026:11:04:19 -0300] "GET /AwvBHUxzmjRyebstZE.mpg HTTP/2.0" 200 27099 "https://www.netodolele.com.br.meumercado.app/post-formats-vs.png?p=Ahome2Ameumer25AsuaboaformaImeumercadoIappAassetsAassetsAlanguageAlanguage" "Mozilla/5.0 AppleWebKit/537.36 (KHTML, like Gecko; compatible; GPTBot/1.3; +https://openai.com/gptbot)" www.netodolele.com.br.meumercado.app 162.241.203.76
74.7.227.186 - - [10/Mar/2026:11:04:20 -0300] "GET /edit-post.min.js?p=Ahome2Ameumer25Aperl HTTP/2.0" 200 26534 "https://netodolele.com.br.meumercado.app/edit-post.min.js?p=Ahome2Ameumer25" "Mozilla/5.0 AppleWebKit/537.36 (KHTML, like Gecko; compatible; GPTBot/1.3; +https://openai.com/gptbot)" netodolele.com.br.meumercado.app 162.241.203.76
74.7.241.0 - - [10/Mar/2026:11:04:22 -0300] "GET /kLrbTlEgPacpCyZwA.tiff HTTP/1.1" 200 27099 "https://www.netodolele.com.br.meumercado.app/inline-edit-post.min.js?p=Ahome2Ameumer25AkaickaviellaImeumercadoIappAiconsAicons" "Mozilla/5.0 AppleWebKit/537.36 (KHTML, like Gecko; compatible; GPTBot/1.3; +https://openai.com/gptbot)" www.netodolele.com.br.meumercado.app 162.241.203.76
74.7.241.0 - - [10/Mar/2026:11:04:22 -0300] "GET /kLrbTlEgPacpCyZwA.tiff HTTP/2.0" 200 27099 "https://www.netodolele.com.br.meumercado.app/inline-edit-post.min.js?p=Ahome2Ameumer25AkaickaviellaImeumercadoIappAiconsAicons" "Mozilla/5.0 AppleWebKit/537.36 (KHTML, like Gecko; compatible; GPTBot/1.3; +https://openai.com/gptbot)" www.netodolele.com.br.meumercado.app 162.241.203.76
74.7.241.0 - - [10/Mar/2026:11:04:25 -0300] "GET /ZzImfrauCUxkwicbMy.jpc HTTP/1.1" 200 27099 "https://www.netodolele.com.br.meumercado.app/post.min.js?p=Ahome2Ameumer25AsuaboaformaImeumercadoIappAassetsAassetsAfontsAfonts" "Mozilla/5.0 AppleWebKit/537.36 (KHTML, like Gecko; compatible; GPTBot/1.3; +https://openai.com/gptbot)" www.netodolele.com.br.meumercado.app 162.241.203.76
74.7.241.0 - - [10/Mar/2026:11:04:25 -0300] "GET /ZzImfrauCUxkwicbMy.jpc HTTP/2.0" 200 27099 "https://www.netodolele.com.br.meumercado.app/post.min.js?p=Ahome2Ameumer25AsuaboaformaImeumercadoIappAassetsAassetsAfontsAfonts" "Mozilla/5.0 AppleWebKit/537.36 (KHTML, like Gecko; compatible; GPTBot/1.3; +https://openai.com/gptbot)" www.netodolele.com.br.meumercado.app 162.241.203.76
74.7.241.49 - - [10/Mar/2026:11:04:26 -0300] "GET /blog/man2-r62h8htuq4ajchlvxkcfolaexe4masu2g3oz51vjbc.jpg?edit=comment-content.php&p=Ahome2Ameumer25AnetodoleleIcomIbrAwp-includesAblocks HTTP/2.0" 409 83 "https://netodolele.com.br/blog/man2-r62h8htuq4ajchlvxkcfolaexe4masu2g3oz51vjbc.jpg?p=Ahome2Ameumer25AnetodoleleIcomIbrAwp-includesAblocks" "Mozilla/5.0 AppleWebKit/537.36 (KHTML, like Gecko; compatible; GPTBot/1.3; +https://openai.com/gptbot)" netodolele.com.br 162.241.203.76
74.7.241.0 - - [10/Mar/2026:11:04:28 -0300] "GET /IzcswljgHZvETPVhLq.ico HTTP/1.1" 200 27099 "https://www.netodolele.com.br.meumercado.app/edit-post.min.js?p=Ahome2Ameumer25AcafediretodopeImeumercadoIappAwebAweb" "Mozilla/5.0 AppleWebKit/537.36 (KHTML, like Gecko; compatible; GPTBot/1.3; +https://openai.com/gptbot)" www.netodolele.com.br.meumercado.app 162.241.203.76
74.7.241.0 - - [10/Mar/2026:11:04:28 -0300] "GET /IzcswljgHZvETPVhLq.ico HTTP/2.0" 200 27099 "https://www.netodolele.com.br.meumercado.app/edit-post.min.js?p=Ahome2Ameumer25AcafediretodopeImeumercadoIappAwebAweb" "Mozilla/5.0 AppleWebKit/537.36 (KHTML, like Gecko; compatible; GPTBot/1.3; +https://openai.com/gptbot)" www.netodolele.com.br.meumercado.app 162.241.203.76
74.7.241.0 - - [10/Mar/2026:11:04:31 -0300] "GET /inline-edit-post.min.js?p=Ahome2Ameumer25ApainelestilopetshopImeupetIappAvendorApsrAcontainerAsrc HTTP/2.0" 200 27194 "https://www.netodolele.com.br.meumercado.app/inline-edit-post.min.js?p=Ahome2Ameumer25ApainelestilopetshopImeupetIappAvendorApsrAcontainer" "Mozilla/5.0 AppleWebKit/537.36 (KHTML, like Gecko; compatible; GPTBot/1.3; +https://openai.com/gptbot)" www.netodolele.com.br.meumercado.app 162.241.203.76
74.7.241.0 - - [10/Mar/2026:11:04:34 -0300] "GET /set-post-thumbnail.min.js?p=Ahome2Ameumer25ApainelestilopetshopImeupetIappAIgitAlogsArefsAremotes HTTP/2.0" 200 26646 "https://www.netodolele.com.br.meumercado.app/set-post-thumbnail.min.js?p=Ahome2Ameumer25ApainelestilopetshopImeupetIappAIgitAlogsArefs" "Mozilla/5.0 AppleWebKit/537.36 (KHTML, like Gecko; compatible; GPTBot/1.3; +https://openai.com/gptbot)" www.netodolele.com.br.meumercado.app 162.241.203.76
74.7.241.0 - - [10/Mar/2026:11:04:37 -0300] "GET /set-post-thumbnail.min.js?p=Ahome2Ameumer25ApainelestilopetshopImeupetIappAstorageAappApublicAbanner HTTP/2.0" 200 26432 "https://www.netodolele.com.br.meumercado.app/set-post-thumbnail.min.js?p=Ahome2Ameumer25ApainelestilopetshopImeupetIappAstorageAappApublic" "Mozilla/5.0 AppleWebKit/537.36 (KHTML, like Gecko; compatible; GPTBot/1.3; +https://openai.com/gptbot)" www.netodolele.com.br.meumercado.app 162.241.203.76
74.7.227.186 - - [10/Mar/2026:11:04:41 -0300] "GET /post-formats-vs.png?edit=view.min.js&p=Ahome2Ameumer25AnetodoleleIcomIbrAwp-includesAjsAdistAscript-modulesAblock-libraryAsearch HTTP/2.0" 200 26878 "https://netodolele.com.br.meumercado.app/post-formats-vs.png?p=Ahome2Ameumer25AnetodoleleIcomIbrAwp-includesAjsAdistAscript-modulesAblock-libraryAsearch" "Mozilla/5.0 AppleWebKit/537.36 (KHTML, like Gecko; compatible; GPTBot/1.3; +https://openai.com/gptbot)" netodolele.com.br.meumercado.app 162.241.203.76
74.7.241.0 - - [10/Mar/2026:11:04:41 -0300] "GET /set-post-thumbnail.min.js?p=Ahome2Ameumer25ApainelestilopetshopImeupetIappAappAHttpAControllers HTTP/2.0" 200 30517 "https://www.netodolele.com.br.meumercado.app/set-post-thumbnail.min.js?p=Ahome2Ameumer25ApainelestilopetshopImeupetIappAappAHttp" "Mozilla/5.0 AppleWebKit/537.36 (KHTML, like Gecko; compatible; GPTBot/1.3; +https://openai.com/gptbot)" www.netodolele.com.br.meumercado.app 162.241.203.76
74.7.241.0 - - [10/Mar/2026:11:04:44 -0300] "GET /post.min.js?p=Ahome2Ameumer25ApainelestilopetshopImeupetIappAvendorAphpunitAphp-token-streamAsrc HTTP/2.0" 200 62869 "https://www.netodolele.com.br.meumercado.app/post.min.js?p=Ahome2Ameumer25ApainelestilopetshopImeupetIappAvendorAphpunitAphp-token-stream" "Mozilla/5.0 AppleWebKit/537.36 (KHTML, like Gecko; compatible; GPTBot/1.3; +https://openai.com/gptbot)" www.netodolele.com.br.meumercado.app 162.241.203.76
74.7.241.0 - - [10/Mar/2026:11:04:47 -0300] "GET /edit-post.js?p=Ahome2Ameumer25ApainelestilopetshopImeupetIappAvendorAphpunitAphp-file-iteratorAsrc HTTP/2.0" 200 27198 "https://www.netodolele.com.br.meumercado.app/edit-post.js?p=Ahome2Ameumer25ApainelestilopetshopImeupetIappAvendorAphpunitAphp-file-iterator" "Mozilla/5.0 AppleWebKit/537.36 (KHTML, like Gecko; compatible; GPTBot/1.3; +https://openai.com/gptbot)" www.netodolele.com.br.meumercado.app 162.241.203.76
162.241.203.76 - - [10/Mar/2026:11:04:51 -0300] "POST /wp-cron.php?doing_wp_cron=1773151491.2242579460144042968750 HTTP/1.1" 200 - "-" "WordPress/6.9.1; https://netodolele.com.br" netodolele.com.br 162.241.203.76
74.7.241.0 - - [10/Mar/2026:11:04:50 -0300] "GET /edit-post.min.js?p=Ahome2Ameumer25ApainelestilopetshopImeupetIappAvendorAphpunitAphp-timerAIgithub HTTP/2.0" 200 26958 "https://www.netodolele.com.br.meumercado.app/edit-post.min.js?p=Ahome2Ameumer25ApainelestilopetshopImeupetIappAvendorAphpunitAphp-timer" "Mozilla/5.0 AppleWebKit/537.36 (KHTML, like Gecko; compatible; GPTBot/1.3; +https://openai.com/gptbot)" www.netodolele.com.br.meumercado.app 162.241.203.76
74.7.241.0 - - [10/Mar/2026:11:04:53 -0300] "GET /edit-post.js?p=Ahome2Ameumer25ApainelestilopetshopImeupetIappAvendorAphpunitAphp-code-coverageAtests HTTP/2.0" 200 27097 "https://www.netodolele.com.br.meumercado.app/edit-post.js?p=Ahome2Ameumer25ApainelestilopetshopImeupetIappAvendorAphpunitAphp-code-coverage" "Mozilla/5.0 AppleWebKit/537.36 (KHTML, like Gecko; compatible; GPTBot/1.3; +https://openai.com/gptbot)" www.netodolele.com.br.meumercado.app 162.241.203.76
74.7.241.0 - - [10/Mar/2026:11:04:57 -0300] "GET /edit-post.js?p=Ahome2Ameumer25ApainelestilopetshopImeupetIappAvendorAphpunitAphp-code-coverageAsrc HTTP/2.0" 200 27530 "https://www.netodolele.com.br.meumercado.app/edit-post.js?p=Ahome2Ameumer25ApainelestilopetshopImeupetIappAvendorAphpunitAphp-code-coverage" "Mozilla/5.0 AppleWebKit/537.36 (KHTML, like Gecko; compatible; GPTBot/1.3; +https://openai.com/gptbot)" www.netodolele.com.br.meumercado.app 162.241.203.76
74.7.227.186 - - [10/Mar/2026:11:05:00 -0300] "GET /edit-post.min.js?p=Ahome2Ameumer25Aetc HTTP/2.0" 200 26659 "https://netodolele.com.br.meumercado.app/edit-post.min.js?p=Ahome2Ameumer25" "Mozilla/5.0 AppleWebKit/537.36 (KHTML, like Gecko; compatible; GPTBot/1.3; +https://openai.com/gptbot)" netodolele.com.br.meumercado.app 162.241.203.76
74.7.241.0 - - [10/Mar/2026:11:05:00 -0300] "GET /post-formats.png?p=Ahome2Ameumer25ApainelestilopetshopImeupetIappAvendorAphpunitAphp-text-templateAsrc HTTP/2.0" 200 26723 "https://www.netodolele.com.br.meumercado.app/post-formats.png?p=Ahome2Ameumer25ApainelestilopetshopImeupetIappAvendorAphpunitAphp-text-template" "Mozilla/5.0 AppleWebKit/537.36 (KHTML, like Gecko; compatible; GPTBot/1.3; +https://openai.com/gptbot)" www.netodolele.com.br.meumercado.app 162.241.203.76
74.7.241.0 - - [10/Mar/2026:11:05:03 -0300] "GET /inline-edit-post.min.js?p=Ahome2Ameumer25ApainelestilopetshopImeupetIappAstorageAappApublicAbanner HTTP/2.0" 200 26432 "https://www.netodolele.com.br.meumercado.app/inline-edit-post.min.js?p=Ahome2Ameumer25ApainelestilopetshopImeupetIappAstorageAappApublic" "Mozilla/5.0 AppleWebKit/537.36 (KHTML, like Gecko; compatible; GPTBot/1.3; +https://openai.com/gptbot)" www.netodolele.com.br.meumercado.app 162.241.203.76
74.7.241.0 - - [10/Mar/2026:11:05:06 -0300] "GET /edit-post.js?p=Ahome2Ameumer25ApainelestilopetshopImeupetIappAvendorAphpunitAphp-token-streamAsrc HTTP/2.0" 200 62869 "https://www.netodolele.com.br.meumercado.app/edit-post.js?p=Ahome2Ameumer25ApainelestilopetshopImeupetIappAvendorAphpunitAphp-token-stream" "Mozilla/5.0 AppleWebKit/537.36 (KHTML, like Gecko; compatible; GPTBot/1.3; +https://openai.com/gptbot)" www.netodolele.com.br.meumercado.app 162.241.203.76
74.7.241.0 - - [10/Mar/2026:11:05:09 -0300] "GET /set-post-thumbnail.min.js?p=Ahome2Ameumer25ApainelestilopetshopImeupetIappAIgitAlogsArefsAremotesAorigin HTTP/2.0" 200 27084 "https://www.netodolele.com.br.meumercado.app/set-post-thumbnail.min.js?p=Ahome2Ameumer25ApainelestilopetshopImeupetIappAIgitAlogsArefsAremotes" "Mozilla/5.0 AppleWebKit/537.36 (KHTML, like Gecko; compatible; GPTBot/1.3; +https://openai.com/gptbot)" www.netodolele.com.br.meumercado.app 162.241.203.76
74.7.241.0 - - [10/Mar/2026:11:05:12 -0300] "GET /inline-edit-post.min.js?p=Ahome2Ameumer25ApainelestilopetshopImeupetIappAvendorAmadnestAmadzipper HTTP/2.0" 200 27711 "https://www.netodolele.com.br.meumercado.app/inline-edit-post.min.js?p=Ahome2Ameumer25ApainelestilopetshopImeupetIappAvendorAmadnest" "Mozilla/5.0 AppleWebKit/537.36 (KHTML, like Gecko; compatible; GPTBot/1.3; +https://openai.com/gptbot)" www.netodolele.com.br.meumercado.app 162.241.203.76
74.7.241.0 - - [10/Mar/2026:11:05:16 -0300] "GET /set-post-thumbnail.min.js?p=Ahome2Ameumer25ApainelestilopetshopImeupetIappAappAHttpAControllersAApi HTTP/2.0" 200 104 "https://www.netodolele.com.br.meumercado.app/set-post-thumbnail.min.js?p=Ahome2Ameumer25ApainelestilopetshopImeupetIappAappAHttpAControllers" "Mozilla/5.0 AppleWebKit/537.36 (KHTML, like Gecko; compatible; GPTBot/1.3; +https://openai.com/gptbot)" www.netodolele.com.br.meumercado.app 162.241.203.76
74.7.227.186 - - [10/Mar/2026:11:05:16 -0300] "GET /edit-post.min.js?p=Ahome2Ameumer25Assl HTTP/2.0" 200 26763 "https://netodolele.com.br.meumercado.app/edit-post.min.js?p=Ahome2Ameumer25" "Mozilla/5.0 AppleWebKit/537.36 (KHTML, like Gecko; compatible; GPTBot/1.3; +https://openai.com/gptbot)" netodolele.com.br.meumercado.app 162.241.203.76
74.7.241.0 - - [10/Mar/2026:11:05:19 -0300] "GET /set-post-thumbnail.min.js?p=Ahome2Ameumer25ApainelestilopetshopImeupetIappAappAHttpAControllersAAdmin HTTP/2.0" 200 104 "https://www.netodolele.com.br.meumercado.app/set-post-thumbnail.min.js?p=Ahome2Ameumer25ApainelestilopetshopImeupetIappAappAHttpAControllers" "Mozilla/5.0 AppleWebKit/537.36 (KHTML, like Gecko; compatible; GPTBot/1.3; +https://openai.com/gptbot)" www.netodolele.com.br.meumercado.app 162.241.203.76
74.7.241.0 - - [10/Mar/2026:11:05:22 -0300] "GET /set-post-thumbnail.min.js?p=Ahome2Ameumer25ApainelestilopetshopImeupetIappAappAHttpAControllersAAuth HTTP/2.0" 200 104 "https://www.netodolele.com.br.meumercado.app/set-post-thumbnail.min.js?p=Ahome2Ameumer25ApainelestilopetshopImeupetIappAappAHttpAControllers" "Mozilla/5.0 AppleWebKit/537.36 (KHTML, like Gecko; compatible; GPTBot/1.3; +https://openai.com/gptbot)" www.netodolele.com.br.meumercado.app 162.241.203.76
74.7.241.0 - - [10/Mar/2026:11:05:25 -0300] "GET /post-formats.png?p=Ahome2Ameumer25ApainelestilopetshopImeupetIappAvendorAphpunitAphp-token-streamAsrc HTTP/2.0" 200 62869 "https://www.netodolele.com.br.meumercado.app/post-formats.png?p=Ahome2Ameumer25ApainelestilopetshopImeupetIappAvendorAphpunitAphp-token-stream" "Mozilla/5.0 AppleWebKit/537.36 (KHTML, like Gecko; compatible; GPTBot/1.3; +https://openai.com/gptbot)" www.netodolele.com.br.meumercado.app 162.241.203.76
74.7.241.49 - - [10/Mar/2026:11:05:27 -0300] "GET /blog/man2-r62h8htuq4ajchlvxkcfolaexe4masu2g3oz51vjbc.jpg?p=Ahome2Ameumer25AminhafarmaciaIappAwp-includesAblocksAcomments-pagination-next HTTP/2.0" 200 26828 "https://netodolele.com.br/blog/man2-r62h8htuq4ajchlvxkcfolaexe4masu2g3oz51vjbc.jpg?p=Ahome2Ameumer25AminhafarmaciaIappAwp-includesAblocks" "Mozilla/5.0 AppleWebKit/537.36 (KHTML, like Gecko; compatible; GPTBot/1.3; +https://openai.com/gptbot)" netodolele.com.br 162.241.203.76
74.7.241.0 - - [10/Mar/2026:11:05:28 -0300] "GET /edit-post.js?p=Ahome2Ameumer25ApainelestilopetshopImeupetIappAvendorAphpunitAphp-code-coverageAtestsA_files HTTP/2.0" 200 38844 "https://www.netodolele.com.br.meumercado.app/edit-post.js?p=Ahome2Ameumer25ApainelestilopetshopImeupetIappAvendorAphpunitAphp-code-coverageAtests" "Mozilla/5.0 AppleWebKit/537.36 (KHTML, like Gecko; compatible; GPTBot/1.3; +https://openai.com/gptbot)" www.netodolele.com.br.meumercado.app 162.241.203.76
74.7.241.0 - - [10/Mar/2026:11:05:31 -0300] "GET /inline-edit-post.min.js?p=Ahome2Ameumer25ApainelbistroemcasaImeurestauranteIappAvendorApsrAcontainer HTTP/2.0" 200 27136 "https://www.netodolele.com.br.meumercado.app/inline-edit-post.min.js?p=Ahome2Ameumer25ApainelbistroemcasaImeurestauranteIappAvendorApsr" "Mozilla/5.0 AppleWebKit/537.36 (KHTML, like Gecko; compatible; GPTBot/1.3; +https://openai.com/gptbot)" www.netodolele.com.br.meumercado.app 162.241.203.76
74.7.227.186 - - [10/Mar/2026:11:05:32 -0300] "GET /edit-post.min.js?p=Ahome2Ameumer25AIssh HTTP/2.0" 200 26714 "https://netodolele.com.br.meumercado.app/edit-post.min.js?p=Ahome2Ameumer25" "Mozilla/5.0 AppleWebKit/537.36 (KHTML, like Gecko; compatible; GPTBot/1.3; +https://openai.com/gptbot)" netodolele.com.br.meumercado.app 162.241.203.76
74.7.241.0 - - [10/Mar/2026:11:05:34 -0300] "GET /inline-edit-post.min.js?p=Ahome2Ameumer25ApainelbistroemcasaImeurestauranteIappAIideaAcommandlinetools HTTP/2.0" 200 27024 "https://www.netodolele.com.br.meumercado.app/inline-edit-post.min.js?p=Ahome2Ameumer25ApainelbistroemcasaImeurestauranteIappAIidea" "Mozilla/5.0 AppleWebKit/537.36 (KHTML, like Gecko; compatible; GPTBot/1.3; +https://openai.com/gptbot)" www.netodolele.com.br.meumercado.app 162.241.203.76
74.7.241.0 - - [10/Mar/2026:11:05:38 -0300] "GET /post.min.js?p=Ahome2Ameumer25ApainelestilopetshopImeupetIappAvendorAphpunitAphp-code-coverageAtests HTTP/2.0" 200 27097 "https://www.netodolele.com.br.meumercado.app/post.min.js?p=Ahome2Ameumer25ApainelestilopetshopImeupetIappAvendorAphpunitAphp-code-coverage" "Mozilla/5.0 AppleWebKit/537.36 (KHTML, like Gecko; compatible; GPTBot/1.3; +https://openai.com/gptbot)" www.netodolele.com.br.meumercado.app 162.241.203.76
74.7.241.0 - - [10/Mar/2026:11:05:41 -0300] "GET /edit-post.js?edit=MethodC.php&p=Ahome2Ameumer25ApainelestilopetshopImeupetIappAvendorAphpunitAphp-token-streamAsrc HTTP/2.0" 409 83 "https://www.netodolele.com.br.meumercado.app/edit-post.js?p=Ahome2Ameumer25ApainelestilopetshopImeupetIappAvendorAphpunitAphp-token-streamAsrc" "Mozilla/5.0 AppleWebKit/537.36 (KHTML, like Gecko; compatible; GPTBot/1.3; +https://openai.com/gptbot)" www.netodolele.com.br.meumercado.app 162.241.203.76
74.7.241.0 - - [10/Mar/2026:11:05:44 -0300] "GET /post-formats.png?p=Ahome2Ameumer25ApainelestilopetshopImeupetIappAvendorAphpunitAphp-file-iteratorAsrc HTTP/2.0" 200 27198 "https://www.netodolele.com.br.meumercado.app/post-formats.png?p=Ahome2Ameumer25ApainelestilopetshopImeupetIappAvendorAphpunitAphp-file-iterator" "Mozilla/5.0 AppleWebKit/537.36 (KHTML, like Gecko; compatible; GPTBot/1.3; +https://openai.com/gptbot)" www.netodolele.com.br.meumercado.app 162.241.203.76
74.7.227.186 - - [10/Mar/2026:11:05:46 -0300] "GET /edit-post.js?p=Ahome2Ameumer25AtestingImeumercadoIapp HTTP/2.0" 200 29129 "https://netodolele.com.br.meumercado.app/edit-post.js?p=Ahome2Ameumer25" "Mozilla/5.0 AppleWebKit/537.36 (KHTML, like Gecko; compatible; GPTBot/1.3; +https://openai.com/gptbot)" netodolele.com.br.meumercado.app 162.241.203.76
162.241.203.76 - - [10/Mar/2026:11:05:53 -0300] "POST /wp-cron.php?doing_wp_cron=1773151553.9758560657501220703125 HTTP/1.1" 200 - "-" "WordPress/6.9.1; https://netodolele.com.br" netodolele.com.br 162.241.203.76
74.7.241.0 - - [10/Mar/2026:11:05:53 -0300] "GET /set-post-thumbnail.min.js?p=Ahome2Ameumer25ApainelestilopetshopImeupetIappAappAConsoleACommands HTTP/2.0" 200 27400 "https://www.netodolele.com.br.meumercado.app/set-post-thumbnail.min.js?p=Ahome2Ameumer25ApainelestilopetshopImeupetIappAappAConsole" "Mozilla/5.0 AppleWebKit/537.36 (KHTML, like Gecko; compatible; GPTBot/1.3; +https://openai.com/gptbot)" www.netodolele.com.br.meumercado.app 162.241.203.76
74.7.227.186 - - [10/Mar/2026:11:05:59 -0300] "GET /inline-edit-post.min.js?p=Ahome2Ameumer25ApainelestilopetshopImeupetIappAvendorAphpunitAphp-code-coverageAsrcADriver HTTP/2.0" 200 104 "https://netodolele.com.br.meumercado.app/inline-edit-post.min.js?p=Ahome2Ameumer25ApainelestilopetshopImeupetIappAvendorAphpunitAphp-code-coverageAsrc" "Mozilla/5.0 AppleWebKit/537.36 (KHTML, like Gecko; compatible; GPTBot/1.3; +https://openai.com/gptbot)" netodolele.com.br.meumercado.app 162.241.203.76
74.7.241.0 - - [10/Mar/2026:11:06:02 -0300] "GET /post.min.js?p=Ahome2Ameumer25ApainelestilopetshopImeupetIappAvendorAphpunitAphp-file-iteratorAsrc HTTP/2.0" 200 27198 "https://www.netodolele.com.br.meumercado.app/post.min.js?p=Ahome2Ameumer25ApainelestilopetshopImeupetIappAvendorAphpunitAphp-file-iterator" "Mozilla/5.0 AppleWebKit/537.36 (KHTML, like Gecko; compatible; GPTBot/1.3; +https://openai.com/gptbot)" www.netodolele.com.br.meumercado.app 162.241.203.76
74.7.241.0 - - [10/Mar/2026:11:06:09 -0300] "GET /inline-edit-post.js?p=Ahome2Ameumer25ApainelestilopetshopImeupetIappAvendorAphpunitAphp-timerAIgithub HTTP/2.0" 200 26958 "https://www.netodolele.com.br.meumercado.app/inline-edit-post.js?p=Ahome2Ameumer25ApainelestilopetshopImeupetIappAvendorAphpunitAphp-timer" "Mozilla/5.0 AppleWebKit/537.36 (KHTML, like Gecko; compatible; GPTBot/1.3; +https://openai.com/gptbot)" www.netodolele.com.br.meumercado.app 162.241.203.76
74.7.227.186 - - [10/Mar/2026:11:06:09 -0300] "GET /inline-edit-post.min.js?p=Ahome2Ameumer25AIsubversionAauth HTTP/2.0" 200 26720 "https://netodolele.com.br.meumercado.app/inline-edit-post.min.js?p=Ahome2Ameumer25AIsubversion" "Mozilla/5.0 AppleWebKit/537.36 (KHTML, like Gecko; compatible; GPTBot/1.3; +https://openai.com/gptbot)" netodolele.com.br.meumercado.app 162.241.203.76
74.7.241.0 - - [10/Mar/2026:11:06:16 -0300] "GET /inline-edit-post.min.js?p=Ahome2Ameumer25ApainelestilopetshopImeupetIappAvendorAmadnestAmadzipperAsrc HTTP/2.0" 200 26650 "https://www.netodolele.com.br.meumercado.app/inline-edit-post.min.js?p=Ahome2Ameumer25ApainelestilopetshopImeupetIappAvendorAmadnestAmadzipper" "Mozilla/5.0 AppleWebKit/537.36 (KHTML, like Gecko; compatible; GPTBot/1.3; +https://openai.com/gptbot)" www.netodolele.com.br.meumercado.app 162.241.203.76
74.7.227.186 - - [10/Mar/2026:11:06:19 -0300] "GET /post-update.sample?p=Ahome2Ameumer25AtmpAwebalizerftp HTTP/1.1" 200 26569 "https://netodolele.com.br.meumercado.app/post-update.sample?p=Ahome2Ameumer25Atmp" "Mozilla/5.0 AppleWebKit/537.36 (KHTML, like Gecko; compatible; GPTBot/1.3; +https://openai.com/gptbot)" netodolele.com.br.meumercado.app 162.241.203.76
74.7.227.186 - - [10/Mar/2026:11:06:19 -0300] "GET /post-update.sample?p=Ahome2Ameumer25AtmpAwebalizerftp HTTP/2.0" 200 26569 "https://netodolele.com.br.meumercado.app/post-update.sample?p=Ahome2Ameumer25Atmp" "Mozilla/5.0 AppleWebKit/537.36 (KHTML, like Gecko; compatible; GPTBot/1.3; +https://openai.com/gptbot)" netodolele.com.br.meumercado.app 162.241.203.76
74.7.241.0 - - [10/Mar/2026:11:06:23 -0300] "GET /post-formats.png?edit=Namespace.php&p=Ahome2Ameumer25ApainelestilopetshopImeupetIappAvendorAphpunitAphp-token-streamAsrc HTTP/2.0" 409 83 "https://www.netodolele.com.br.meumercado.app/post-formats.png?p=Ahome2Ameumer25ApainelestilopetshopImeupetIappAvendorAphpunitAphp-token-streamAsrc" "Mozilla/5.0 AppleWebKit/537.36 (KHTML, like Gecko; compatible; GPTBot/1.3; +https://openai.com/gptbot)" www.netodolele.com.br.meumercado.app 162.241.203.76
74.7.227.186 - - [10/Mar/2026:11:06:27 -0300] "GET /post-update.sample?p=Ahome2Ameumer25AnetodoleleIcomIbr HTTP/1.1" 200 28525 "https://netodolele.com.br.meumercado.app/post-update.sample" "Mozilla/5.0 AppleWebKit/537.36 (KHTML, like Gecko; compatible; GPTBot/1.3; +https://openai.com/gptbot)" netodolele.com.br.meumercado.app 162.241.203.76
74.7.227.186 - - [10/Mar/2026:11:06:27 -0300] "GET /post-update.sample?p=Ahome2Ameumer25AnetodoleleIcomIbr HTTP/2.0" 200 28525 "https://netodolele.com.br.meumercado.app/post-update.sample" "Mozilla/5.0 AppleWebKit/537.36 (KHTML, like Gecko; compatible; GPTBot/1.3; +https://openai.com/gptbot)" netodolele.com.br.meumercado.app 162.241.203.76
74.7.241.0 - - [10/Mar/2026:11:06:28 -0300] "GET /inline-edit-post.min.js?p=Ahome2Ameumer25ApainelestilopetshopImeupetIappAstorageAappApublicAadmin HTTP/2.0" 200 26727 "https://www.netodolele.com.br.meumercado.app/inline-edit-post.min.js?p=Ahome2Ameumer25ApainelestilopetshopImeupetIappAstorageAappApublic" "Mozilla/5.0 AppleWebKit/537.36 (KHTML, like Gecko; compatible; GPTBot/1.3; +https://openai.com/gptbot)" www.netodolele.com.br.meumercado.app 162.241.203.76
74.7.241.49 - - [10/Mar/2026:11:06:29 -0300] "GET /blog/man2-r62h8htuq4ajchlvxkcfolaexe4masu2g3oz51vjbc.jpg?edit=block.json&p=Ahome2Ameumer25AnetodoleleIcomIbrAwp-includesAblocksApost-excerpt HTTP/2.0" 200 26778 "https://netodolele.com.br/blog/man2-r62h8htuq4ajchlvxkcfolaexe4masu2g3oz51vjbc.jpg?p=Ahome2Ameumer25AnetodoleleIcomIbrAwp-includesAblocksApost-excerpt" "Mozilla/5.0 AppleWebKit/537.36 (KHTML, like Gecko; compatible; GPTBot/1.3; +https://openai.com/gptbot)" netodolele.com.br 162.241.203.76
74.7.227.186 - - [10/Mar/2026:11:06:36 -0300] "GET /post-update.sample?p=Ahome2Ameumer25AminhafarmaciaIapp HTTP/1.1" 200 28974 "https://netodolele.com.br.meumercado.app/post-update.sample?p=Ahome2Ameumer25" "Mozilla/5.0 AppleWebKit/537.36 (KHTML, like Gecko; compatible; GPTBot/1.3; +https://openai.com/gptbot)" netodolele.com.br.meumercado.app 162.241.203.76
74.7.227.186 - - [10/Mar/2026:11:06:36 -0300] "GET /post-update.sample?p=Ahome2Ameumer25AminhafarmaciaIapp HTTP/2.0" 200 28974 "https://netodolele.com.br.meumercado.app/post-update.sample?p=Ahome2Ameumer25" "Mozilla/5.0 AppleWebKit/537.36 (KHTML, like Gecko; compatible; GPTBot/1.3; +https://openai.com/gptbot)" netodolele.com.br.meumercado.app 162.241.203.76
74.7.227.186 - - [10/Mar/2026:11:06:43 -0300] "GET /edit-post.min.js?p=Ahome2Ameumer25ApainelestilopetshopImeupetIappAvendorAphpunitAphp-timerAtests HTTP/2.0" 200 26718 "https://netodolele.com.br.meumercado.app/edit-post.min.js?p=Ahome2Ameumer25ApainelestilopetshopImeupetIappAvendorAphpunitAphp-timer" "Mozilla/5.0 AppleWebKit/537.36 (KHTML, like Gecko; compatible; GPTBot/1.3; +https://openai.com/gptbot)" netodolele.com.br.meumercado.app 162.241.203.76
74.7.241.0 - - [10/Mar/2026:11:06:46 -0300] "GET /inline-edit-post.min.js?p=Ahome2Ameumer25ApainelbistroemcasaImeurestauranteIappAvendorApsrAcontainerAsrc HTTP/2.0" 200 27214 "https://www.netodolele.com.br.meumercado.app/inline-edit-post.min.js?p=Ahome2Ameumer25ApainelbistroemcasaImeurestauranteIappAvendorApsrAcontainer" "Mozilla/5.0 AppleWebKit/537.36 (KHTML, like Gecko; compatible; GPTBot/1.3; +https://openai.com/gptbot)" www.netodolele.com.br.meumercado.app 162.241.203.76
74.7.227.186 - - [10/Mar/2026:11:06:49 -0300] "GET /inline-edit-post.min.js?p=Ahome2Ameumer25ApainelestilopetshopImeupetIappAappAHttpAControllersAApi HTTP/2.0" 200 104 "https://netodolele.com.br.meumercado.app/inline-edit-post.min.js?p=Ahome2Ameumer25ApainelestilopetshopImeupetIappAappAHttpAControllers" "Mozilla/5.0 AppleWebKit/537.36 (KHTML, like Gecko; compatible; GPTBot/1.3; +https://openai.com/gptbot)" netodolele.com.br.meumercado.app 162.241.203.76
162.241.203.76 - - [10/Mar/2026:11:06:55 -0300] "POST /wp-cron.php?doing_wp_cron=1773151615.7041640281677246093750 HTTP/1.1" 200 - "-" "WordPress/6.9.1; https://netodolele.com.br" netodolele.com.br 162.241.203.76
74.7.227.186 - - [10/Mar/2026:11:06:55 -0300] "GET /inline-edit-post.min.js?p=Ahome2Ameumer25ApainelestilopetshopImeupetIappAIideaAcommandlinetools HTTP/2.0" 200 27039 "https://netodolele.com.br.meumercado.app/inline-edit-post.min.js?p=Ahome2Ameumer25ApainelestilopetshopImeupetIappAIidea" "Mozilla/5.0 AppleWebKit/537.36 (KHTML, like Gecko; compatible; GPTBot/1.3; +https://openai.com/gptbot)" netodolele.com.br.meumercado.app 162.241.203.76
74.7.227.186 - - [10/Mar/2026:11:07:00 -0300] "GET /inline-edit-post.js?p=Ahome2Ameumer25ApainelestilopetshopImeupetIappAvendorAphpunitAphp-timerAtests HTTP/2.0" 200 26718 "https://netodolele.com.br.meumercado.app/inline-edit-post.js?p=Ahome2Ameumer25ApainelestilopetshopImeupetIappAvendorAphpunitAphp-timer" "Mozilla/5.0 AppleWebKit/537.36 (KHTML, like Gecko; compatible; GPTBot/1.3; +https://openai.com/gptbot)" netodolele.com.br.meumercado.app 162.241.203.76
74.7.241.0 - - [10/Mar/2026:11:07:01 -0300] "GET /inline-edit-post.min.js?edit=user.php&p=Ahome2Ameumer25AmeupetIappAwp-includes HTTP/2.0" 409 83 "https://www.netodolele.com.br.meumercado.app/inline-edit-post.min.js?p=Ahome2Ameumer25AmeupetIappAwp-includes" "Mozilla/5.0 AppleWebKit/537.36 (KHTML, like Gecko; compatible; GPTBot/1.3; +https://openai.com/gptbot)" www.netodolele.com.br.meumercado.app 162.241.203.76
74.7.227.186 - - [10/Mar/2026:11:07:05 -0300] "GET /post-update.sample?p=Ahome2Ameumer25AmeupetIappAwp-includesAblocksApost-terms HTTP/1.1" 200 27252 "https://netodolele.com.br.meumercado.app/post-update.sample?p=Ahome2Ameumer25AmeupetIappAwp-includesAblocks" "Mozilla/5.0 AppleWebKit/537.36 (KHTML, like Gecko; compatible; GPTBot/1.3; +https://openai.com/gptbot)" netodolele.com.br.meumercado.app 162.241.203.76
74.7.227.186 - - [10/Mar/2026:11:07:05 -0300] "GET /post-update.sample?p=Ahome2Ameumer25AmeupetIappAwp-includesAblocksApost-terms HTTP/2.0" 200 27252 "https://netodolele.com.br.meumercado.app/post-update.sample?p=Ahome2Ameumer25AmeupetIappAwp-includesAblocks" "Mozilla/5.0 AppleWebKit/537.36 (KHTML, like Gecko; compatible; GPTBot/1.3; +https://openai.com/gptbot)" netodolele.com.br.meumercado.app 162.241.203.76
74.7.227.186 - - [10/Mar/2026:11:07:09 -0300] "GET /edit-post.js?p=Ahome2Ameumer25AtestingImeumercadoIappAcache HTTP/2.0" 200 26691 "https://netodolele.com.br.meumercado.app/edit-post.js?p=Ahome2Ameumer25AtestingImeumercadoIapp" "Mozilla/5.0 AppleWebKit/537.36 (KHTML, like Gecko; compatible; GPTBot/1.3; +https://openai.com/gptbot)" netodolele.com.br.meumercado.app 162.241.203.76
74.7.227.186 - - [10/Mar/2026:11:07:13 -0300] "GET /edit-post.js?p=Ahome2Ameumer25AtestingImeumercadoIappA_next HTTP/2.0" 200 26766 "https://netodolele.com.br.meumercado.app/edit-post.js?p=Ahome2Ameumer25AtestingImeumercadoIapp" "Mozilla/5.0 AppleWebKit/537.36 (KHTML, like Gecko; compatible; GPTBot/1.3; +https://openai.com/gptbot)" netodolele.com.br.meumercado.app 162.241.203.76
74.7.241.0 - - [10/Mar/2026:11:07:14 -0300] "GET /post.min.js?p=Ahome2Ameumer25ApainelestilopetshopImeupetIappAvendorAphpunitAphp-code-coverageAtestsA_files HTTP/2.0" 200 38844 "https://www.netodolele.com.br.meumercado.app/post.min.js?p=Ahome2Ameumer25ApainelestilopetshopImeupetIappAvendorAphpunitAphp-code-coverageAtests" "Mozilla/5.0 AppleWebKit/537.36 (KHTML, like Gecko; compatible; GPTBot/1.3; +https://openai.com/gptbot)" www.netodolele.com.br.meumercado.app 162.241.203.76
74.7.227.186 - - [10/Mar/2026:11:07:16 -0300] "GET /inline-edit-post.min.js?p=Ahome2Ameumer25AIsubversionAauthAsvnIsslIclient-passphrase HTTP/2.0" 200 26641 "https://netodolele.com.br.meumercado.app/inline-edit-post.min.js?p=Ahome2Ameumer25AIsubversionAauth" "Mozilla/5.0 AppleWebKit/537.36 (KHTML, like Gecko; compatible; GPTBot/1.3; +https://openai.com/gptbot)" netodolele.com.br.meumercado.app 162.241.203.76
74.7.227.186 - - [10/Mar/2026:11:07:19 -0300] "GET /inline-edit-post.min.js?p=Ahome2Ameumer25AIsubversionAauthAsvnIusername HTTP/2.0" 200 26616 "https://netodolele.com.br.meumercado.app/inline-edit-post.min.js?p=Ahome2Ameumer25AIsubversionAauth" "Mozilla/5.0 AppleWebKit/537.36 (KHTML, like Gecko; compatible; GPTBot/1.3; +https://openai.com/gptbot)" netodolele.com.br.meumercado.app 162.241.203.76
74.7.227.186 - - [10/Mar/2026:11:07:23 -0300] "GET /post-update.sample?p=Ahome2Ameumer25AnetodoleleIcomIbrAwp-admin HTTP/2.0" 200 38246 "https://netodolele.com.br.meumercado.app/post-update.sample?p=Ahome2Ameumer25AnetodoleleIcomIbr" "Mozilla/5.0 AppleWebKit/537.36 (KHTML, like Gecko; compatible; GPTBot/1.3; +https://openai.com/gptbot)" netodolele.com.br.meumercado.app 162.241.203.76
74.7.241.49 - - [10/Mar/2026:11:07:24 -0300] "GET /blog/man2-r62h8htuq4ajchlvxkcfolaexe4masu2g3oz51vjbc.jpg?edit=comment-reply-link.php&p=Ahome2Ameumer25AminhafarmaciaIappAwp-includesAblocks HTTP/2.0" 409 83 "https://netodolele.com.br/blog/man2-r62h8htuq4ajchlvxkcfolaexe4masu2g3oz51vjbc.jpg?p=Ahome2Ameumer25AminhafarmaciaIappAwp-includesAblocks" "Mozilla/5.0 AppleWebKit/537.36 (KHTML, like Gecko; compatible; GPTBot/1.3; +https://openai.com/gptbot)" netodolele.com.br 162.241.203.76
74.7.227.186 - - [10/Mar/2026:11:07:26 -0300] "GET /post-update.sample?edit=index.php&p=Ahome2Ameumer25AminhafarmaciaIapp HTTP/2.0" 409 83 "https://netodolele.com.br.meumercado.app/post-update.sample?p=Ahome2Ameumer25AminhafarmaciaIapp" "Mozilla/5.0 AppleWebKit/537.36 (KHTML, like Gecko; compatible; GPTBot/1.3; +https://openai.com/gptbot)" netodolele.com.br.meumercado.app 162.241.203.76
74.7.227.186 - - [10/Mar/2026:11:07:29 -0300] "GET /post-update.sample?p=Ahome2Ameumer25AminhafarmaciaIappAwp-admin HTTP/2.0" 200 38137 "https://netodolele.com.br.meumercado.app/post-update.sample?p=Ahome2Ameumer25AminhafarmaciaIapp" "Mozilla/5.0 AppleWebKit/537.36 (KHTML, like Gecko; compatible; GPTBot/1.3; +https://openai.com/gptbot)" netodolele.com.br.meumercado.app 162.241.203.76
74.7.227.186 - - [10/Mar/2026:11:07:38 -0300] "GET /post-update.sample?p=Ahome2Ameumer25AnetodoleleIcomIbrAItmb HTTP/1.1" 200 26638 "https://netodolele.com.br.meumercado.app/post-update.sample?p=Ahome2Ameumer25AnetodoleleIcomIbr" "Mozilla/5.0 AppleWebKit/537.36 (KHTML, like Gecko; compatible; GPTBot/1.3; +https://openai.com/gptbot)" netodolele.com.br.meumercado.app 162.241.203.76
74.7.227.186 - - [10/Mar/2026:11:07:38 -0300] "GET /post-update.sample?p=Ahome2Ameumer25AnetodoleleIcomIbrAItmb HTTP/2.0" 200 26638 "https://netodolele.com.br.meumercado.app/post-update.sample?p=Ahome2Ameumer25AnetodoleleIcomIbr" "Mozilla/5.0 AppleWebKit/537.36 (KHTML, like Gecko; compatible; GPTBot/1.3; +https://openai.com/gptbot)" netodolele.com.br.meumercado.app 162.241.203.76
74.7.227.186 - - [10/Mar/2026:11:07:47 -0300] "GET /post-update.sample?p=Ahome2Ameumer25AminhafarmaciaIappAimages HTTP/1.1" 200 26704 "https://netodolele.com.br.meumercado.app/post-update.sample?p=Ahome2Ameumer25AminhafarmaciaIapp" "Mozilla/5.0 AppleWebKit/537.36 (KHTML, like Gecko; compatible; GPTBot/1.3; +https://openai.com/gptbot)" netodolele.com.br.meumercado.app 162.241.203.76
74.7.227.186 - - [10/Mar/2026:11:07:47 -0300] "GET /post-update.sample?p=Ahome2Ameumer25AminhafarmaciaIappAimages HTTP/2.0" 200 26704 "https://netodolele.com.br.meumercado.app/post-update.sample?p=Ahome2Ameumer25AminhafarmaciaIapp" "Mozilla/5.0 AppleWebKit/537.36 (KHTML, like Gecko; compatible; GPTBot/1.3; +https://openai.com/gptbot)" netodolele.com.br.meumercado.app 162.241.203.76
74.7.241.0 - - [10/Mar/2026:11:07:53 -0300] "GET /list-reusable-blocks.js HTTP/2.0" 200 27099 "https://www.netodolele.com.br.meumercado.app/post-update.sample?p=Ahome2Ameumer25AmeupetIappAwp-includesAjsAdist" "Mozilla/5.0 AppleWebKit/537.36 (KHTML, like Gecko; compatible; GPTBot/1.3; +https://openai.com/gptbot)" www.netodolele.com.br.meumercado.app 162.241.203.76
162.241.203.76 - - [10/Mar/2026:11:07:55 -0300] "POST /wp-cron.php?doing_wp_cron=1773151675.8004910945892333984375 HTTP/1.1" 200 - "-" "WordPress/6.9.1; https://netodolele.com.br" netodolele.com.br 162.241.203.76
74.7.227.186 - - [10/Mar/2026:11:07:55 -0300] "GET /inline-edit-post.min.js?p=Ahome2Ameumer25AIsubversionAauthAsvnIsimple HTTP/2.0" 200 26616 "https://netodolele.com.br.meumercado.app/inline-edit-post.min.js?p=Ahome2Ameumer25AIsubversionAauth" "Mozilla/5.0 AppleWebKit/537.36 (KHTML, like Gecko; compatible; GPTBot/1.3; +https://openai.com/gptbot)" netodolele.com.br.meumercado.app 162.241.203.76
74.7.227.186 - - [10/Mar/2026:11:08:02 -0300] "GET /edit-post.js?p=Ahome2Ameumer25AtestingImeumercadoIappAserver HTTP/2.0" 200 27820 "https://netodolele.com.br.meumercado.app/edit-post.js?p=Ahome2Ameumer25AtestingImeumercadoIapp" "Mozilla/5.0 AppleWebKit/537.36 (KHTML, like Gecko; compatible; GPTBot/1.3; +https://openai.com/gptbot)" netodolele.com.br.meumercado.app 162.241.203.76
74.7.227.186 - - [10/Mar/2026:11:08:08 -0300] "GET /edit-post.js?p=Ahome2Ameumer25AtestingImeumercadoIappAstatic HTTP/2.0" 200 26777 "https://netodolele.com.br.meumercado.app/edit-post.js?p=Ahome2Ameumer25AtestingImeumercadoIapp" "Mozilla/5.0 AppleWebKit/537.36 (KHTML, like Gecko; compatible; GPTBot/1.3; +https://openai.com/gptbot)" netodolele.com.br.meumercado.app 162.241.203.76
74.7.241.49 - - [10/Mar/2026:11:08:13 -0300] "GET /blog/man2-r62h8htuq4ajchlvxkcfolaexe4masu2g3oz51vjbc.jpg?edit=comment-reply-link.php&p=Ahome2Ameumer25AnetodoleleIcomIbrAwp-includesAblocks HTTP/2.0" 409 83 "https://netodolele.com.br/blog/man2-r62h8htuq4ajchlvxkcfolaexe4masu2g3oz51vjbc.jpg?p=Ahome2Ameumer25AnetodoleleIcomIbrAwp-includesAblocks" "Mozilla/5.0 AppleWebKit/537.36 (KHTML, like Gecko; compatible; GPTBot/1.3; +https://openai.com/gptbot)" netodolele.com.br 162.241.203.76
74.7.227.186 - - [10/Mar/2026:11:08:14 -0300] "GET /edit-post.js?p=Ahome2Ameumer25AtestingImeumercadoIappAimages HTTP/2.0" 200 26830 "https://netodolele.com.br.meumercado.app/edit-post.js?p=Ahome2Ameumer25AtestingImeumercadoIapp" "Mozilla/5.0 AppleWebKit/537.36 (KHTML, like Gecko; compatible; GPTBot/1.3; +https://openai.com/gptbot)" netodolele.com.br.meumercado.app 162.241.203.76
