74.7.241.49 - - [10/Mar/2026:10:26:28 -0300] "GET /blog/class-uagb-twenty-seventeen-compatibility.php HTTP/2.0" 409 83 "https://netodolele.com.br/blog/man2-r62h8htuq4ajchlvxkcfolaexe4masu2g3oz51vjbc.jpg?p=Ahome2Ameumer25Apublic_htmlAwp-contentApluginsAultimate-addons-for-gutenbergAclasses" "Mozilla/5.0 AppleWebKit/537.36 (KHTML, like Gecko; compatible; GPTBot/1.3; +https://openai.com/gptbot)" netodolele.com.br 162.241.203.76
74.7.241.0 - - [10/Mar/2026:10:26:30 -0300] "GET /edit-post.min.js?p=Ahome2Ameumer25AmeupetIappAwp-includesAjsAtinymceApluginsAwpgallery HTTP/2.0" 200 26883 "https://www.netodolele.com.br.meumercado.app/edit-post.min.js?p=Ahome2Ameumer25AmeupetIappAwp-includesAjsAtinymceAplugins" "Mozilla/5.0 AppleWebKit/537.36 (KHTML, like Gecko; compatible; GPTBot/1.3; +https://openai.com/gptbot)" www.netodolele.com.br.meumercado.app 162.241.203.76
74.7.227.186 - - [10/Mar/2026:10:26:35 -0300] "GET /post-formats-vs.png?p=Ahome2Ameumer25AminhafarmaciaIappAwp-includesAassets HTTP/2.0" 200 28474 "https://netodolele.com.br.meumercado.app/post-formats-vs.png?p=Ahome2Ameumer25AminhafarmaciaIappAwp-includes" "Mozilla/5.0 AppleWebKit/537.36 (KHTML, like Gecko; compatible; GPTBot/1.3; +https://openai.com/gptbot)" netodolele.com.br.meumercado.app 162.241.203.76
74.7.241.0 - - [10/Mar/2026:10:26:36 -0300] "GET /edit-post.min.js?p=Ahome2Ameumer25AmeupetIappAwp-includesASimplePieAlibraryASimplePieANet HTTP/2.0" 200 26698 "https://www.netodolele.com.br.meumercado.app/edit-post.min.js?p=Ahome2Ameumer25AmeupetIappAwp-includesASimplePieAlibraryASimplePie" "Mozilla/5.0 AppleWebKit/537.36 (KHTML, like Gecko; compatible; GPTBot/1.3; +https://openai.com/gptbot)" www.netodolele.com.br.meumercado.app 162.241.203.76
74.7.241.49 - - [10/Mar/2026:10:26:37 -0300] "GET /blog/smart-address-field.jpg?p=Ahome2Ameumer25AnetodoleleIcomIbrAwp-contentApluginsAelementorAassetsAlibAflatpickr HTTP/2.0" 200 27451 "https://netodolele.com.br/blog/smart-address-field.jpg?p=Ahome2Ameumer25AnetodoleleIcomIbrAwp-contentApluginsAelementorAassetsAlib" "Mozilla/5.0 AppleWebKit/537.36 (KHTML, like Gecko; compatible; GPTBot/1.3; +https://openai.com/gptbot)" netodolele.com.br 162.241.203.76
74.7.241.0 - - [10/Mar/2026:10:26:42 -0300] "GET /edit-post.min.js?p=Ahome2Ameumer25AmeupetIappAwp-includesASimplePieAsrcAContentAType HTTP/2.0" 200 26714 "https://www.netodolele.com.br.meumercado.app/edit-post.min.js?p=Ahome2Ameumer25AmeupetIappAwp-includesASimplePieAsrcAContent" "Mozilla/5.0 AppleWebKit/537.36 (KHTML, like Gecko; compatible; GPTBot/1.3; +https://openai.com/gptbot)" www.netodolele.com.br.meumercado.app 162.241.203.76
74.7.241.0 - - [10/Mar/2026:10:26:47 -0300] "GET /post-formats-vs.png?p=Ahome2Ameumer25AmeupetIappAwp-includesAsodium_compatAnamespacedACore HTTP/2.0" 200 29197 "https://www.netodolele.com.br.meumercado.app/post-formats-vs.png?p=Ahome2Ameumer25AmeupetIappAwp-includesAsodium_compatAnamespaced" "Mozilla/5.0 AppleWebKit/537.36 (KHTML, like Gecko; compatible; GPTBot/1.3; +https://openai.com/gptbot)" www.netodolele.com.br.meumercado.app 162.241.203.76
162.241.203.76 - - [10/Mar/2026:10:26:52 -0300] "POST /wp-cron.php?doing_wp_cron=1773149212.4785530567169189453125 HTTP/1.1" 200 - "-" "WordPress/6.9.1; https://netodolele.com.br" netodolele.com.br 162.241.203.76
74.7.241.0 - - [10/Mar/2026:10:26:52 -0300] "GET /post-formats-vs.png?p=Ahome2Ameumer25AmeupetIappAwp-includesAsodium_compatAsrcACore HTTP/2.0" 200 29757 "https://www.netodolele.com.br.meumercado.app/post-formats-vs.png?p=Ahome2Ameumer25AmeupetIappAwp-includesAsodium_compatAsrc" "Mozilla/5.0 AppleWebKit/537.36 (KHTML, like Gecko; compatible; GPTBot/1.3; +https://openai.com/gptbot)" www.netodolele.com.br.meumercado.app 162.241.203.76
74.7.227.186 - - [10/Mar/2026:10:26:53 -0300] "GET /post-formats-vs.png?p=Ahome2Ameumer25AminhafarmaciaIappAwp-includesApomo HTTP/2.0" 200 27120 "https://netodolele.com.br.meumercado.app/post-formats-vs.png?p=Ahome2Ameumer25AminhafarmaciaIappAwp-includes" "Mozilla/5.0 AppleWebKit/537.36 (KHTML, like Gecko; compatible; GPTBot/1.3; +https://openai.com/gptbot)" netodolele.com.br.meumercado.app 162.241.203.76
74.7.241.0 - - [10/Mar/2026:10:26:56 -0300] "GET /post-formats-vs.png?p=Ahome2Ameumer25AmeupetIappAwp-includesAjsAtinymceApluginsAimage HTTP/2.0" 200 26815 "https://www.netodolele.com.br.meumercado.app/post-formats-vs.png?p=Ahome2Ameumer25AmeupetIappAwp-includesAjsAtinymceAplugins" "Mozilla/5.0 AppleWebKit/537.36 (KHTML, like Gecko; compatible; GPTBot/1.3; +https://openai.com/gptbot)" www.netodolele.com.br.meumercado.app 162.241.203.76
74.7.241.0 - - [10/Mar/2026:10:26:59 -0300] "GET /post-formats-vs.png?p=Ahome2Ameumer25AmeupetIappAwp-includesAblocksApost-featured-image HTTP/2.0" 200 28387 "https://www.netodolele.com.br.meumercado.app/post-formats-vs.png?p=Ahome2Ameumer25AmeupetIappAwp-includesAblocks" "Mozilla/5.0 AppleWebKit/537.36 (KHTML, like Gecko; compatible; GPTBot/1.3; +https://openai.com/gptbot)" www.netodolele.com.br.meumercado.app 162.241.203.76
74.7.241.0 - - [10/Mar/2026:10:27:03 -0300] "GET /post-formats-vs.png?p=Ahome2Ameumer25AmeupetIappAwp-includesAjsAdistAscript-modulesAinteractivity HTTP/2.0" 200 27317 "https://www.netodolele.com.br.meumercado.app/post-formats-vs.png?p=Ahome2Ameumer25AmeupetIappAwp-includesAjsAdistAscript-modules" "Mozilla/5.0 AppleWebKit/537.36 (KHTML, like Gecko; compatible; GPTBot/1.3; +https://openai.com/gptbot)" www.netodolele.com.br.meumercado.app 162.241.203.76
74.7.241.49 - - [10/Mar/2026:10:27:05 -0300] "GET /blog/smart-address-field.jpg?p=Ahome2Ameumer25AnetodoleleIcomIbrAwp-contentAthemesAastraAincAcustomizerAconfigurations HTTP/2.0" 200 27197 "https://netodolele.com.br/blog/smart-address-field.jpg?p=Ahome2Ameumer25AnetodoleleIcomIbrAwp-contentAthemesAastraAincAcustomizer" "Mozilla/5.0 AppleWebKit/537.36 (KHTML, like Gecko; compatible; GPTBot/1.3; +https://openai.com/gptbot)" netodolele.com.br 162.241.203.76
74.7.241.0 - - [10/Mar/2026:10:27:06 -0300] "GET /post-formats-vs.png?p=Ahome2Ameumer25AmeupetIappAwp-includesAblocksApost-title HTTP/2.0" 200 27257 "https://www.netodolele.com.br.meumercado.app/post-formats-vs.png?p=Ahome2Ameumer25AmeupetIappAwp-includesAblocks" "Mozilla/5.0 AppleWebKit/537.36 (KHTML, like Gecko; compatible; GPTBot/1.3; +https://openai.com/gptbot)" www.netodolele.com.br.meumercado.app 162.241.203.76
74.7.241.0 - - [10/Mar/2026:10:27:09 -0300] "GET /post-formats-vs.png?p=Ahome2Ameumer25AmeupetIappAwp-includesAblocksApost-date HTTP/2.0" 200 27246 "https://www.netodolele.com.br.meumercado.app/post-formats-vs.png?p=Ahome2Ameumer25AmeupetIappAwp-includesAblocks" "Mozilla/5.0 AppleWebKit/537.36 (KHTML, like Gecko; compatible; GPTBot/1.3; +https://openai.com/gptbot)" www.netodolele.com.br.meumercado.app 162.241.203.76
74.7.227.186 - - [10/Mar/2026:10:27:11 -0300] "GET /post-formats-vs.png?p=Ahome2Ameumer25AminhafarmaciaIappAwp-adminAincludes HTTP/2.0" 200 44299 "https://netodolele.com.br.meumercado.app/post-formats-vs.png?p=Ahome2Ameumer25AminhafarmaciaIappAwp-admin" "Mozilla/5.0 AppleWebKit/537.36 (KHTML, like Gecko; compatible; GPTBot/1.3; +https://openai.com/gptbot)" netodolele.com.br.meumercado.app 162.241.203.76
74.7.241.0 - - [10/Mar/2026:10:27:12 -0300] "GET /post-formats-vs.png?p=Ahome2Ameumer25AmeupetIappAwp-includesAjsAtinymceApluginsAwpview HTTP/2.0" 200 26814 "https://www.netodolele.com.br.meumercado.app/post-formats-vs.png?p=Ahome2Ameumer25AmeupetIappAwp-includesAjsAtinymceAplugins" "Mozilla/5.0 AppleWebKit/537.36 (KHTML, like Gecko; compatible; GPTBot/1.3; +https://openai.com/gptbot)" www.netodolele.com.br.meumercado.app 162.241.203.76
74.7.241.0 - - [10/Mar/2026:10:27:15 -0300] "GET /edit-post.min.js?p=Ahome2Ameumer25AmeupetIappAwp-includesAjsAtinymceAskinsAlightgray HTTP/2.0" 200 27223 "https://www.netodolele.com.br.meumercado.app/edit-post.min.js?p=Ahome2Ameumer25AmeupetIappAwp-includesAjsAtinymceAskins" "Mozilla/5.0 AppleWebKit/537.36 (KHTML, like Gecko; compatible; GPTBot/1.3; +https://openai.com/gptbot)" www.netodolele.com.br.meumercado.app 162.241.203.76
74.7.241.0 - - [10/Mar/2026:10:27:18 -0300] "GET /post-formats-vs.png?p=Ahome2Ameumer25AmeupetIappAwp-includesAjsAtinymceApluginsAlink HTTP/2.0" 200 26808 "https://www.netodolele.com.br.meumercado.app/post-formats-vs.png?p=Ahome2Ameumer25AmeupetIappAwp-includesAjsAtinymceAplugins" "Mozilla/5.0 AppleWebKit/537.36 (KHTML, like Gecko; compatible; GPTBot/1.3; +https://openai.com/gptbot)" www.netodolele.com.br.meumercado.app 162.241.203.76
74.7.241.0 - - [10/Mar/2026:10:27:22 -0300] "GET /edit-post.min.js?p=Ahome2Ameumer25AmeupetIappAwp-includesAjsAtinymceApluginsAtabfocus HTTP/2.0" 200 26883 "https://www.netodolele.com.br.meumercado.app/edit-post.min.js?p=Ahome2Ameumer25AmeupetIappAwp-includesAjsAtinymceAplugins" "Mozilla/5.0 AppleWebKit/537.36 (KHTML, like Gecko; compatible; GPTBot/1.3; +https://openai.com/gptbot)" www.netodolele.com.br.meumercado.app 162.241.203.76
74.7.241.0 - - [10/Mar/2026:10:27:25 -0300] "GET /post-formats-vs.png?p=Ahome2Ameumer25AmeupetIappAwp-includesAsodium_compatAnamespacedACoreACurve25519 HTTP/2.0" 200 26935 "https://www.netodolele.com.br.meumercado.app/post-formats-vs.png?p=Ahome2Ameumer25AmeupetIappAwp-includesAsodium_compatAnamespacedACore" "Mozilla/5.0 AppleWebKit/537.36 (KHTML, like Gecko; compatible; GPTBot/1.3; +https://openai.com/gptbot)" www.netodolele.com.br.meumercado.app 162.241.203.76
74.7.227.186 - - [10/Mar/2026:10:27:27 -0300] "GET /post-formats-vs.png?p=Ahome2Ameumer25AminhafarmaciaIappAwp-includesAimages HTTP/2.0" 200 31168 "https://netodolele.com.br.meumercado.app/post-formats-vs.png?p=Ahome2Ameumer25AminhafarmaciaIappAwp-includes" "Mozilla/5.0 AppleWebKit/537.36 (KHTML, like Gecko; compatible; GPTBot/1.3; +https://openai.com/gptbot)" netodolele.com.br.meumercado.app 162.241.203.76
74.7.241.0 - - [10/Mar/2026:10:27:28 -0300] "GET /post-formats-vs.png?p=Ahome2Ameumer25AmeupetIappAwp-includesAsodium_compatAsrcACoreAAEGIS HTTP/2.0" 200 104 "https://www.netodolele.com.br.meumercado.app/post-formats-vs.png?p=Ahome2Ameumer25AmeupetIappAwp-includesAsodium_compatAsrcACore" "Mozilla/5.0 AppleWebKit/537.36 (KHTML, like Gecko; compatible; GPTBot/1.3; +https://openai.com/gptbot)" www.netodolele.com.br.meumercado.app 162.241.203.76
74.7.241.49 - - [10/Mar/2026:10:27:31 -0300] "GET /blog/smart-address-field.jpg?p=Ahome2Ameumer25AnetodoleleIcomIbrAwp-contentAthemesAastraAincAcompatibilityAsurecart HTTP/2.0" 200 26829 "https://netodolele.com.br/blog/smart-address-field.jpg?p=Ahome2Ameumer25AnetodoleleIcomIbrAwp-contentAthemesAastraAincAcompatibility" "Mozilla/5.0 AppleWebKit/537.36 (KHTML, like Gecko; compatible; GPTBot/1.3; +https://openai.com/gptbot)" netodolele.com.br 162.241.203.76
74.7.241.0 - - [10/Mar/2026:10:27:31 -0300] "GET /post-formats-vs.png?p=Ahome2Ameumer25AmeupetIappAwp-includesAsodium_compatAsrcACoreAAES HTTP/2.0" 200 104 "https://www.netodolele.com.br.meumercado.app/post-formats-vs.png?p=Ahome2Ameumer25AmeupetIappAwp-includesAsodium_compatAsrcACore" "Mozilla/5.0 AppleWebKit/537.36 (KHTML, like Gecko; compatible; GPTBot/1.3; +https://openai.com/gptbot)" www.netodolele.com.br.meumercado.app 162.241.203.76
74.7.241.0 - - [10/Mar/2026:10:27:34 -0300] "GET /post-formats-vs.png?p=Ahome2Ameumer25AmeupetIappAwp-includesAsodium_compatAsrcACoreAPoly1305 HTTP/2.0" 200 26717 "https://www.netodolele.com.br.meumercado.app/post-formats-vs.png?p=Ahome2Ameumer25AmeupetIappAwp-includesAsodium_compatAsrcACore" "Mozilla/5.0 AppleWebKit/537.36 (KHTML, like Gecko; compatible; GPTBot/1.3; +https://openai.com/gptbot)" www.netodolele.com.br.meumercado.app 162.241.203.76
74.7.241.0 - - [10/Mar/2026:10:27:38 -0300] "GET /post-formats-vs.png?p=Ahome2Ameumer25AmeupetIappAwp-includesAsodium_compatAsrcACoreABase64 HTTP/2.0" 200 104 "https://www.netodolele.com.br.meumercado.app/post-formats-vs.png?p=Ahome2Ameumer25AmeupetIappAwp-includesAsodium_compatAsrcACore" "Mozilla/5.0 AppleWebKit/537.36 (KHTML, like Gecko; compatible; GPTBot/1.3; +https://openai.com/gptbot)" www.netodolele.com.br.meumercado.app 162.241.203.76
74.7.241.0 - - [10/Mar/2026:10:27:41 -0300] "GET /post-formats-vs.png?p=Ahome2Ameumer25AmeupetIappAwp-includesAjsAtinymceApluginsAwplink HTTP/2.0" 200 26815 "https://www.netodolele.com.br.meumercado.app/post-formats-vs.png?p=Ahome2Ameumer25AmeupetIappAwp-includesAjsAtinymceAplugins" "Mozilla/5.0 AppleWebKit/537.36 (KHTML, like Gecko; compatible; GPTBot/1.3; +https://openai.com/gptbot)" www.netodolele.com.br.meumercado.app 162.241.203.76
74.7.227.186 - - [10/Mar/2026:10:27:41 -0300] "GET /post-formats-vs.png?p=Ahome2Ameumer25AminhafarmaciaIappAwp-adminAnetwork HTTP/2.0" 200 29164 "https://netodolele.com.br.meumercado.app/post-formats-vs.png?p=Ahome2Ameumer25AminhafarmaciaIappAwp-admin" "Mozilla/5.0 AppleWebKit/537.36 (KHTML, like Gecko; compatible; GPTBot/1.3; +https://openai.com/gptbot)" netodolele.com.br.meumercado.app 162.241.203.76
74.7.241.0 - - [10/Mar/2026:10:27:44 -0300] "GET /post-formats-vs.png?p=Ahome2Ameumer25AmeupetIappAwp-includesAblocksApost-navigation-link HTTP/2.0" 200 27549 "https://www.netodolele.com.br.meumercado.app/post-formats-vs.png?p=Ahome2Ameumer25AmeupetIappAwp-includesAblocks" "Mozilla/5.0 AppleWebKit/537.36 (KHTML, like Gecko; compatible; GPTBot/1.3; +https://openai.com/gptbot)" www.netodolele.com.br.meumercado.app 162.241.203.76
74.7.241.0 - - [10/Mar/2026:10:27:47 -0300] "GET /edit-post.min.js?p=Ahome2Ameumer25AmeupetIappAwp-includesAsodium_compatAsrcACoreAPoly1305 HTTP/2.0" 200 26717 "https://www.netodolele.com.br.meumercado.app/edit-post.min.js?p=Ahome2Ameumer25AmeupetIappAwp-includesAsodium_compatAsrcACore" "Mozilla/5.0 AppleWebKit/537.36 (KHTML, like Gecko; compatible; GPTBot/1.3; +https://openai.com/gptbot)" www.netodolele.com.br.meumercado.app 162.241.203.76
74.7.241.0 - - [10/Mar/2026:10:27:50 -0300] "GET /post-formats-vs.png?p=Ahome2Ameumer25AmeupetIappAwp-includesAblocksApreformatted HTTP/2.0" 200 27315 "https://www.netodolele.com.br.meumercado.app/post-formats-vs.png?p=Ahome2Ameumer25AmeupetIappAwp-includesAblocks" "Mozilla/5.0 AppleWebKit/537.36 (KHTML, like Gecko; compatible; GPTBot/1.3; +https://openai.com/gptbot)" www.netodolele.com.br.meumercado.app 162.241.203.76
162.241.203.76 - - [10/Mar/2026:10:27:54 -0300] "POST /wp-cron.php?doing_wp_cron=1773149274.2729849815368652343750 HTTP/1.1" 200 - "-" "WordPress/6.9.1; https://netodolele.com.br" netodolele.com.br 162.241.203.76
74.7.241.0 - - [10/Mar/2026:10:27:54 -0300] "GET /post-formats-vs.png?p=Ahome2Ameumer25AmeupetIappAwp-includesAsodium_compatAsrcACoreASecretStream HTTP/2.0" 200 26722 "https://www.netodolele.com.br.meumercado.app/post-formats-vs.png?p=Ahome2Ameumer25AmeupetIappAwp-includesAsodium_compatAsrcACore" "Mozilla/5.0 AppleWebKit/537.36 (KHTML, like Gecko; compatible; GPTBot/1.3; +https://openai.com/gptbot)" www.netodolele.com.br.meumercado.app 162.241.203.76
74.7.241.49 - - [10/Mar/2026:10:27:54 -0300] "GET /blog/smart-address-field.jpg?p=Ahome2Ameumer25AnetodoleleIcomIbrAwp-contentAthemesAastraAincAcompatibilityAlearndash HTTP/2.0" 200 26829 "https://netodolele.com.br/blog/smart-address-field.jpg?p=Ahome2Ameumer25AnetodoleleIcomIbrAwp-contentAthemesAastraAincAcompatibility" "Mozilla/5.0 AppleWebKit/537.36 (KHTML, like Gecko; compatible; GPTBot/1.3; +https://openai.com/gptbot)" netodolele.com.br 162.241.203.76
74.7.227.186 - - [10/Mar/2026:10:27:55 -0300] "GET /inline-edit-post.js?p=Ahome2Ameumer25AmaisamorImeumercadoIappAiconsAicons HTTP/2.0" 200 26997 "https://netodolele.com.br.meumercado.app/inline-edit-post.js?p=Ahome2Ameumer25AmaisamorImeumercadoIappAicons" "Mozilla/5.0 AppleWebKit/537.36 (KHTML, like Gecko; compatible; GPTBot/1.3; +https://openai.com/gptbot)" netodolele.com.br.meumercado.app 162.241.203.76
74.7.241.0 - - [10/Mar/2026:10:27:57 -0300] "GET /post-formats-vs.png?p=Ahome2Ameumer25AmeupetIappAwp-includesAblocksAhome-link HTTP/2.0" 200 26733 "https://www.netodolele.com.br.meumercado.app/post-formats-vs.png?p=Ahome2Ameumer25AmeupetIappAwp-includesAblocks" "Mozilla/5.0 AppleWebKit/537.36 (KHTML, like Gecko; compatible; GPTBot/1.3; +https://openai.com/gptbot)" www.netodolele.com.br.meumercado.app 162.241.203.76
74.7.241.0 - - [10/Mar/2026:10:28:00 -0300] "GET /post-formats-vs.png?p=Ahome2Ameumer25AmeupetIappAwp-includesAjsAtinymceAskinsAlightgray HTTP/2.0" 200 27223 "https://www.netodolele.com.br.meumercado.app/post-formats-vs.png?p=Ahome2Ameumer25AmeupetIappAwp-includesAjsAtinymceAskins" "Mozilla/5.0 AppleWebKit/537.36 (KHTML, like Gecko; compatible; GPTBot/1.3; +https://openai.com/gptbot)" www.netodolele.com.br.meumercado.app 162.241.203.76
74.7.241.0 - - [10/Mar/2026:10:28:03 -0300] "GET /edit-post.min.js?p=Ahome2Ameumer25AmeupetIappAwp-includesASimplePieAsrcAXMLADeclaration HTTP/2.0" 200 104 "https://www.netodolele.com.br.meumercado.app/edit-post.min.js?p=Ahome2Ameumer25AmeupetIappAwp-includesASimplePieAsrcAXML" "Mozilla/5.0 AppleWebKit/537.36 (KHTML, like Gecko; compatible; GPTBot/1.3; +https://openai.com/gptbot)" www.netodolele.com.br.meumercado.app 162.241.203.76
74.7.241.0 - - [10/Mar/2026:10:28:06 -0300] "GET /edit-post.min.js?p=Ahome2Ameumer25AmeupetIappAwp-includesAblocksAcomment-reply-link HTTP/2.0" 200 27449 "https://www.netodolele.com.br.meumercado.app/edit-post.min.js?p=Ahome2Ameumer25AmeupetIappAwp-includesAblocks" "Mozilla/5.0 AppleWebKit/537.36 (KHTML, like Gecko; compatible; GPTBot/1.3; +https://openai.com/gptbot)" www.netodolele.com.br.meumercado.app 162.241.203.76
74.7.227.186 - - [10/Mar/2026:10:28:07 -0300] "GET /post-formats-vs.png?p=Ahome2Ameumer25AcafediretodopeImeumercadoIappAassets HTTP/2.0" 200 27206 "https://netodolele.com.br.meumercado.app/post-formats-vs.png?p=Ahome2Ameumer25AcafediretodopeImeumercadoIapp" "Mozilla/5.0 AppleWebKit/537.36 (KHTML, like Gecko; compatible; GPTBot/1.3; +https://openai.com/gptbot)" netodolele.com.br.meumercado.app 162.241.203.76
74.7.241.0 - - [10/Mar/2026:10:28:09 -0300] "GET /edit-post.min.js?p=Ahome2Ameumer25AmeupetIappAwp-includesAjsAdistAscript-modulesAblock-libraryAfileAfile HTTP/2.0" 200 27497 "https://www.netodolele.com.br.meumercado.app/edit-post.min.js?p=Ahome2Ameumer25AmeupetIappAwp-includesAjsAdistAscript-modulesAblock-libraryAfile" "Mozilla/5.0 AppleWebKit/537.36 (KHTML, like Gecko; compatible; GPTBot/1.3; +https://openai.com/gptbot)" www.netodolele.com.br.meumercado.app 162.241.203.76
74.7.241.0 - - [10/Mar/2026:10:28:12 -0300] "GET /post-formats-vs.png?p=Ahome2Ameumer25AmeupetIappAwp-includesAcssAdistAformat-library HTTP/2.0" 200 27178 "https://www.netodolele.com.br.meumercado.app/post-formats-vs.png?p=Ahome2Ameumer25AmeupetIappAwp-includesAcssAdist" "Mozilla/5.0 AppleWebKit/537.36 (KHTML, like Gecko; compatible; GPTBot/1.3; +https://openai.com/gptbot)" www.netodolele.com.br.meumercado.app 162.241.203.76
74.7.241.49 - - [10/Mar/2026:10:28:15 -0300] "GET /blog/smart-address-field.jpg?p=Ahome2Ameumer25AnetodoleleIcomIbrAwp-contentAthemesAastraAincAcompatibilityAlifterlms HTTP/2.0" 200 26831 "https://netodolele.com.br/blog/smart-address-field.jpg?p=Ahome2Ameumer25AnetodoleleIcomIbrAwp-contentAthemesAastraAincAcompatibility" "Mozilla/5.0 AppleWebKit/537.36 (KHTML, like Gecko; compatible; GPTBot/1.3; +https://openai.com/gptbot)" netodolele.com.br 162.241.203.76
74.7.241.0 - - [10/Mar/2026:10:28:16 -0300] "GET /post-formats-vs.png?p=Ahome2Ameumer25AmeupetIappAwp-includesAblock-patterns HTTP/2.0" 200 28163 "https://www.netodolele.com.br.meumercado.app/post-formats-vs.png?p=Ahome2Ameumer25AmeupetIappAwp-includes" "Mozilla/5.0 AppleWebKit/537.36 (KHTML, like Gecko; compatible; GPTBot/1.3; +https://openai.com/gptbot)" www.netodolele.com.br.meumercado.app 162.241.203.76
74.7.227.186 - - [10/Mar/2026:10:28:17 -0300] "GET /inline-edit-post.js?p=Ahome2Ameumer25AminhafarmaciaIappAwp-adminAcssAcolorsAcoffee HTTP/2.0" 200 27416 "https://netodolele.com.br.meumercado.app/inline-edit-post.js?p=Ahome2Ameumer25AminhafarmaciaIappAwp-adminAcssAcolors" "Mozilla/5.0 AppleWebKit/537.36 (KHTML, like Gecko; compatible; GPTBot/1.3; +https://openai.com/gptbot)" netodolele.com.br.meumercado.app 162.241.203.76
74.7.241.0 - - [10/Mar/2026:10:28:19 -0300] "GET /edit-post.min.js?p=Ahome2Ameumer25AmeupetIappAwp-includesAblocksApost-featured-image HTTP/2.0" 200 28387 "https://www.netodolele.com.br.meumercado.app/edit-post.min.js?p=Ahome2Ameumer25AmeupetIappAwp-includesAblocks" "Mozilla/5.0 AppleWebKit/537.36 (KHTML, like Gecko; compatible; GPTBot/1.3; +https://openai.com/gptbot)" www.netodolele.com.br.meumercado.app 162.241.203.76
74.7.241.0 - - [10/Mar/2026:10:28:22 -0300] "GET /edit-post.min.js?p=Ahome2Ameumer25AmeupetIappAwp-includesAblocksAquery-no-results HTTP/2.0" 200 26761 "https://www.netodolele.com.br.meumercado.app/edit-post.min.js?p=Ahome2Ameumer25AmeupetIappAwp-includesAblocks" "Mozilla/5.0 AppleWebKit/537.36 (KHTML, like Gecko; compatible; GPTBot/1.3; +https://openai.com/gptbot)" www.netodolele.com.br.meumercado.app 162.241.203.76
74.7.241.0 - - [10/Mar/2026:10:28:25 -0300] "GET /edit-post.min.js?p=Ahome2Ameumer25AmeupetIappAwp-includesAblocksAterm-count HTTP/2.0" 200 27253 "https://www.netodolele.com.br.meumercado.app/edit-post.min.js?p=Ahome2Ameumer25AmeupetIappAwp-includesAblocks" "Mozilla/5.0 AppleWebKit/537.36 (KHTML, like Gecko; compatible; GPTBot/1.3; +https://openai.com/gptbot)" www.netodolele.com.br.meumercado.app 162.241.203.76
74.7.227.186 - - [10/Mar/2026:10:28:26 -0300] "GET /post-formats-vs.png?p=Ahome2Ameumer25AminhafarmaciaIappAwp-adminAcssAcolorsAcoffee HTTP/2.0" 200 27416 "https://netodolele.com.br.meumercado.app/post-formats-vs.png?p=Ahome2Ameumer25AminhafarmaciaIappAwp-adminAcssAcolors" "Mozilla/5.0 AppleWebKit/537.36 (KHTML, like Gecko; compatible; GPTBot/1.3; +https://openai.com/gptbot)" netodolele.com.br.meumercado.app 162.241.203.76
74.7.241.0 - - [10/Mar/2026:10:28:28 -0300] "GET /post-formats-vs.png?p=Ahome2Ameumer25AmeupetIappAwp-includesAblock-supports HTTP/2.0" 200 28966 "https://www.netodolele.com.br.meumercado.app/post-formats-vs.png?p=Ahome2Ameumer25AmeupetIappAwp-includes" "Mozilla/5.0 AppleWebKit/537.36 (KHTML, like Gecko; compatible; GPTBot/1.3; +https://openai.com/gptbot)" www.netodolele.com.br.meumercado.app 162.241.203.76
74.7.241.0 - - [10/Mar/2026:10:28:32 -0300] "GET /edit-post.min.js?p=Ahome2Ameumer25AmeupetIappAwp-includesAblocksAmedia-text HTTP/2.0" 200 27993 "https://www.netodolele.com.br.meumercado.app/edit-post.min.js?p=Ahome2Ameumer25AmeupetIappAwp-includesAblocks" "Mozilla/5.0 AppleWebKit/537.36 (KHTML, like Gecko; compatible; GPTBot/1.3; +https://openai.com/gptbot)" www.netodolele.com.br.meumercado.app 162.241.203.76
74.7.241.49 - - [10/Mar/2026:10:28:34 -0300] "GET /blog/Untitled-2-r62ilg93kae59q86isj067eke14ztworgvmo4za140.jpg?p=Ahome2Ameumer25Apublic_htmlAwp-contentApluginsAwpforms-liteAvendor_prefixedAapimaticAjsonmapperAtestsAmultitypetest HTTP/2.0" 200 27152 "https://netodolele.com.br/blog/Untitled-2-r62ilg93kae59q86isj067eke14ztworgvmo4za140.jpg?p=Ahome2Ameumer25Apublic_htmlAwp-contentApluginsAwpforms-liteAvendor_prefixedAapimaticAjsonmapperAtests" "Mozilla/5.0 AppleWebKit/537.36 (KHTML, like Gecko; compatible; GPTBot/1.3; +https://openai.com/gptbot)" netodolele.com.br 162.241.203.76
74.7.241.0 - - [10/Mar/2026:10:28:35 -0300] "GET /post-formats-vs.png?p=Ahome2Ameumer25AmeupetIappAwp-includesAblock-bindings HTTP/2.0" 200 27515 "https://www.netodolele.com.br.meumercado.app/post-formats-vs.png?p=Ahome2Ameumer25AmeupetIappAwp-includes" "Mozilla/5.0 AppleWebKit/537.36 (KHTML, like Gecko; compatible; GPTBot/1.3; +https://openai.com/gptbot)" www.netodolele.com.br.meumercado.app 162.241.203.76
74.7.227.186 - - [10/Mar/2026:10:28:35 -0300] "GET /post-formats-vs.png?p=Ahome2Ameumer25AminhafarmaciaIappAwp-adminAcssAcolorsAocean HTTP/2.0" 200 27482 "https://netodolele.com.br.meumercado.app/post-formats-vs.png?p=Ahome2Ameumer25AminhafarmaciaIappAwp-adminAcssAcolors" "Mozilla/5.0 AppleWebKit/537.36 (KHTML, like Gecko; compatible; GPTBot/1.3; +https://openai.com/gptbot)" netodolele.com.br.meumercado.app 162.241.203.76
74.7.241.0 - - [10/Mar/2026:10:28:38 -0300] "GET /post-formats-vs.png?p=Ahome2Ameumer25AmeupetIappAwp-includesAblocksAquery-no-results HTTP/2.0" 200 26761 "https://www.netodolele.com.br.meumercado.app/post-formats-vs.png?p=Ahome2Ameumer25AmeupetIappAwp-includesAblocks" "Mozilla/5.0 AppleWebKit/537.36 (KHTML, like Gecko; compatible; GPTBot/1.3; +https://openai.com/gptbot)" www.netodolele.com.br.meumercado.app 162.241.203.76
74.7.241.0 - - [10/Mar/2026:10:28:41 -0300] "GET /edit-post.min.js?p=Ahome2Ameumer25AmeupetIappAwp-includesAblocksAcomment-edit-link HTTP/2.0" 200 27368 "https://www.netodolele.com.br.meumercado.app/edit-post.min.js?p=Ahome2Ameumer25AmeupetIappAwp-includesAblocks" "Mozilla/5.0 AppleWebKit/537.36 (KHTML, like Gecko; compatible; GPTBot/1.3; +https://openai.com/gptbot)" www.netodolele.com.br.meumercado.app 162.241.203.76
74.7.227.186 - - [10/Mar/2026:10:28:43 -0300] "GET /inline-edit-post.js?p=Ahome2Ameumer25AminhafarmaciaIappAwp-adminAcssAcolorsAsunrise HTTP/2.0" 200 27427 "https://netodolele.com.br.meumercado.app/inline-edit-post.js?p=Ahome2Ameumer25AminhafarmaciaIappAwp-adminAcssAcolors" "Mozilla/5.0 AppleWebKit/537.36 (KHTML, like Gecko; compatible; GPTBot/1.3; +https://openai.com/gptbot)" netodolele.com.br.meumercado.app 162.241.203.76
74.7.241.0 - - [10/Mar/2026:10:28:44 -0300] "GET /edit-post.min.js?p=Ahome2Ameumer25AmeupetIappAwp-includesAblocksAhome-link HTTP/2.0" 200 26733 "https://www.netodolele.com.br.meumercado.app/edit-post.min.js?p=Ahome2Ameumer25AmeupetIappAwp-includesAblocks" "Mozilla/5.0 AppleWebKit/537.36 (KHTML, like Gecko; compatible; GPTBot/1.3; +https://openai.com/gptbot)" www.netodolele.com.br.meumercado.app 162.241.203.76
74.7.241.0 - - [10/Mar/2026:10:28:47 -0300] "GET /edit-post.min.js?edit=user-suggest.js&p=Ahome2Ameumer25AmeupetIappAwp-adminAjs HTTP/2.0" 200 27181 "https://www.netodolele.com.br.meumercado.app/edit-post.min.js?p=Ahome2Ameumer25AmeupetIappAwp-adminAjs" "Mozilla/5.0 AppleWebKit/537.36 (KHTML, like Gecko; compatible; GPTBot/1.3; +https://openai.com/gptbot)" www.netodolele.com.br.meumercado.app 162.241.203.76
74.7.227.186 - - [10/Mar/2026:10:28:50 -0300] "GET /inline-edit-post.js?p=Ahome2Ameumer25AminhafarmaciaIappAwp-adminAcssAcolorsAocean HTTP/2.0" 200 27482 "https://netodolele.com.br.meumercado.app/inline-edit-post.js?p=Ahome2Ameumer25AminhafarmaciaIappAwp-adminAcssAcolors" "Mozilla/5.0 AppleWebKit/537.36 (KHTML, like Gecko; compatible; GPTBot/1.3; +https://openai.com/gptbot)" netodolele.com.br.meumercado.app 162.241.203.76
74.7.241.0 - - [10/Mar/2026:10:28:50 -0300] "GET /edit-post.js?p=Ahome2Ameumer25ApainelestilopetshopImeupetIappAvendorAfigAhttp-message-utilAsrc HTTP/2.0" 200 26974 "https://www.netodolele.com.br.meumercado.app/edit-post.js?p=Ahome2Ameumer25ApainelestilopetshopImeupetIappAvendorAfigAhttp-message-util" "Mozilla/5.0 AppleWebKit/537.36 (KHTML, like Gecko; compatible; GPTBot/1.3; +https://openai.com/gptbot)" www.netodolele.com.br.meumercado.app 162.241.203.76
74.7.241.49 - - [10/Mar/2026:10:28:51 -0300] "GET /blog/Untitled-2-r62ilg93kae59q86isj067eke14ztworgvmo4za140.jpg?p=Ahome2Ameumer25Apublic_htmlAwp-contentApluginsAwpforms-liteAvendorAwoocommerceAaction-schedulerAclassesAmigration HTTP/2.0" 200 29140 "https://netodolele.com.br/blog/Untitled-2-r62ilg93kae59q86isj067eke14ztworgvmo4za140.jpg?p=Ahome2Ameumer25Apublic_htmlAwp-contentApluginsAwpforms-liteAvendorAwoocommerceAaction-schedulerAclasses" "Mozilla/5.0 AppleWebKit/537.36 (KHTML, like Gecko; compatible; GPTBot/1.3; +https://openai.com/gptbot)" netodolele.com.br 162.241.203.76
74.7.241.0 - - [10/Mar/2026:10:28:53 -0300] "GET /edit-post.min.js?edit=index.js&p=Ahome2Ameumer25AmeupetIappAwp-includesAjsAdistAscript-modulesAinteractivity-router HTTP/2.0" 200 45784 "https://www.netodolele.com.br.meumercado.app/edit-post.min.js?p=Ahome2Ameumer25AmeupetIappAwp-includesAjsAdistAscript-modulesAinteractivity-router" "Mozilla/5.0 AppleWebKit/537.36 (KHTML, like Gecko; compatible; GPTBot/1.3; +https://openai.com/gptbot)" www.netodolele.com.br.meumercado.app 162.241.203.76
162.241.203.76 - - [10/Mar/2026:10:28:56 -0300] "POST /wp-cron.php?doing_wp_cron=1773149336.2377409934997558593750 HTTP/1.1" 200 - "-" "WordPress/6.9.1; https://netodolele.com.br" netodolele.com.br 162.241.203.76
74.7.227.186 - - [10/Mar/2026:10:28:56 -0300] "GET /inline-edit-post.js?p=Ahome2Ameumer25AminhafarmaciaIappAwp-adminAcssAcolorsAmodern HTTP/2.0" 200 27491 "https://netodolele.com.br.meumercado.app/inline-edit-post.js?p=Ahome2Ameumer25AminhafarmaciaIappAwp-adminAcssAcolors" "Mozilla/5.0 AppleWebKit/537.36 (KHTML, like Gecko; compatible; GPTBot/1.3; +https://openai.com/gptbot)" netodolele.com.br.meumercado.app 162.241.203.76
74.7.241.0 - - [10/Mar/2026:10:28:57 -0300] "GET /edit-post.min.js?p=Ahome2Ameumer25AmeupetIappAwp-includesAjsAtinymceApluginsAcompat3x HTTP/2.0" 200 26958 "https://www.netodolele.com.br.meumercado.app/edit-post.min.js?p=Ahome2Ameumer25AmeupetIappAwp-includesAjsAtinymceAplugins" "Mozilla/5.0 AppleWebKit/537.36 (KHTML, like Gecko; compatible; GPTBot/1.3; +https://openai.com/gptbot)" www.netodolele.com.br.meumercado.app 162.241.203.76
74.7.241.0 - - [10/Mar/2026:10:29:00 -0300] "GET /post-formats-vs.png?p=Ahome2Ameumer25AmeupetIappAwp-includesAsodium_compatAnamespacedACoreAChaCha20 HTTP/2.0" 200 26839 "https://www.netodolele.com.br.meumercado.app/post-formats-vs.png?p=Ahome2Ameumer25AmeupetIappAwp-includesAsodium_compatAnamespacedACore" "Mozilla/5.0 AppleWebKit/537.36 (KHTML, like Gecko; compatible; GPTBot/1.3; +https://openai.com/gptbot)" www.netodolele.com.br.meumercado.app 162.241.203.76
74.7.227.186 - - [10/Mar/2026:10:29:01 -0300] "GET /post-formats-vs.png?p=Ahome2Ameumer25AminhafarmaciaIappAwp-adminAincludesAincludes HTTP/2.0" 200 26785 "https://netodolele.com.br.meumercado.app/post-formats-vs.png?p=Ahome2Ameumer25AminhafarmaciaIappAwp-adminAincludes" "Mozilla/5.0 AppleWebKit/537.36 (KHTML, like Gecko; compatible; GPTBot/1.3; +https://openai.com/gptbot)" netodolele.com.br.meumercado.app 162.241.203.76
74.7.241.0 - - [10/Mar/2026:10:29:03 -0300] "GET /post-formats-vs.png?p=Ahome2Ameumer25AmeupetIappAwp-includesAblocksAlegacy-widgetAlegacy-widget HTTP/2.0" 200 26763 "https://www.netodolele.com.br.meumercado.app/post-formats-vs.png?p=Ahome2Ameumer25AmeupetIappAwp-includesAblocksAlegacy-widget" "Mozilla/5.0 AppleWebKit/537.36 (KHTML, like Gecko; compatible; GPTBot/1.3; +https://openai.com/gptbot)" www.netodolele.com.br.meumercado.app 162.241.203.76
74.7.241.0 - - [10/Mar/2026:10:29:06 -0300] "GET /post-formats-vs.png?p=Ahome2Ameumer25AmeupetIappAwp-includesAjsAtinymceAskinsAlightgrayAfonts HTTP/2.0" 200 28362 "https://www.netodolele.com.br.meumercado.app/post-formats-vs.png?p=Ahome2Ameumer25AmeupetIappAwp-includesAjsAtinymceAskinsAlightgray" "Mozilla/5.0 AppleWebKit/537.36 (KHTML, like Gecko; compatible; GPTBot/1.3; +https://openai.com/gptbot)" www.netodolele.com.br.meumercado.app 162.241.203.76
74.7.227.186 - - [10/Mar/2026:10:29:06 -0300] "GET /post-formats-vs.png?edit=template.php&p=Ahome2Ameumer25AminhafarmaciaIappAwp-adminAincludes HTTP/2.0" 409 83 "https://netodolele.com.br.meumercado.app/post-formats-vs.png?p=Ahome2Ameumer25AminhafarmaciaIappAwp-adminAincludes" "Mozilla/5.0 AppleWebKit/537.36 (KHTML, like Gecko; compatible; GPTBot/1.3; +https://openai.com/gptbot)" netodolele.com.br.meumercado.app 162.241.203.76
74.7.241.49 - - [10/Mar/2026:10:29:06 -0300] "GET /blog/man1-r62h8irowybto3kis2r2931virzzihxss8cgmbu554.jpg?p=Ahome2Ameumer25Apublic_htmlAwp-includesAblocksApost-author HTTP/2.0" 200 27244 "https://netodolele.com.br/blog/man1-r62h8irowybto3kis2r2931virzzihxss8cgmbu554.jpg?p=Ahome2Ameumer25Apublic_htmlAwp-includesAblocks" "Mozilla/5.0 AppleWebKit/537.36 (KHTML, like Gecko; compatible; GPTBot/1.3; +https://openai.com/gptbot)" netodolele.com.br 162.241.203.76
74.7.241.0 - - [10/Mar/2026:10:29:09 -0300] "GET /edit-post.min.js?edit=style.css&p=Ahome2Ameumer25AmeupetIappAwp-includesAblocksAcomment-reply-link HTTP/2.0" 200 26174 "https://www.netodolele.com.br.meumercado.app/edit-post.min.js?p=Ahome2Ameumer25AmeupetIappAwp-includesAblocksAcomment-reply-link" "Mozilla/5.0 AppleWebKit/537.36 (KHTML, like Gecko; compatible; GPTBot/1.3; +https://openai.com/gptbot)" www.netodolele.com.br.meumercado.app 162.241.203.76
74.7.227.186 - - [10/Mar/2026:10:29:11 -0300] "GET /post-formats-vs.png?p=Ahome2Ameumer25AminhafarmaciaIappAwp-adminAcssAcolorsAmodern HTTP/2.0" 200 27491 "https://netodolele.com.br.meumercado.app/post-formats-vs.png?p=Ahome2Ameumer25AminhafarmaciaIappAwp-adminAcssAcolors" "Mozilla/5.0 AppleWebKit/537.36 (KHTML, like Gecko; compatible; GPTBot/1.3; +https://openai.com/gptbot)" netodolele.com.br.meumercado.app 162.241.203.76
74.7.241.0 - - [10/Mar/2026:10:29:12 -0300] "GET /post-formats-vs.png?p=Ahome2Ameumer25AmeupetIappAwp-includesAsodium_compatAsrcAPHP52 HTTP/2.0" 200 26701 "https://www.netodolele.com.br.meumercado.app/post-formats-vs.png?p=Ahome2Ameumer25AmeupetIappAwp-includesAsodium_compatAsrc" "Mozilla/5.0 AppleWebKit/537.36 (KHTML, like Gecko; compatible; GPTBot/1.3; +https://openai.com/gptbot)" www.netodolele.com.br.meumercado.app 162.241.203.76
74.7.241.0 - - [10/Mar/2026:10:29:16 -0300] "GET /edit-post.min.js?p=Ahome2Ameumer25AmeupetIappAwp-includesAjsAtinymceApluginsAwpeditimage HTTP/2.0" 200 26904 "https://www.netodolele.com.br.meumercado.app/edit-post.min.js?p=Ahome2Ameumer25AmeupetIappAwp-includesAjsAtinymceAplugins" "Mozilla/5.0 AppleWebKit/537.36 (KHTML, like Gecko; compatible; GPTBot/1.3; +https://openai.com/gptbot)" www.netodolele.com.br.meumercado.app 162.241.203.76
74.7.241.0 - - [10/Mar/2026:10:29:18 -0300] "GET /edit-post.min.js?p=Ahome2Ameumer25AmeupetIappAwp-includesAjsAtinymceApluginsAfullscreen HTTP/2.0" 200 26893 "https://www.netodolele.com.br.meumercado.app/edit-post.min.js?p=Ahome2Ameumer25AmeupetIappAwp-includesAjsAtinymceAplugins" "Mozilla/5.0 AppleWebKit/537.36 (KHTML, like Gecko; compatible; GPTBot/1.3; +https://openai.com/gptbot)" www.netodolele.com.br.meumercado.app 162.241.203.76
74.7.241.49 - - [10/Mar/2026:10:29:19 -0300] "GET /blog/man1-r62h8irowybto3kis2r2931virzzihxss8cgmbu554.jpg?p=Ahome2Ameumer25Apublic_htmlAwp-includesAblocksApost-author-biography HTTP/2.0" 200 27510 "https://netodolele.com.br/blog/man1-r62h8irowybto3kis2r2931virzzihxss8cgmbu554.jpg?p=Ahome2Ameumer25Apublic_htmlAwp-includesAblocks" "Mozilla/5.0 AppleWebKit/537.36 (KHTML, like Gecko; compatible; GPTBot/1.3; +https://openai.com/gptbot)" netodolele.com.br 162.241.203.76
74.7.241.0 - - [10/Mar/2026:10:29:22 -0300] "GET /post-formats-vs.png?edit=kses.php&p=Ahome2Ameumer25AmeupetIappAwp-includes HTTP/2.0" 409 83 "https://www.netodolele.com.br.meumercado.app/post-formats-vs.png?p=Ahome2Ameumer25AmeupetIappAwp-includes" "Mozilla/5.0 AppleWebKit/537.36 (KHTML, like Gecko; compatible; GPTBot/1.3; +https://openai.com/gptbot)" www.netodolele.com.br.meumercado.app 162.241.203.76
74.7.227.186 - - [10/Mar/2026:10:29:24 -0300] "GET /post-formats-vs.png?p=Ahome2Ameumer25AminhafarmaciaIappAwp-includesAimagesAmedia HTTP/2.0" 200 28400 "https://netodolele.com.br.meumercado.app/post-formats-vs.png?p=Ahome2Ameumer25AminhafarmaciaIappAwp-includesAimages" "Mozilla/5.0 AppleWebKit/537.36 (KHTML, like Gecko; compatible; GPTBot/1.3; +https://openai.com/gptbot)" netodolele.com.br.meumercado.app 162.241.203.76
74.7.241.0 - - [10/Mar/2026:10:29:25 -0300] "GET /edit-post.min.js?edit=user-edit.php&p=Ahome2Ameumer25AmeupetIappAwp-adminAuser HTTP/2.0" 409 83 "https://www.netodolele.com.br.meumercado.app/edit-post.min.js?p=Ahome2Ameumer25AmeupetIappAwp-adminAuser" "Mozilla/5.0 AppleWebKit/537.36 (KHTML, like Gecko; compatible; GPTBot/1.3; +https://openai.com/gptbot)" www.netodolele.com.br.meumercado.app 162.241.203.76
74.7.241.49 - - [10/Mar/2026:10:29:31 -0300] "GET /blog/man2-r62h8htuq4ajchlvxkcfolaexe4masu2g3oz51vjbc.jpg?p=Ahome2Ameumer25AwwwAwp-contentApluginsAastra-sitesAincAlibAgutenberg-templatesAadmin-assetsAimages HTTP/2.0" 200 27067 "https://netodolele.com.br/blog/man2-r62h8htuq4ajchlvxkcfolaexe4masu2g3oz51vjbc.jpg?p=Ahome2Ameumer25AwwwAwp-contentApluginsAastra-sitesAincAlibAgutenberg-templatesAadmin-assets" "Mozilla/5.0 AppleWebKit/537.36 (KHTML, like Gecko; compatible; GPTBot/1.3; +https://openai.com/gptbot)" netodolele.com.br 162.241.203.76
74.7.241.0 - - [10/Mar/2026:10:29:35 -0300] "GET /post.js?p=Ahome2Ameumer25AminhafarmaciaIappAwp-adminAcssAcolorsAectoplasm HTTP/2.0" 200 27496 "https://www.netodolele.com.br.meumercado.app/post.js?p=Ahome2Ameumer25AminhafarmaciaIappAwp-adminAcssAcolors" "Mozilla/5.0 AppleWebKit/537.36 (KHTML, like Gecko; compatible; GPTBot/1.3; +https://openai.com/gptbot)" www.netodolele.com.br.meumercado.app 162.241.203.76
74.7.227.186 - - [10/Mar/2026:10:29:36 -0300] "GET /post-formats-vs.png?p=Ahome2Ameumer25AminhafarmaciaIappAwp-includesAimagesAsmilies HTTP/2.0" 200 32064 "https://netodolele.com.br.meumercado.app/post-formats-vs.png?p=Ahome2Ameumer25AminhafarmaciaIappAwp-includesAimages" "Mozilla/5.0 AppleWebKit/537.36 (KHTML, like Gecko; compatible; GPTBot/1.3; +https://openai.com/gptbot)" netodolele.com.br.meumercado.app 162.241.203.76
74.7.241.49 - - [10/Mar/2026:10:29:43 -0300] "GET /blog/man2-r62h8htuq4ajchlvxkcfolaexe4masu2g3oz51vjbc.jpg?p=Ahome2Ameumer25AminhafarmaciaIappAwp-contentApluginsAwpforms-liteAassetsAimagesAlite-settings-access HTTP/2.0" 200 28076 "https://netodolele.com.br/blog/man2-r62h8htuq4ajchlvxkcfolaexe4masu2g3oz51vjbc.jpg?p=Ahome2Ameumer25AminhafarmaciaIappAwp-contentApluginsAwpforms-liteAassetsAimages" "Mozilla/5.0 AppleWebKit/537.36 (KHTML, like Gecko; compatible; GPTBot/1.3; +https://openai.com/gptbot)" netodolele.com.br 162.241.203.76
74.7.227.186 - - [10/Mar/2026:10:29:47 -0300] "GET /post-formats-vs.png?p=Ahome2Ameumer25AminhafarmaciaIappAwp-adminAcssAcolorsAsunrise HTTP/2.0" 200 27427 "https://netodolele.com.br.meumercado.app/post-formats-vs.png?p=Ahome2Ameumer25AminhafarmaciaIappAwp-adminAcssAcolors" "Mozilla/5.0 AppleWebKit/537.36 (KHTML, like Gecko; compatible; GPTBot/1.3; +https://openai.com/gptbot)" netodolele.com.br.meumercado.app 162.241.203.76
74.7.241.49 - - [10/Mar/2026:10:29:53 -0300] "GET /blog/man2-r62h8htuq4ajchlvxkcfolaexe4masu2g3oz51vjbc.jpg?p=Ahome2Ameumer25AminhafarmaciaIappAwp-contentApluginsAastra-sitesAincAlibAstarter-templates-importer HTTP/2.0" 200 27571 "https://netodolele.com.br/blog/man2-r62h8htuq4ajchlvxkcfolaexe4masu2g3oz51vjbc.jpg?p=Ahome2Ameumer25AminhafarmaciaIappAwp-contentApluginsAastra-sitesAincAlib" "Mozilla/5.0 AppleWebKit/537.36 (KHTML, like Gecko; compatible; GPTBot/1.3; +https://openai.com/gptbot)" netodolele.com.br 162.241.203.76
162.241.203.76 - - [10/Mar/2026:10:29:56 -0300] "POST /wp-cron.php?doing_wp_cron=1773149396.9617109298706054687500 HTTP/1.1" 200 - "-" "WordPress/6.9.1; https://netodolele.com.br" netodolele.com.br 162.241.203.76
74.7.227.186 - - [10/Mar/2026:10:29:56 -0300] "GET /inline-edit-post.js?p=Ahome2Ameumer25AminhafarmaciaIappAwp-adminAcssAcolorsAlight HTTP/2.0" 200 27411 "https://netodolele.com.br.meumercado.app/inline-edit-post.js?p=Ahome2Ameumer25AminhafarmaciaIappAwp-adminAcssAcolors" "Mozilla/5.0 AppleWebKit/537.36 (KHTML, like Gecko; compatible; GPTBot/1.3; +https://openai.com/gptbot)" netodolele.com.br.meumercado.app 162.241.203.76
74.7.241.49 - - [10/Mar/2026:10:30:02 -0300] "GET /blog/smart-address-field.jpg?p=Ahome2Ameumer25AnetodoleleIcomIbrAwp-contentAthemesAastraAincAcustomizerAconfigurationsAcolors-background HTTP/2.0" 200 27317 "https://netodolele.com.br/blog/smart-address-field.jpg?p=Ahome2Ameumer25AnetodoleleIcomIbrAwp-contentAthemesAastraAincAcustomizerAconfigurations" "Mozilla/5.0 AppleWebKit/537.36 (KHTML, like Gecko; compatible; GPTBot/1.3; +https://openai.com/gptbot)" netodolele.com.br 162.241.203.76
74.7.241.0 - - [10/Mar/2026:10:30:03 -0300] "GET /edit-post.js?p=Ahome2Ameumer25ApainelestilopetshopImeupetIappAvendorAnikic HTTP/2.0" 200 26789 "https://www.netodolele.com.br.meumercado.app/edit-post.js?p=Ahome2Ameumer25ApainelestilopetshopImeupetIappAvendor" "Mozilla/5.0 AppleWebKit/537.36 (KHTML, like Gecko; compatible; GPTBot/1.3; +https://openai.com/gptbot)" www.netodolele.com.br.meumercado.app 162.241.203.76
74.7.227.186 - - [10/Mar/2026:10:30:05 -0300] "GET /post-formats-vs.png?edit=colors-rtl.min.css&p=Ahome2Ameumer25AminhafarmaciaIappAwp-adminAcssAcolorsAocean HTTP/2.0" 200 30458 "https://netodolele.com.br.meumercado.app/post-formats-vs.png?p=Ahome2Ameumer25AminhafarmaciaIappAwp-adminAcssAcolorsAocean" "Mozilla/5.0 AppleWebKit/537.36 (KHTML, like Gecko; compatible; GPTBot/1.3; +https://openai.com/gptbot)" netodolele.com.br.meumercado.app 162.241.203.76
74.7.241.49 - - [10/Mar/2026:10:30:10 -0300] "GET /blog/smart-address-field.jpg?p=Ahome2Ameumer25AnetodoleleIcomIbrAwp-contentAthemesAastraAincAcustomizerAconfigurationsAglobal-misc HTTP/2.0" 200 26786 "https://netodolele.com.br/blog/smart-address-field.jpg?p=Ahome2Ameumer25AnetodoleleIcomIbrAwp-contentAthemesAastraAincAcustomizerAconfigurations" "Mozilla/5.0 AppleWebKit/537.36 (KHTML, like Gecko; compatible; GPTBot/1.3; +https://openai.com/gptbot)" netodolele.com.br 162.241.203.76
74.7.227.186 - - [10/Mar/2026:10:30:14 -0300] "GET /inline-edit-post.js?p=Ahome2Ameumer25AminhafarmaciaIappAwp-adminAcssAcolorsAblue HTTP/2.0" 200 27400 "https://netodolele.com.br.meumercado.app/inline-edit-post.js?p=Ahome2Ameumer25AminhafarmaciaIappAwp-adminAcssAcolors" "Mozilla/5.0 AppleWebKit/537.36 (KHTML, like Gecko; compatible; GPTBot/1.3; +https://openai.com/gptbot)" netodolele.com.br.meumercado.app 162.241.203.76
74.7.241.49 - - [10/Mar/2026:10:30:17 -0300] "GET /blog/smart-address-field.jpg?p=Ahome2Ameumer25AnetodoleleIcomIbrAwp-contentAthemesAastraAincAcustomizerAconfigurationsAblock-editor HTTP/2.0" 200 26787 "https://netodolele.com.br/blog/smart-address-field.jpg?p=Ahome2Ameumer25AnetodoleleIcomIbrAwp-contentAthemesAastraAincAcustomizerAconfigurations" "Mozilla/5.0 AppleWebKit/537.36 (KHTML, like Gecko; compatible; GPTBot/1.3; +https://openai.com/gptbot)" netodolele.com.br 162.241.203.76
74.7.227.186 - - [10/Mar/2026:10:30:21 -0300] "GET /post-formats-vs.png?p=Ahome2Ameumer25AminhafarmaciaIappAwp-adminAcssAcolorsAlight HTTP/2.0" 200 27411 "https://netodolele.com.br.meumercado.app/post-formats-vs.png?p=Ahome2Ameumer25AminhafarmaciaIappAwp-adminAcssAcolors" "Mozilla/5.0 AppleWebKit/537.36 (KHTML, like Gecko; compatible; GPTBot/1.3; +https://openai.com/gptbot)" netodolele.com.br.meumercado.app 162.241.203.76
74.7.241.49 - - [10/Mar/2026:10:30:24 -0300] "GET /blog/smart-address-field.jpg?p=Ahome2Ameumer25AnetodoleleIcomIbrAwp-contentAthemesAastraAincAcustomizerAconfigurationsAtypography HTTP/2.0" 200 27820 "https://netodolele.com.br/blog/smart-address-field.jpg?p=Ahome2Ameumer25AnetodoleleIcomIbrAwp-contentAthemesAastraAincAcustomizerAconfigurations" "Mozilla/5.0 AppleWebKit/537.36 (KHTML, like Gecko; compatible; GPTBot/1.3; +https://openai.com/gptbot)" netodolele.com.br 162.241.203.76
74.7.227.186 - - [10/Mar/2026:10:30:27 -0300] "GET /post-formats-vs.png?p=Ahome2Ameumer25AminhafarmaciaIappAwp-adminAcssAcolorsAblue HTTP/2.0" 200 27400 "https://netodolele.com.br.meumercado.app/post-formats-vs.png?p=Ahome2Ameumer25AminhafarmaciaIappAwp-adminAcssAcolors" "Mozilla/5.0 AppleWebKit/537.36 (KHTML, like Gecko; compatible; GPTBot/1.3; +https://openai.com/gptbot)" netodolele.com.br.meumercado.app 162.241.203.76
74.7.241.0 - - [10/Mar/2026:10:30:29 -0300] "GET /post.js?edit=read-more.php&p=Ahome2Ameumer25AnetodoleleIcomIbrAwp-includesAblocks HTTP/2.0" 409 83 "https://www.netodolele.com.br.meumercado.app/post.js?p=Ahome2Ameumer25AnetodoleleIcomIbrAwp-includesAblocks" "Mozilla/5.0 AppleWebKit/537.36 (KHTML, like Gecko; compatible; GPTBot/1.3; +https://openai.com/gptbot)" www.netodolele.com.br.meumercado.app 162.241.203.76
74.7.241.49 - - [10/Mar/2026:10:30:30 -0300] "GET /blog/smart-address-field.jpg?p=Ahome2Ameumer25AnetodoleleIcomIbrAwp-contentAthemesAastraAincAcustomizerAconfigurationsAaccessibility HTTP/2.0" 200 26790 "https://netodolele.com.br/blog/smart-address-field.jpg?p=Ahome2Ameumer25AnetodoleleIcomIbrAwp-contentAthemesAastraAincAcustomizerAconfigurations" "Mozilla/5.0 AppleWebKit/537.36 (KHTML, like Gecko; compatible; GPTBot/1.3; +https://openai.com/gptbot)" netodolele.com.br 162.241.203.76
74.7.227.186 - - [10/Mar/2026:10:30:33 -0300] "GET /post-formats-vs.png?p=Ahome2Ameumer25AminhafarmaciaIappAwp-includesAimagesAcrystal HTTP/2.0" 200 27701 "https://netodolele.com.br.meumercado.app/post-formats-vs.png?p=Ahome2Ameumer25AminhafarmaciaIappAwp-includesAimages" "Mozilla/5.0 AppleWebKit/537.36 (KHTML, like Gecko; compatible; GPTBot/1.3; +https://openai.com/gptbot)" netodolele.com.br.meumercado.app 162.241.203.76
74.7.241.49 - - [10/Mar/2026:10:30:35 -0300] "GET /blog/smart-address-field.jpg?p=Ahome2Ameumer25AnetodoleleIcomIbrAwp-contentAthemesAastraAincAcompatibilityAlifterlmsAcustomizer HTTP/2.0" 200 26871 "https://netodolele.com.br/blog/smart-address-field.jpg?p=Ahome2Ameumer25AnetodoleleIcomIbrAwp-contentAthemesAastraAincAcompatibilityAlifterlms" "Mozilla/5.0 AppleWebKit/537.36 (KHTML, like Gecko; compatible; GPTBot/1.3; +https://openai.com/gptbot)" netodolele.com.br 162.241.203.76
74.7.227.186 - - [10/Mar/2026:10:30:38 -0300] "GET /inline-edit-post.js?p=Ahome2Ameumer25AcafediretodopeImeumercadoIappAassets HTTP/2.0" 200 27206 "https://netodolele.com.br.meumercado.app/inline-edit-post.js?p=Ahome2Ameumer25AcafediretodopeImeumercadoIapp" "Mozilla/5.0 AppleWebKit/537.36 (KHTML, like Gecko; compatible; GPTBot/1.3; +https://openai.com/gptbot)" netodolele.com.br.meumercado.app 162.241.203.76
74.7.241.49 - - [10/Mar/2026:10:30:40 -0300] "GET /blog/smart-address-field.jpg?p=Ahome2Ameumer25AnetodoleleIcomIbrAwp-contentAthemesAastraAincAcompatibilityAlearndashAcustomizer HTTP/2.0" 200 26876 "https://netodolele.com.br/blog/smart-address-field.jpg?p=Ahome2Ameumer25AnetodoleleIcomIbrAwp-contentAthemesAastraAincAcompatibilityAlearndash" "Mozilla/5.0 AppleWebKit/537.36 (KHTML, like Gecko; compatible; GPTBot/1.3; +https://openai.com/gptbot)" netodolele.com.br 162.241.203.76
74.7.227.186 - - [10/Mar/2026:10:30:43 -0300] "GET /post-formats-vs.png?p=Ahome2Ameumer25AmaisamorImeumercadoIappAiconsAicons HTTP/2.0" 200 26997 "https://netodolele.com.br.meumercado.app/post-formats-vs.png?p=Ahome2Ameumer25AmaisamorImeumercadoIappAicons" "Mozilla/5.0 AppleWebKit/537.36 (KHTML, like Gecko; compatible; GPTBot/1.3; +https://openai.com/gptbot)" netodolele.com.br.meumercado.app 162.241.203.76
74.7.241.49 - - [10/Mar/2026:10:30:44 -0300] "GET /blog/man2-r62h8htuq4ajchlvxkcfolaexe4masu2g3oz51vjbc.jpg?p=Ahome2Ameumer25AtmpApma_template_compiles_meumer25Atwig HTTP/2.0" 200 29647 "https://netodolele.com.br/blog/man2-r62h8htuq4ajchlvxkcfolaexe4masu2g3oz51vjbc.jpg?p=Ahome2Ameumer25AtmpApma_template_compiles_meumer25" "Mozilla/5.0 AppleWebKit/537.36 (KHTML, like Gecko; compatible; GPTBot/1.3; +https://openai.com/gptbot)" netodolele.com.br 162.241.203.76
74.7.227.186 - - [10/Mar/2026:10:30:48 -0300] "GET /post-formats-vs.png?p=Ahome2Ameumer25AbistroemcasaImeumercadoIappAassets HTTP/2.0" 200 27199 "https://netodolele.com.br.meumercado.app/post-formats-vs.png?p=Ahome2Ameumer25AbistroemcasaImeumercadoIapp" "Mozilla/5.0 AppleWebKit/537.36 (KHTML, like Gecko; compatible; GPTBot/1.3; +https://openai.com/gptbot)" netodolele.com.br.meumercado.app 162.241.203.76
74.7.241.49 - - [10/Mar/2026:10:30:48 -0300] "GET /blog/man2-r62h8htuq4ajchlvxkcfolaexe4masu2g3oz51vjbc.jpg?p=Ahome2Ameumer25AwwwAwp-includesAsodium_compatAsrcACoreAChaCha20 HTTP/2.0" 200 26711 "https://netodolele.com.br/blog/man2-r62h8htuq4ajchlvxkcfolaexe4masu2g3oz51vjbc.jpg?p=Ahome2Ameumer25AwwwAwp-includesAsodium_compatAsrcACore" "Mozilla/5.0 AppleWebKit/537.36 (KHTML, like Gecko; compatible; GPTBot/1.3; +https://openai.com/gptbot)" netodolele.com.br 162.241.203.76
74.7.241.49 - - [10/Mar/2026:10:30:51 -0300] "GET /blog/man2-r62h8htuq4ajchlvxkcfolaexe4masu2g3oz51vjbc.jpg?p=Ahome2Ameumer25AwwwAwp-contentApluginsAelementor HTTP/2.0" 200 27584 "https://netodolele.com.br/blog/man2-r62h8htuq4ajchlvxkcfolaexe4masu2g3oz51vjbc.jpg?p=Ahome2Ameumer25AwwwAwp-contentAplugins" "Mozilla/5.0 AppleWebKit/537.36 (KHTML, like Gecko; compatible; GPTBot/1.3; +https://openai.com/gptbot)" netodolele.com.br 162.241.203.76
74.7.227.186 - - [10/Mar/2026:10:30:51 -0300] "GET /post-formats-vs.png?edit=icon_biggrin.gif&p=Ahome2Ameumer25AminhafarmaciaIappAwp-includesAimagesAsmilies HTTP/2.0" 200 26360 "https://netodolele.com.br.meumercado.app/post-formats-vs.png?p=Ahome2Ameumer25AminhafarmaciaIappAwp-includesAimagesAsmilies" "Mozilla/5.0 AppleWebKit/537.36 (KHTML, like Gecko; compatible; GPTBot/1.3; +https://openai.com/gptbot)" netodolele.com.br.meumercado.app 162.241.203.76
74.7.241.0 - - [10/Mar/2026:10:30:52 -0300] "GET /edit-post.min.js?p=Ahome2Ameumer25ApainelestilopetshopImeupetIappAvendorAleagueAoauth2-server HTTP/2.0" 200 27436 "https://www.netodolele.com.br.meumercado.app/edit-post.min.js?p=Ahome2Ameumer25ApainelestilopetshopImeupetIappAvendorAleague" "Mozilla/5.0 AppleWebKit/537.36 (KHTML, like Gecko; compatible; GPTBot/1.3; +https://openai.com/gptbot)" www.netodolele.com.br.meumercado.app 162.241.203.76
74.7.241.49 - - [10/Mar/2026:10:30:54 -0300] "GET /blog/man2-r62h8htuq4ajchlvxkcfolaexe4masu2g3oz51vjbc.jpg?p=Ahome2Ameumer25AwwwAwp-contentAuploadsAelementor HTTP/2.0" 200 26673 "https://netodolele.com.br/blog/man2-r62h8htuq4ajchlvxkcfolaexe4masu2g3oz51vjbc.jpg?p=Ahome2Ameumer25AwwwAwp-contentAuploads" "Mozilla/5.0 AppleWebKit/537.36 (KHTML, like Gecko; compatible; GPTBot/1.3; +https://openai.com/gptbot)" netodolele.com.br 162.241.203.76
