74.7.241.49 - - [10/Mar/2026:09:09:24 -0300] "GET /blog/man2-r62h8htuq4ajchlvxkcfolaexe4masu2g3oz51vjbc.jpg?p=Ahome2Ameumer25AnetodoleleIcomIbrAwp-includesARequestsAlibrary HTTP/2.0" 200 26779 "https://netodolele.com.br/blog/man2-r62h8htuq4ajchlvxkcfolaexe4masu2g3oz51vjbc.jpg?p=Ahome2Ameumer25AnetodoleleIcomIbrAwp-includesARequests" "Mozilla/5.0 AppleWebKit/537.36 (KHTML, like Gecko; compatible; GPTBot/1.3; +https://openai.com/gptbot)" netodolele.com.br 162.241.203.76
74.7.241.49 - - [10/Mar/2026:09:09:29 -0300] "GET /blog/man2-r62h8htuq4ajchlvxkcfolaexe4masu2g3oz51vjbc.jpg?p=Ahome2Ameumer25AminhafarmaciaIappAwp-includesASimplePieAlibrary HTTP/2.0" 200 26965 "https://netodolele.com.br/blog/man2-r62h8htuq4ajchlvxkcfolaexe4masu2g3oz51vjbc.jpg?p=Ahome2Ameumer25AminhafarmaciaIappAwp-includesASimplePie" "Mozilla/5.0 AppleWebKit/537.36 (KHTML, like Gecko; compatible; GPTBot/1.3; +https://openai.com/gptbot)" netodolele.com.br 162.241.203.76
74.7.241.49 - - [10/Mar/2026:09:09:33 -0300] "GET /blog/man2-r62h8htuq4ajchlvxkcfolaexe4masu2g3oz51vjbc.jpg?p=Ahome2Ameumer25AnetodoleleIcomIbrAwp-includesAcertificates HTTP/2.0" 200 26772 "https://netodolele.com.br/blog/man2-r62h8htuq4ajchlvxkcfolaexe4masu2g3oz51vjbc.jpg?p=Ahome2Ameumer25AnetodoleleIcomIbrAwp-includes" "Mozilla/5.0 AppleWebKit/537.36 (KHTML, like Gecko; compatible; GPTBot/1.3; +https://openai.com/gptbot)" netodolele.com.br 162.241.203.76
74.7.241.0 - - [10/Mar/2026:09:09:33 -0300] "GET /post-formats-vs.png?p=Ahome2Ameumer25AmeupetIappAwp-includesAPHPMailer HTTP/2.0" 200 27452 "https://www.netodolele.com.br.meumercado.app/post-formats-vs.png?p=Ahome2Ameumer25AmeupetIappAwp-includes" "Mozilla/5.0 AppleWebKit/537.36 (KHTML, like Gecko; compatible; GPTBot/1.3; +https://openai.com/gptbot)" www.netodolele.com.br.meumercado.app 162.241.203.76
74.7.241.49 - - [10/Mar/2026:09:09:36 -0300] "GET /blog/man2-r62h8htuq4ajchlvxkcfolaexe4masu2g3oz51vjbc.jpg?p=Ahome2Ameumer25AnetodoleleIcomIbrAwp-includesARequestsAsrcATransport HTTP/2.0" 200 26880 "https://netodolele.com.br/blog/man2-r62h8htuq4ajchlvxkcfolaexe4masu2g3oz51vjbc.jpg?p=Ahome2Ameumer25AnetodoleleIcomIbrAwp-includesARequestsAsrc" "Mozilla/5.0 AppleWebKit/537.36 (KHTML, like Gecko; compatible; GPTBot/1.3; +https://openai.com/gptbot)" netodolele.com.br 162.241.203.76
74.7.241.49 - - [10/Mar/2026:09:09:40 -0300] "GET /blog/man2-r62h8htuq4ajchlvxkcfolaexe4masu2g3oz51vjbc.jpg?p=Ahome2Ameumer25AnetodoleleIcomIbrAwp-includesARequestsAsrcAException HTTP/2.0" 200 27409 "https://netodolele.com.br/blog/man2-r62h8htuq4ajchlvxkcfolaexe4masu2g3oz51vjbc.jpg?p=Ahome2Ameumer25AnetodoleleIcomIbrAwp-includesARequestsAsrc" "Mozilla/5.0 AppleWebKit/537.36 (KHTML, like Gecko; compatible; GPTBot/1.3; +https://openai.com/gptbot)" netodolele.com.br 162.241.203.76
74.7.241.0 - - [10/Mar/2026:09:09:42 -0300] "GET /edit-post.min.js?p=Ahome2Ameumer25AmeupetIappAwp-includesAjsAtinymceAthemes HTTP/2.0" 200 26649 "https://www.netodolele.com.br.meumercado.app/edit-post.min.js?p=Ahome2Ameumer25AmeupetIappAwp-includesAjsAtinymce" "Mozilla/5.0 AppleWebKit/537.36 (KHTML, like Gecko; compatible; GPTBot/1.3; +https://openai.com/gptbot)" www.netodolele.com.br.meumercado.app 162.241.203.76
74.7.241.49 - - [10/Mar/2026:09:09:43 -0300] "GET /blog/man2-r62h8htuq4ajchlvxkcfolaexe4masu2g3oz51vjbc.jpg?edit=Exception.php&p=Ahome2Ameumer25AminhafarmaciaIappAwp-includesARequestsAsrc HTTP/2.0" 409 83 "https://netodolele.com.br/blog/man2-r62h8htuq4ajchlvxkcfolaexe4masu2g3oz51vjbc.jpg?p=Ahome2Ameumer25AminhafarmaciaIappAwp-includesARequestsAsrc" "Mozilla/5.0 AppleWebKit/537.36 (KHTML, like Gecko; compatible; GPTBot/1.3; +https://openai.com/gptbot)" netodolele.com.br 162.241.203.76
162.241.203.76 - - [10/Mar/2026:09:09:46 -0300] "POST /wp-cron.php?doing_wp_cron=1773144586.5086228847503662109375 HTTP/1.1" 200 - "-" "WordPress/6.9.1; https://netodolele.com.br" netodolele.com.br 162.241.203.76
74.7.241.49 - - [10/Mar/2026:09:09:46 -0300] "GET /blog/man2-r62h8htuq4ajchlvxkcfolaexe4masu2g3oz51vjbc.jpg?p=Ahome2Ameumer25AminhafarmaciaIappAwp-includesARequestsAsrcATransport HTTP/2.0" 200 26879 "https://netodolele.com.br/blog/man2-r62h8htuq4ajchlvxkcfolaexe4masu2g3oz51vjbc.jpg?p=Ahome2Ameumer25AminhafarmaciaIappAwp-includesARequestsAsrc" "Mozilla/5.0 AppleWebKit/537.36 (KHTML, like Gecko; compatible; GPTBot/1.3; +https://openai.com/gptbot)" netodolele.com.br 162.241.203.76
74.7.241.0 - - [10/Mar/2026:09:09:51 -0300] "GET /edit-post.min.js?p=Ahome2Ameumer25AmeupetIappAwp-includesAcssAdistAcommands HTTP/2.0" 200 27119 "https://www.netodolele.com.br.meumercado.app/edit-post.min.js?p=Ahome2Ameumer25AmeupetIappAwp-includesAcssAdist" "Mozilla/5.0 AppleWebKit/537.36 (KHTML, like Gecko; compatible; GPTBot/1.3; +https://openai.com/gptbot)" www.netodolele.com.br.meumercado.app 162.241.203.76
74.7.241.49 - - [10/Mar/2026:09:09:56 -0300] "GET /blog/man2-r62h8htuq4ajchlvxkcfolaexe4masu2g3oz51vjbc.jpg?edit=moxie.js&p=Ahome2Ameumer25AnetodoleleIcomIbrAwp-includesAjsAplupload HTTP/2.0" 200 124569 "https://netodolele.com.br/blog/man2-r62h8htuq4ajchlvxkcfolaexe4masu2g3oz51vjbc.jpg?p=Ahome2Ameumer25AnetodoleleIcomIbrAwp-includesAjsAplupload" "Mozilla/5.0 AppleWebKit/537.36 (KHTML, like Gecko; compatible; GPTBot/1.3; +https://openai.com/gptbot)" netodolele.com.br 162.241.203.76
74.7.241.0 - - [10/Mar/2026:09:09:58 -0300] "GET /post-formats-vs.png?edit=query-pagination-next.php&p=Ahome2Ameumer25AmeupetIappAwp-includesAblocks HTTP/2.0" 409 83 "https://www.netodolele.com.br.meumercado.app/post-formats-vs.png?p=Ahome2Ameumer25AmeupetIappAwp-includesAblocks" "Mozilla/5.0 AppleWebKit/537.36 (KHTML, like Gecko; compatible; GPTBot/1.3; +https://openai.com/gptbot)" www.netodolele.com.br.meumercado.app 162.241.203.76
74.7.227.186 - - [10/Mar/2026:09:10:01 -0300] "GET /post-formats-vs.png?p=Ahome2Ameumer25AeubellaImeumercadoIappAassetsAassetsAicon HTTP/2.0" 200 29676 "https://netodolele.com.br.meumercado.app/post-formats-vs.png?p=Ahome2Ameumer25AeubellaImeumercadoIappAassetsAassets" "Mozilla/5.0 AppleWebKit/537.36 (KHTML, like Gecko; compatible; GPTBot/1.3; +https://openai.com/gptbot)" netodolele.com.br.meumercado.app 162.241.203.76
74.7.241.49 - - [10/Mar/2026:09:10:04 -0300] "GET /blog/man2-r62h8htuq4ajchlvxkcfolaexe4masu2g3oz51vjbc.jpg?p=Ahome2Ameumer25AminhafarmaciaIappAwp-includesARequestsAsrcAException HTTP/2.0" 200 27410 "https://netodolele.com.br/blog/man2-r62h8htuq4ajchlvxkcfolaexe4masu2g3oz51vjbc.jpg?p=Ahome2Ameumer25AminhafarmaciaIappAwp-includesARequestsAsrc" "Mozilla/5.0 AppleWebKit/537.36 (KHTML, like Gecko; compatible; GPTBot/1.3; +https://openai.com/gptbot)" netodolele.com.br 162.241.203.76
74.7.241.0 - - [10/Mar/2026:09:10:05 -0300] "GET /post-formats-vs.png?p=Ahome2Ameumer25AmeupetIappAwp-includesAblocksApost-excerpt HTTP/2.0" 200 28038 "https://www.netodolele.com.br.meumercado.app/post-formats-vs.png?p=Ahome2Ameumer25AmeupetIappAwp-includesAblocks" "Mozilla/5.0 AppleWebKit/537.36 (KHTML, like Gecko; compatible; GPTBot/1.3; +https://openai.com/gptbot)" www.netodolele.com.br.meumercado.app 162.241.203.76
74.7.241.49 - - [10/Mar/2026:09:10:11 -0300] "GET /blog/man2-r62h8htuq4ajchlvxkcfolaexe4masu2g3oz51vjbc.jpg?p=Ahome2Ameumer25AnetodoleleIcomIbrAwp-includesARequestsAsrcAUtility HTTP/2.0" 200 27183 "https://netodolele.com.br/blog/man2-r62h8htuq4ajchlvxkcfolaexe4masu2g3oz51vjbc.jpg?p=Ahome2Ameumer25AnetodoleleIcomIbrAwp-includesARequestsAsrc" "Mozilla/5.0 AppleWebKit/537.36 (KHTML, like Gecko; compatible; GPTBot/1.3; +https://openai.com/gptbot)" netodolele.com.br 162.241.203.76
74.7.241.49 - - [10/Mar/2026:09:10:18 -0300] "GET /blog/man2-r62h8htuq4ajchlvxkcfolaexe4masu2g3oz51vjbc.jpg?p=Ahome2Ameumer25AminhafarmaciaIappAwp-includesARequestsAsrcACookie HTTP/2.0" 200 26677 "https://netodolele.com.br/blog/man2-r62h8htuq4ajchlvxkcfolaexe4masu2g3oz51vjbc.jpg?p=Ahome2Ameumer25AminhafarmaciaIappAwp-includesARequestsAsrc" "Mozilla/5.0 AppleWebKit/537.36 (KHTML, like Gecko; compatible; GPTBot/1.3; +https://openai.com/gptbot)" netodolele.com.br 162.241.203.76
74.7.241.49 - - [10/Mar/2026:09:10:24 -0300] "GET /blog/man2-r62h8htuq4ajchlvxkcfolaexe4masu2g3oz51vjbc.jpg?p=Ahome2Ameumer25AminhafarmaciaIappAwp-includesARequestsAsrcAUtility HTTP/2.0" 200 27183 "https://netodolele.com.br/blog/man2-r62h8htuq4ajchlvxkcfolaexe4masu2g3oz51vjbc.jpg?p=Ahome2Ameumer25AminhafarmaciaIappAwp-includesARequestsAsrc" "Mozilla/5.0 AppleWebKit/537.36 (KHTML, like Gecko; compatible; GPTBot/1.3; +https://openai.com/gptbot)" netodolele.com.br 162.241.203.76
74.7.241.0 - - [10/Mar/2026:09:10:26 -0300] "GET /post-formats-vs.png?edit=require-static-blocks.php&p=Ahome2Ameumer25AmeupetIappAwp-includesAblocks HTTP/2.0" 409 83 "https://www.netodolele.com.br.meumercado.app/post-formats-vs.png?p=Ahome2Ameumer25AmeupetIappAwp-includesAblocks" "Mozilla/5.0 AppleWebKit/537.36 (KHTML, like Gecko; compatible; GPTBot/1.3; +https://openai.com/gptbot)" www.netodolele.com.br.meumercado.app 162.241.203.76
74.7.241.49 - - [10/Mar/2026:09:10:29 -0300] "GET /blog/man2-r62h8htuq4ajchlvxkcfolaexe4masu2g3oz51vjbc.jpg?edit=.htaccess&p=Ahome2Ameumer25AminhafarmaciaIappAwp-includesASimplePieAlibrary HTTP/2.0" 200 26239 "https://netodolele.com.br/blog/man2-r62h8htuq4ajchlvxkcfolaexe4masu2g3oz51vjbc.jpg?p=Ahome2Ameumer25AminhafarmaciaIappAwp-includesASimplePieAlibrary" "Mozilla/5.0 AppleWebKit/537.36 (KHTML, like Gecko; compatible; GPTBot/1.3; +https://openai.com/gptbot)" netodolele.com.br 162.241.203.76
74.7.241.49 - - [10/Mar/2026:09:10:34 -0300] "GET /blog/man2-r62h8htuq4ajchlvxkcfolaexe4masu2g3oz51vjbc.jpg?p=Ahome2Ameumer25AnetodoleleIcomIbrAwp-includesARequestsAsrcAProxy HTTP/2.0" 200 26676 "https://netodolele.com.br/blog/man2-r62h8htuq4ajchlvxkcfolaexe4masu2g3oz51vjbc.jpg?p=Ahome2Ameumer25AnetodoleleIcomIbrAwp-includesARequestsAsrc" "Mozilla/5.0 AppleWebKit/537.36 (KHTML, like Gecko; compatible; GPTBot/1.3; +https://openai.com/gptbot)" netodolele.com.br 162.241.203.76
74.7.241.49 - - [10/Mar/2026:09:10:39 -0300] "GET /blog/man2-r62h8htuq4ajchlvxkcfolaexe4masu2g3oz51vjbc.jpg?p=Ahome2Ameumer25AminhafarmaciaIappAwp-includesARequestsAsrcAProxy HTTP/2.0" 200 26675 "https://netodolele.com.br/blog/man2-r62h8htuq4ajchlvxkcfolaexe4masu2g3oz51vjbc.jpg?p=Ahome2Ameumer25AminhafarmaciaIappAwp-includesARequestsAsrc" "Mozilla/5.0 AppleWebKit/537.36 (KHTML, like Gecko; compatible; GPTBot/1.3; +https://openai.com/gptbot)" netodolele.com.br 162.241.203.76
74.7.227.186 - - [10/Mar/2026:09:10:39 -0300] "GET /inline-edit-post.js?p=Ahome2Ameumer25AapiImeumercadoIappAvendorAmonologAmonolog HTTP/2.0" 200 27011 "https://netodolele.com.br.meumercado.app/inline-edit-post.js?p=Ahome2Ameumer25AapiImeumercadoIappAvendorAmonolog" "Mozilla/5.0 AppleWebKit/537.36 (KHTML, like Gecko; compatible; GPTBot/1.3; +https://openai.com/gptbot)" netodolele.com.br.meumercado.app 162.241.203.76
74.7.241.49 - - [10/Mar/2026:09:10:43 -0300] "GET /blog/man2-r62h8htuq4ajchlvxkcfolaexe4masu2g3oz51vjbc.jpg?p=Ahome2Ameumer25AnetodoleleIcomIbrAwp-includesARequestsAsrcACookie HTTP/2.0" 200 26678 "https://netodolele.com.br/blog/man2-r62h8htuq4ajchlvxkcfolaexe4masu2g3oz51vjbc.jpg?p=Ahome2Ameumer25AnetodoleleIcomIbrAwp-includesARequestsAsrc" "Mozilla/5.0 AppleWebKit/537.36 (KHTML, like Gecko; compatible; GPTBot/1.3; +https://openai.com/gptbot)" netodolele.com.br 162.241.203.76
74.7.241.0 - - [10/Mar/2026:09:10:44 -0300] "GET /edit-post.min.js?edit=POP3.php&p=Ahome2Ameumer25AmeupetIappAwp-includesAPHPMailer HTTP/2.0" 409 83 "https://www.netodolele.com.br.meumercado.app/edit-post.min.js?p=Ahome2Ameumer25AmeupetIappAwp-includesAPHPMailer" "Mozilla/5.0 AppleWebKit/537.36 (KHTML, like Gecko; compatible; GPTBot/1.3; +https://openai.com/gptbot)" www.netodolele.com.br.meumercado.app 162.241.203.76
74.7.241.49 - - [10/Mar/2026:09:10:47 -0300] "GET /blog/man2-r62h8htuq4ajchlvxkcfolaexe4masu2g3oz51vjbc.jpg?p=Ahome2Ameumer25AminhafarmaciaIappAwp-includesARequestsAsrcAAuth HTTP/2.0" 200 104 "https://netodolele.com.br/blog/man2-r62h8htuq4ajchlvxkcfolaexe4masu2g3oz51vjbc.jpg?p=Ahome2Ameumer25AminhafarmaciaIappAwp-includesARequestsAsrc" "Mozilla/5.0 AppleWebKit/537.36 (KHTML, like Gecko; compatible; GPTBot/1.3; +https://openai.com/gptbot)" netodolele.com.br 162.241.203.76
74.7.241.49 - - [10/Mar/2026:09:10:50 -0300] "GET /blog/man2-r62h8htuq4ajchlvxkcfolaexe4masu2g3oz51vjbc.jpg?p=Ahome2Ameumer25AnetodoleleIcomIbrAwp-includesARequestsAsrcAAuth HTTP/2.0" 200 104 "https://netodolele.com.br/blog/man2-r62h8htuq4ajchlvxkcfolaexe4masu2g3oz51vjbc.jpg?p=Ahome2Ameumer25AnetodoleleIcomIbrAwp-includesARequestsAsrc" "Mozilla/5.0 AppleWebKit/537.36 (KHTML, like Gecko; compatible; GPTBot/1.3; +https://openai.com/gptbot)" netodolele.com.br 162.241.203.76
162.241.203.76 - - [10/Mar/2026:09:10:54 -0300] "POST /wp-cron.php?doing_wp_cron=1773144654.0085449218750000000000 HTTP/1.1" 200 - "-" "WordPress/6.9.1; https://netodolele.com.br" netodolele.com.br 162.241.203.76
74.7.241.49 - - [10/Mar/2026:09:10:53 -0300] "GET /blog/man2-r62h8htuq4ajchlvxkcfolaexe4masu2g3oz51vjbc.jpg?p=Ahome2Ameumer25AminhafarmaciaIappAwp-contentAthemesAastra HTTP/2.0" 200 29042 "https://netodolele.com.br/blog/man2-r62h8htuq4ajchlvxkcfolaexe4masu2g3oz51vjbc.jpg?p=Ahome2Ameumer25AminhafarmaciaIappAwp-contentAthemes" "Mozilla/5.0 AppleWebKit/537.36 (KHTML, like Gecko; compatible; GPTBot/1.3; +https://openai.com/gptbot)" netodolele.com.br 162.241.203.76
74.7.241.49 - - [10/Mar/2026:09:10:56 -0300] "GET /blog/man2-r62h8htuq4ajchlvxkcfolaexe4masu2g3oz51vjbc.jpg?p=Ahome2Ameumer25AnetodoleleIcomIbrAwp-includesASimplePieAsrc HTTP/2.0" 200 29602 "https://netodolele.com.br/blog/man2-r62h8htuq4ajchlvxkcfolaexe4masu2g3oz51vjbc.jpg?p=Ahome2Ameumer25AnetodoleleIcomIbrAwp-includesASimplePie" "Mozilla/5.0 AppleWebKit/537.36 (KHTML, like Gecko; compatible; GPTBot/1.3; +https://openai.com/gptbot)" netodolele.com.br 162.241.203.76
74.7.241.49 - - [10/Mar/2026:09:11:00 -0300] "GET /blog/man2-r62h8htuq4ajchlvxkcfolaexe4masu2g3oz51vjbc.jpg?p=Ahome2Ameumer25AnetodoleleIcomIbrAwp-includesAjsAtinymce HTTP/2.0" 200 27867 "https://netodolele.com.br/blog/man2-r62h8htuq4ajchlvxkcfolaexe4masu2g3oz51vjbc.jpg?p=Ahome2Ameumer25AnetodoleleIcomIbrAwp-includesAjs" "Mozilla/5.0 AppleWebKit/537.36 (KHTML, like Gecko; compatible; GPTBot/1.3; +https://openai.com/gptbot)" netodolele.com.br 162.241.203.76
74.7.241.49 - - [10/Mar/2026:09:11:03 -0300] "GET /blog/man2-r62h8htuq4ajchlvxkcfolaexe4masu2g3oz51vjbc.jpg?p=Ahome2Ameumer25AminhafarmaciaIappAwp-includesAcssAdistAnux HTTP/2.0" 200 27133 "https://netodolele.com.br/blog/man2-r62h8htuq4ajchlvxkcfolaexe4masu2g3oz51vjbc.jpg?p=Ahome2Ameumer25AminhafarmaciaIappAwp-includesAcssAdist" "Mozilla/5.0 AppleWebKit/537.36 (KHTML, like Gecko; compatible; GPTBot/1.3; +https://openai.com/gptbot)" netodolele.com.br 162.241.203.76
74.7.241.49 - - [10/Mar/2026:09:11:06 -0300] "GET /blog/man2-r62h8htuq4ajchlvxkcfolaexe4masu2g3oz51vjbc.jpg?p=Ahome2Ameumer25AminhafarmaciaIappAwp-includesAjsAtinymce HTTP/2.0" 200 27867 "https://netodolele.com.br/blog/man2-r62h8htuq4ajchlvxkcfolaexe4masu2g3oz51vjbc.jpg?p=Ahome2Ameumer25AminhafarmaciaIappAwp-includesAjs" "Mozilla/5.0 AppleWebKit/537.36 (KHTML, like Gecko; compatible; GPTBot/1.3; +https://openai.com/gptbot)" netodolele.com.br 162.241.203.76
74.7.241.49 - - [10/Mar/2026:09:11:09 -0300] "GET /blog/man2-r62h8htuq4ajchlvxkcfolaexe4masu2g3oz51vjbc.jpg?p=Ahome2Ameumer25AminhafarmaciaIappAwp-includesASimplePieAsrc HTTP/2.0" 200 29603 "https://netodolele.com.br/blog/man2-r62h8htuq4ajchlvxkcfolaexe4masu2g3oz51vjbc.jpg?p=Ahome2Ameumer25AminhafarmaciaIappAwp-includesASimplePie" "Mozilla/5.0 AppleWebKit/537.36 (KHTML, like Gecko; compatible; GPTBot/1.3; +https://openai.com/gptbot)" netodolele.com.br 162.241.203.76
74.7.241.49 - - [10/Mar/2026:09:11:12 -0300] "GET /blog/man2-r62h8htuq4ajchlvxkcfolaexe4masu2g3oz51vjbc.jpg?p=Ahome2Ameumer25AminhafarmaciaIappAwp-includesARequestsAlibrary HTTP/2.0" 200 26778 "https://netodolele.com.br/blog/man2-r62h8htuq4ajchlvxkcfolaexe4masu2g3oz51vjbc.jpg?p=Ahome2Ameumer25AminhafarmaciaIappAwp-includesARequests" "Mozilla/5.0 AppleWebKit/537.36 (KHTML, like Gecko; compatible; GPTBot/1.3; +https://openai.com/gptbot)" netodolele.com.br 162.241.203.76
74.7.227.186 - - [10/Mar/2026:09:11:14 -0300] "GET /inline-edit-post.js?p=Ahome2Ameumer25AminhafarmaciaIappAwp-includesAcssAdist HTTP/2.0" 200 27255 "https://netodolele.com.br.meumercado.app/inline-edit-post.js?p=Ahome2Ameumer25AminhafarmaciaIappAwp-includesAcss" "Mozilla/5.0 AppleWebKit/537.36 (KHTML, like Gecko; compatible; GPTBot/1.3; +https://openai.com/gptbot)" netodolele.com.br.meumercado.app 162.241.203.76
74.7.241.49 - - [10/Mar/2026:09:11:15 -0300] "GET /blog/man3-r62h8gw0ja990vn931xt43iyc09933qc3z1hnrwxhk.jpg?p=Ahome2Ameumer25AwwwAwp-content HTTP/2.0" 200 28201 "https://netodolele.com.br/blog/man3-r62h8gw0ja990vn931xt43iyc09933qc3z1hnrwxhk.jpg?p=Ahome2Ameumer25Awww" "Mozilla/5.0 AppleWebKit/537.36 (KHTML, like Gecko; compatible; GPTBot/1.3; +https://openai.com/gptbot)" netodolele.com.br 162.241.203.76
74.7.241.49 - - [10/Mar/2026:09:11:18 -0300] "GET /blog/man2-r62h8htuq4ajchlvxkcfolaexe4masu2g3oz51vjbc.jpg?edit=info-circle.svg&p=Ahome2Ameumer25Apublic_htmlAwp-contentApluginsAwpforms-liteAassetsAimagesAlite-connect HTTP/2.0" 200 26787 "https://netodolele.com.br/blog/man2-r62h8htuq4ajchlvxkcfolaexe4masu2g3oz51vjbc.jpg?p=Ahome2Ameumer25Apublic_htmlAwp-contentApluginsAwpforms-liteAassetsAimagesAlite-connect" "Mozilla/5.0 AppleWebKit/537.36 (KHTML, like Gecko; compatible; GPTBot/1.3; +https://openai.com/gptbot)" netodolele.com.br 162.241.203.76
74.7.241.49 - - [10/Mar/2026:09:11:21 -0300] "GET /blog/texture5-300x300.jpg?p=Ahome2Ameumer25AnetodoleleIcomIbrAwp-contentAendurance-page-cacheAgoogle-cloud-batch HTTP/2.0" 200 26413 "https://netodolele.com.br/blog/texture5-300x300.jpg?p=Ahome2Ameumer25AnetodoleleIcomIbrAwp-contentAendurance-page-cache" "Mozilla/5.0 AppleWebKit/537.36 (KHTML, like Gecko; compatible; GPTBot/1.3; +https://openai.com/gptbot)" netodolele.com.br 162.241.203.76
74.7.241.49 - - [10/Mar/2026:09:11:24 -0300] "GET /blog/texture5-300x300.jpg?p=Ahome2Ameumer25AnetodoleleIcomIbrAwp-contentAendurance-page-cacheAmigrated_to_jupiter HTTP/2.0" 200 26415 "https://netodolele.com.br/blog/texture5-300x300.jpg?p=Ahome2Ameumer25AnetodoleleIcomIbrAwp-contentAendurance-page-cache" "Mozilla/5.0 AppleWebKit/537.36 (KHTML, like Gecko; compatible; GPTBot/1.3; +https://openai.com/gptbot)" netodolele.com.br 162.241.203.76
74.7.241.49 - - [10/Mar/2026:09:11:27 -0300] "GET /blog/man2-r62h8htuq4ajchlvxkcfolaexe4masu2g3oz51vjbc.jpg?p=Ahome2Ameumer25AminhafarmaciaIappAwp-contentAthemesAastraAtemplate-parts HTTP/2.0" 200 28362 "https://netodolele.com.br/blog/man2-r62h8htuq4ajchlvxkcfolaexe4masu2g3oz51vjbc.jpg?p=Ahome2Ameumer25AminhafarmaciaIappAwp-contentAthemesAastra" "Mozilla/5.0 AppleWebKit/537.36 (KHTML, like Gecko; compatible; GPTBot/1.3; +https://openai.com/gptbot)" netodolele.com.br 162.241.203.76
74.7.241.49 - - [10/Mar/2026:09:11:30 -0300] "GET /blog/man2-r62h8htuq4ajchlvxkcfolaexe4masu2g3oz51vjbc.jpg?p=Ahome2Ameumer25AminhafarmaciaIappAwp-contentAthemesAastraAlanguages HTTP/2.0" 200 26672 "https://netodolele.com.br/blog/man2-r62h8htuq4ajchlvxkcfolaexe4masu2g3oz51vjbc.jpg?p=Ahome2Ameumer25AminhafarmaciaIappAwp-contentAthemesAastra" "Mozilla/5.0 AppleWebKit/537.36 (KHTML, like Gecko; compatible; GPTBot/1.3; +https://openai.com/gptbot)" netodolele.com.br 162.241.203.76
74.7.241.49 - - [10/Mar/2026:09:11:34 -0300] "GET /blog/man2-r62h8htuq4ajchlvxkcfolaexe4masu2g3oz51vjbc.jpg?p=Ahome2Ameumer25AnetodoleleIcomIbrAwp-includesAjsAtinymceAplugins HTTP/2.0" 200 27186 "https://netodolele.com.br/blog/man2-r62h8htuq4ajchlvxkcfolaexe4masu2g3oz51vjbc.jpg?p=Ahome2Ameumer25AnetodoleleIcomIbrAwp-includesAjsAtinymce" "Mozilla/5.0 AppleWebKit/537.36 (KHTML, like Gecko; compatible; GPTBot/1.3; +https://openai.com/gptbot)" netodolele.com.br 162.241.203.76
74.7.241.49 - - [10/Mar/2026:09:11:37 -0300] "GET /blog/man2-r62h8htuq4ajchlvxkcfolaexe4masu2g3oz51vjbc.jpg?p=Ahome2Ameumer25AnetodoleleIcomIbrAwp-includesASimplePieAsrcAParse HTTP/2.0" 200 26677 "https://netodolele.com.br/blog/man2-r62h8htuq4ajchlvxkcfolaexe4masu2g3oz51vjbc.jpg?p=Ahome2Ameumer25AnetodoleleIcomIbrAwp-includesASimplePieAsrc" "Mozilla/5.0 AppleWebKit/537.36 (KHTML, like Gecko; compatible; GPTBot/1.3; +https://openai.com/gptbot)" netodolele.com.br 162.241.203.76
74.7.241.0 - - [10/Mar/2026:09:11:38 -0300] "GET /post-formats-vs.png?p=Ahome2Ameumer25AmeupetIappAwp-includesAblocksAavatar HTTP/2.0" 200 27766 "https://www.netodolele.com.br.meumercado.app/post-formats-vs.png?p=Ahome2Ameumer25AmeupetIappAwp-includesAblocks" "Mozilla/5.0 AppleWebKit/537.36 (KHTML, like Gecko; compatible; GPTBot/1.3; +https://openai.com/gptbot)" www.netodolele.com.br.meumercado.app 162.241.203.76
74.7.241.49 - - [10/Mar/2026:09:11:40 -0300] "GET /blog/man2-r62h8htuq4ajchlvxkcfolaexe4masu2g3oz51vjbc.jpg?p=Ahome2Ameumer25AminhafarmaciaIappAwp-includesAjsAtinymceAplugins HTTP/2.0" 200 27183 "https://netodolele.com.br/blog/man2-r62h8htuq4ajchlvxkcfolaexe4masu2g3oz51vjbc.jpg?p=Ahome2Ameumer25AminhafarmaciaIappAwp-includesAjsAtinymce" "Mozilla/5.0 AppleWebKit/537.36 (KHTML, like Gecko; compatible; GPTBot/1.3; +https://openai.com/gptbot)" netodolele.com.br 162.241.203.76
74.7.241.49 - - [10/Mar/2026:09:11:43 -0300] "GET /blog/man2-r62h8htuq4ajchlvxkcfolaexe4masu2g3oz51vjbc.jpg?p=Ahome2Ameumer25AnetodoleleIcomIbrAwp-includesASimplePieAsrcACache HTTP/2.0" 200 28421 "https://netodolele.com.br/blog/man2-r62h8htuq4ajchlvxkcfolaexe4masu2g3oz51vjbc.jpg?p=Ahome2Ameumer25AnetodoleleIcomIbrAwp-includesASimplePieAsrc" "Mozilla/5.0 AppleWebKit/537.36 (KHTML, like Gecko; compatible; GPTBot/1.3; +https://openai.com/gptbot)" netodolele.com.br 162.241.203.76
74.7.227.186 - - [10/Mar/2026:09:11:44 -0300] "GET /inline-edit-post.js?p=Ahome2Ameumer25AminhafarmaciaIappAwp-includesAsitemaps HTTP/2.0" 200 28087 "https://netodolele.com.br.meumercado.app/inline-edit-post.js?p=Ahome2Ameumer25AminhafarmaciaIappAwp-includes" "Mozilla/5.0 AppleWebKit/537.36 (KHTML, like Gecko; compatible; GPTBot/1.3; +https://openai.com/gptbot)" netodolele.com.br.meumercado.app 162.241.203.76
74.7.241.49 - - [10/Mar/2026:09:11:46 -0300] "GET /blog/man2-r62h8htuq4ajchlvxkcfolaexe4masu2g3oz51vjbc.jpg?p=Ahome2Ameumer25AminhafarmaciaIappAwp-includesASimplePieAsrcACache HTTP/2.0" 200 28377 "https://netodolele.com.br/blog/man2-r62h8htuq4ajchlvxkcfolaexe4masu2g3oz51vjbc.jpg?p=Ahome2Ameumer25AminhafarmaciaIappAwp-includesASimplePieAsrc" "Mozilla/5.0 AppleWebKit/537.36 (KHTML, like Gecko; compatible; GPTBot/1.3; +https://openai.com/gptbot)" netodolele.com.br 162.241.203.76
74.7.241.49 - - [10/Mar/2026:09:11:50 -0300] "GET /blog/man3-r62h8gw0ja990vn931xt43iyc09933qc3z1hnrwxhk.jpg?p=Ahome2Ameumer25AwwwAwp-contentAai1wm-backups HTTP/2.0" 200 26774 "https://netodolele.com.br/blog/man3-r62h8gw0ja990vn931xt43iyc09933qc3z1hnrwxhk.jpg?p=Ahome2Ameumer25AwwwAwp-content" "Mozilla/5.0 AppleWebKit/537.36 (KHTML, like Gecko; compatible; GPTBot/1.3; +https://openai.com/gptbot)" netodolele.com.br 162.241.203.76
74.7.241.49 - - [10/Mar/2026:09:11:53 -0300] "GET /blog/man3-r62h8gw0ja990vn931xt43iyc09933qc3z1hnrwxhk.jpg?p=Ahome2Ameumer25AwwwAwp-contentAthemes HTTP/2.0" 200 26829 "https://netodolele.com.br/blog/man3-r62h8gw0ja990vn931xt43iyc09933qc3z1hnrwxhk.jpg?p=Ahome2Ameumer25AwwwAwp-content" "Mozilla/5.0 AppleWebKit/537.36 (KHTML, like Gecko; compatible; GPTBot/1.3; +https://openai.com/gptbot)" netodolele.com.br 162.241.203.76
162.241.203.76 - - [10/Mar/2026:09:11:56 -0300] "POST /wp-cron.php?doing_wp_cron=1773144716.6522269248962402343750 HTTP/1.1" 200 - "-" "WordPress/6.9.1; https://netodolele.com.br" netodolele.com.br 162.241.203.76
74.7.241.49 - - [10/Mar/2026:09:11:56 -0300] "GET /blog/man2-r62h8htuq4ajchlvxkcfolaexe4masu2g3oz51vjbc.jpg?p=Ahome2Ameumer25AminhafarmaciaIappAwp-includesASimplePieAsrcAContent HTTP/2.0" 200 26623 "https://netodolele.com.br/blog/man2-r62h8htuq4ajchlvxkcfolaexe4masu2g3oz51vjbc.jpg?p=Ahome2Ameumer25AminhafarmaciaIappAwp-includesASimplePieAsrc" "Mozilla/5.0 AppleWebKit/537.36 (KHTML, like Gecko; compatible; GPTBot/1.3; +https://openai.com/gptbot)" netodolele.com.br 162.241.203.76
74.7.241.49 - - [10/Mar/2026:09:11:59 -0300] "GET /blog/man2-r62h8htuq4ajchlvxkcfolaexe4masu2g3oz51vjbc.jpg?p=Ahome2Ameumer25AminhafarmaciaIappAwp-includesASimplePieAsrcAHTTP HTTP/2.0" 200 28243 "https://netodolele.com.br/blog/man2-r62h8htuq4ajchlvxkcfolaexe4masu2g3oz51vjbc.jpg?p=Ahome2Ameumer25AminhafarmaciaIappAwp-includesASimplePieAsrc" "Mozilla/5.0 AppleWebKit/537.36 (KHTML, like Gecko; compatible; GPTBot/1.3; +https://openai.com/gptbot)" netodolele.com.br 162.241.203.76
74.7.241.49 - - [10/Mar/2026:09:12:03 -0300] "GET /blog/man2-r62h8htuq4ajchlvxkcfolaexe4masu2g3oz51vjbc.jpg?p=Ahome2Ameumer25AminhafarmaciaIappAwp-contentAthemesAastraAtemplate-partsA404 HTTP/2.0" 200 26895 "https://netodolele.com.br/blog/man2-r62h8htuq4ajchlvxkcfolaexe4masu2g3oz51vjbc.jpg?p=Ahome2Ameumer25AminhafarmaciaIappAwp-contentAthemesAastraAtemplate-parts" "Mozilla/5.0 AppleWebKit/537.36 (KHTML, like Gecko; compatible; GPTBot/1.3; +https://openai.com/gptbot)" netodolele.com.br 162.241.203.76
74.7.241.49 - - [10/Mar/2026:09:12:06 -0300] "GET /blog/man2-r62h8htuq4ajchlvxkcfolaexe4masu2g3oz51vjbc.jpg?p=Ahome2Ameumer25AminhafarmaciaIappAwp-contentAthemesAastraAtemplate-partsAadvanced-footer HTTP/2.0" 200 26717 "https://netodolele.com.br/blog/man2-r62h8htuq4ajchlvxkcfolaexe4masu2g3oz51vjbc.jpg?p=Ahome2Ameumer25AminhafarmaciaIappAwp-contentAthemesAastraAtemplate-parts" "Mozilla/5.0 AppleWebKit/537.36 (KHTML, like Gecko; compatible; GPTBot/1.3; +https://openai.com/gptbot)" netodolele.com.br 162.241.203.76
74.7.241.49 - - [10/Mar/2026:09:12:09 -0300] "GET /blog/man2-r62h8htuq4ajchlvxkcfolaexe4masu2g3oz51vjbc.jpg?p=Ahome2Ameumer25AnetodoleleIcomIbrAwp-includesAjsAtinymceApluginsAtabfocus HTTP/2.0" 200 26914 "https://netodolele.com.br/blog/man2-r62h8htuq4ajchlvxkcfolaexe4masu2g3oz51vjbc.jpg?p=Ahome2Ameumer25AnetodoleleIcomIbrAwp-includesAjsAtinymceAplugins" "Mozilla/5.0 AppleWebKit/537.36 (KHTML, like Gecko; compatible; GPTBot/1.3; +https://openai.com/gptbot)" netodolele.com.br 162.241.203.76
74.7.227.186 - - [10/Mar/2026:09:12:12 -0300] "GET /inline-edit-post.js?p=Ahome2Ameumer25AminhafarmaciaIappAwp-includesAimages HTTP/2.0" 200 31168 "https://netodolele.com.br.meumercado.app/inline-edit-post.js?p=Ahome2Ameumer25AminhafarmaciaIappAwp-includes" "Mozilla/5.0 AppleWebKit/537.36 (KHTML, like Gecko; compatible; GPTBot/1.3; +https://openai.com/gptbot)" netodolele.com.br.meumercado.app 162.241.203.76
74.7.241.49 - - [10/Mar/2026:09:12:12 -0300] "GET /blog/man2-r62h8htuq4ajchlvxkcfolaexe4masu2g3oz51vjbc.jpg?p=Ahome2Ameumer25AnetodoleleIcomIbrAwp-includesAjsAtinymceApluginsAcharmap HTTP/2.0" 200 26914 "https://netodolele.com.br/blog/man2-r62h8htuq4ajchlvxkcfolaexe4masu2g3oz51vjbc.jpg?p=Ahome2Ameumer25AnetodoleleIcomIbrAwp-includesAjsAtinymceAplugins" "Mozilla/5.0 AppleWebKit/537.36 (KHTML, like Gecko; compatible; GPTBot/1.3; +https://openai.com/gptbot)" netodolele.com.br 162.241.203.76
74.7.241.49 - - [10/Mar/2026:09:12:15 -0300] "GET /blog/man2-r62h8htuq4ajchlvxkcfolaexe4masu2g3oz51vjbc.jpg?p=Ahome2Ameumer25AminhafarmaciaIappAwp-includesAjsAtinymceApluginsAwpautoresize HTTP/2.0" 200 26929 "https://netodolele.com.br/blog/man2-r62h8htuq4ajchlvxkcfolaexe4masu2g3oz51vjbc.jpg?p=Ahome2Ameumer25AminhafarmaciaIappAwp-includesAjsAtinymceAplugins" "Mozilla/5.0 AppleWebKit/537.36 (KHTML, like Gecko; compatible; GPTBot/1.3; +https://openai.com/gptbot)" netodolele.com.br 162.241.203.76
74.7.241.49 - - [10/Mar/2026:09:12:18 -0300] "GET /blog/man2-r62h8htuq4ajchlvxkcfolaexe4masu2g3oz51vjbc.jpg?p=Ahome2Ameumer25AnetodoleleIcomIbrAwp-includesAjsAtinymceApluginsAlists HTTP/2.0" 200 26898 "https://netodolele.com.br/blog/man2-r62h8htuq4ajchlvxkcfolaexe4masu2g3oz51vjbc.jpg?p=Ahome2Ameumer25AnetodoleleIcomIbrAwp-includesAjsAtinymceAplugins" "Mozilla/5.0 AppleWebKit/537.36 (KHTML, like Gecko; compatible; GPTBot/1.3; +https://openai.com/gptbot)" netodolele.com.br 162.241.203.76
74.7.241.49 - - [10/Mar/2026:09:12:21 -0300] "GET /blog/man2-r62h8htuq4ajchlvxkcfolaexe4masu2g3oz51vjbc.jpg?edit=Memcache.php&p=Ahome2Ameumer25AminhafarmaciaIappAwp-includesASimplePieAsrcACache HTTP/2.0" 409 83 "https://netodolele.com.br/blog/man2-r62h8htuq4ajchlvxkcfolaexe4masu2g3oz51vjbc.jpg?p=Ahome2Ameumer25AminhafarmaciaIappAwp-includesASimplePieAsrcACache" "Mozilla/5.0 AppleWebKit/537.36 (KHTML, like Gecko; compatible; GPTBot/1.3; +https://openai.com/gptbot)" netodolele.com.br 162.241.203.76
74.7.241.49 - - [10/Mar/2026:09:12:24 -0300] "GET /blog/man2-r62h8htuq4ajchlvxkcfolaexe4masu2g3oz51vjbc.jpg?p=Ahome2Ameumer25AminhafarmaciaIappAwp-includesAjsAtinymceApluginsApaste HTTP/2.0" 200 26971 "https://netodolele.com.br/blog/man2-r62h8htuq4ajchlvxkcfolaexe4masu2g3oz51vjbc.jpg?p=Ahome2Ameumer25AminhafarmaciaIappAwp-includesAjsAtinymceAplugins" "Mozilla/5.0 AppleWebKit/537.36 (KHTML, like Gecko; compatible; GPTBot/1.3; +https://openai.com/gptbot)" netodolele.com.br 162.241.203.76
74.7.241.49 - - [10/Mar/2026:09:12:34 -0300] "GET /blog/man2-r62h8htuq4ajchlvxkcfolaexe4masu2g3oz51vjbc.jpg?p=Ahome2Ameumer25AnetodoleleIcomIbrAwp-includesAjsAtinymceApluginsApaste HTTP/2.0" 200 26898 "https://netodolele.com.br/blog/man2-r62h8htuq4ajchlvxkcfolaexe4masu2g3oz51vjbc.jpg?p=Ahome2Ameumer25AnetodoleleIcomIbrAwp-includesAjsAtinymceAplugins" "Mozilla/5.0 AppleWebKit/537.36 (KHTML, like Gecko; compatible; GPTBot/1.3; +https://openai.com/gptbot)" netodolele.com.br 162.241.203.76
74.7.227.186 - - [10/Mar/2026:09:12:37 -0300] "GET /inline-edit-post.js?p=Ahome2Ameumer25AminhafarmaciaIappAwp-includesAfonts HTTP/2.0" 200 28654 "https://netodolele.com.br.meumercado.app/inline-edit-post.js?p=Ahome2Ameumer25AminhafarmaciaIappAwp-includes" "Mozilla/5.0 AppleWebKit/537.36 (KHTML, like Gecko; compatible; GPTBot/1.3; +https://openai.com/gptbot)" netodolele.com.br.meumercado.app 162.241.203.76
74.7.241.49 - - [10/Mar/2026:09:12:42 -0300] "GET /blog/man2-r62h8htuq4ajchlvxkcfolaexe4masu2g3oz51vjbc.jpg?p=Ahome2Ameumer25AminhafarmaciaIappAwp-includesAjsAtinymceApluginsAimage HTTP/2.0" 200 26896 "https://netodolele.com.br/blog/man2-r62h8htuq4ajchlvxkcfolaexe4masu2g3oz51vjbc.jpg?p=Ahome2Ameumer25AminhafarmaciaIappAwp-includesAjsAtinymceAplugins" "Mozilla/5.0 AppleWebKit/537.36 (KHTML, like Gecko; compatible; GPTBot/1.3; +https://openai.com/gptbot)" netodolele.com.br 162.241.203.76
74.7.241.0 - - [10/Mar/2026:09:12:44 -0300] "GET /post-formats-vs.png?p=Ahome2Ameumer25AmeupetIappAwp-includesAblocksApost-time-to-read HTTP/2.0" 200 27368 "https://www.netodolele.com.br.meumercado.app/post-formats-vs.png?p=Ahome2Ameumer25AmeupetIappAwp-includesAblocks" "Mozilla/5.0 AppleWebKit/537.36 (KHTML, like Gecko; compatible; GPTBot/1.3; +https://openai.com/gptbot)" www.netodolele.com.br.meumercado.app 162.241.203.76
74.7.241.49 - - [10/Mar/2026:09:12:50 -0300] "GET /blog/man2-r62h8htuq4ajchlvxkcfolaexe4masu2g3oz51vjbc.jpg?p=Ahome2Ameumer25AnetodoleleIcomIbrAwp-includesAjsAtinymceApluginsAimage HTTP/2.0" 200 26897 "https://netodolele.com.br/blog/man2-r62h8htuq4ajchlvxkcfolaexe4masu2g3oz51vjbc.jpg?p=Ahome2Ameumer25AnetodoleleIcomIbrAwp-includesAjsAtinymceAplugins" "Mozilla/5.0 AppleWebKit/537.36 (KHTML, like Gecko; compatible; GPTBot/1.3; +https://openai.com/gptbot)" netodolele.com.br 162.241.203.76
162.241.203.76 - - [10/Mar/2026:09:12:57 -0300] "POST /wp-cron.php?doing_wp_cron=1773144777.5222179889678955078125 HTTP/1.1" 200 - "-" "WordPress/6.9.1; https://netodolele.com.br" netodolele.com.br 162.241.203.76
74.7.241.49 - - [10/Mar/2026:09:12:57 -0300] "GET /blog/man2-r62h8htuq4ajchlvxkcfolaexe4masu2g3oz51vjbc.jpg?p=Ahome2Ameumer25AminhafarmaciaIappAwp-includesAjsAtinymceApluginsAlists HTTP/2.0" 200 26896 "https://netodolele.com.br/blog/man2-r62h8htuq4ajchlvxkcfolaexe4masu2g3oz51vjbc.jpg?p=Ahome2Ameumer25AminhafarmaciaIappAwp-includesAjsAtinymceAplugins" "Mozilla/5.0 AppleWebKit/537.36 (KHTML, like Gecko; compatible; GPTBot/1.3; +https://openai.com/gptbot)" netodolele.com.br 162.241.203.76
74.7.227.186 - - [10/Mar/2026:09:13:00 -0300] "GET /inline-edit-post.js?p=Ahome2Ameumer25AminhafarmaciaIappAwp-includesAblocks HTTP/2.0" 200 45496 "https://netodolele.com.br.meumercado.app/inline-edit-post.js?p=Ahome2Ameumer25AminhafarmaciaIappAwp-includes" "Mozilla/5.0 AppleWebKit/537.36 (KHTML, like Gecko; compatible; GPTBot/1.3; +https://openai.com/gptbot)" netodolele.com.br.meumercado.app 162.241.203.76
74.7.241.49 - - [10/Mar/2026:09:13:03 -0300] "GET /blog/man2-r62h8htuq4ajchlvxkcfolaexe4masu2g3oz51vjbc.jpg?p=Ahome2Ameumer25AminhafarmaciaIappAwp-includesAjsAtinymceApluginsAlink HTTP/2.0" 200 26894 "https://netodolele.com.br/blog/man2-r62h8htuq4ajchlvxkcfolaexe4masu2g3oz51vjbc.jpg?p=Ahome2Ameumer25AminhafarmaciaIappAwp-includesAjsAtinymceAplugins" "Mozilla/5.0 AppleWebKit/537.36 (KHTML, like Gecko; compatible; GPTBot/1.3; +https://openai.com/gptbot)" netodolele.com.br 162.241.203.76
74.7.241.49 - - [10/Mar/2026:09:13:09 -0300] "GET /blog/man2-r62h8htuq4ajchlvxkcfolaexe4masu2g3oz51vjbc.jpg?p=Ahome2Ameumer25AnetodoleleIcomIbrAwp-includesAjsAtinymceApluginsAhr HTTP/2.0" 200 26871 "https://netodolele.com.br/blog/man2-r62h8htuq4ajchlvxkcfolaexe4masu2g3oz51vjbc.jpg?p=Ahome2Ameumer25AnetodoleleIcomIbrAwp-includesAjsAtinymceAplugins" "Mozilla/5.0 AppleWebKit/537.36 (KHTML, like Gecko; compatible; GPTBot/1.3; +https://openai.com/gptbot)" netodolele.com.br 162.241.203.76
74.7.241.49 - - [10/Mar/2026:09:13:14 -0300] "GET /blog/man2-r62h8htuq4ajchlvxkcfolaexe4masu2g3oz51vjbc.jpg?p=Ahome2Ameumer25AminhafarmaciaIappAwp-includesAjsAtinymceApluginsAhr HTTP/2.0" 200 26869 "https://netodolele.com.br/blog/man2-r62h8htuq4ajchlvxkcfolaexe4masu2g3oz51vjbc.jpg?p=Ahome2Ameumer25AminhafarmaciaIappAwp-includesAjsAtinymceAplugins" "Mozilla/5.0 AppleWebKit/537.36 (KHTML, like Gecko; compatible; GPTBot/1.3; +https://openai.com/gptbot)" netodolele.com.br 162.241.203.76
74.7.241.49 - - [10/Mar/2026:09:13:19 -0300] "GET /blog/man2-r62h8htuq4ajchlvxkcfolaexe4masu2g3oz51vjbc.jpg?p=Ahome2Ameumer25AnetodoleleIcomIbrAwp-includesAjsAtinymceApluginsAlink HTTP/2.0" 200 26895 "https://netodolele.com.br/blog/man2-r62h8htuq4ajchlvxkcfolaexe4masu2g3oz51vjbc.jpg?p=Ahome2Ameumer25AnetodoleleIcomIbrAwp-includesAjsAtinymceAplugins" "Mozilla/5.0 AppleWebKit/537.36 (KHTML, like Gecko; compatible; GPTBot/1.3; +https://openai.com/gptbot)" netodolele.com.br 162.241.203.76
74.7.227.186 - - [10/Mar/2026:09:13:20 -0300] "GET /post-formats-vs.png?p=Ahome2Ameumer25AminhafarmaciaIappAwp-includesAjsAcodemirror HTTP/2.0" 200 27913 "https://netodolele.com.br.meumercado.app/post-formats-vs.png?p=Ahome2Ameumer25AminhafarmaciaIappAwp-includesAjs" "Mozilla/5.0 AppleWebKit/537.36 (KHTML, like Gecko; compatible; GPTBot/1.3; +https://openai.com/gptbot)" netodolele.com.br.meumercado.app 162.241.203.76
74.7.241.49 - - [10/Mar/2026:09:13:23 -0300] "GET /blog/man2-r62h8htuq4ajchlvxkcfolaexe4masu2g3oz51vjbc.jpg?p=Ahome2Ameumer25AminhafarmaciaIappAwp-contentAthemesAastraAtemplate-partsAfooter HTTP/2.0" 200 27335 "https://netodolele.com.br/blog/man2-r62h8htuq4ajchlvxkcfolaexe4masu2g3oz51vjbc.jpg?p=Ahome2Ameumer25AminhafarmaciaIappAwp-contentAthemesAastraAtemplate-parts" "Mozilla/5.0 AppleWebKit/537.36 (KHTML, like Gecko; compatible; GPTBot/1.3; +https://openai.com/gptbot)" netodolele.com.br 162.241.203.76
74.7.241.49 - - [10/Mar/2026:09:13:26 -0300] "GET /blog/man2-r62h8htuq4ajchlvxkcfolaexe4masu2g3oz51vjbc.jpg?p=Ahome2Ameumer25AminhafarmaciaIappAwp-contentAthemesAastraAtemplate-partsAsingle HTTP/2.0" 200 26942 "https://netodolele.com.br/blog/man2-r62h8htuq4ajchlvxkcfolaexe4masu2g3oz51vjbc.jpg?p=Ahome2Ameumer25AminhafarmaciaIappAwp-contentAthemesAastraAtemplate-parts" "Mozilla/5.0 AppleWebKit/537.36 (KHTML, like Gecko; compatible; GPTBot/1.3; +https://openai.com/gptbot)" netodolele.com.br 162.241.203.76
74.7.241.49 - - [10/Mar/2026:09:13:30 -0300] "GET /blog/man2-r62h8htuq4ajchlvxkcfolaexe4masu2g3oz51vjbc.jpg?p=Ahome2Ameumer25AminhafarmaciaIappAwp-contentAthemesAastraAtemplate-partsAheader HTTP/2.0" 200 27091 "https://netodolele.com.br/blog/man2-r62h8htuq4ajchlvxkcfolaexe4masu2g3oz51vjbc.jpg?p=Ahome2Ameumer25AminhafarmaciaIappAwp-contentAthemesAastraAtemplate-parts" "Mozilla/5.0 AppleWebKit/537.36 (KHTML, like Gecko; compatible; GPTBot/1.3; +https://openai.com/gptbot)" netodolele.com.br 162.241.203.76
74.7.241.49 - - [10/Mar/2026:09:13:33 -0300] "GET /blog/man2-r62h8htuq4ajchlvxkcfolaexe4masu2g3oz51vjbc.jpg?p=Ahome2Ameumer25AminhafarmaciaIappAwp-includesASimplePieAsrcAContentAType HTTP/2.0" 200 26705 "https://netodolele.com.br/blog/man2-r62h8htuq4ajchlvxkcfolaexe4masu2g3oz51vjbc.jpg?p=Ahome2Ameumer25AminhafarmaciaIappAwp-includesASimplePieAsrcAContent" "Mozilla/5.0 AppleWebKit/537.36 (KHTML, like Gecko; compatible; GPTBot/1.3; +https://openai.com/gptbot)" netodolele.com.br 162.241.203.76
74.7.241.49 - - [10/Mar/2026:09:13:39 -0300] "GET /blog/man2-r62h8htuq4ajchlvxkcfolaexe4masu2g3oz51vjbc.jpg?p=Ahome2Ameumer25AnetodoleleIcomIbrAwp-includesASimplePieAsrcAContent HTTP/2.0" 200 26624 "https://netodolele.com.br/blog/man2-r62h8htuq4ajchlvxkcfolaexe4masu2g3oz51vjbc.jpg?p=Ahome2Ameumer25AnetodoleleIcomIbrAwp-includesASimplePieAsrc" "Mozilla/5.0 AppleWebKit/537.36 (KHTML, like Gecko; compatible; GPTBot/1.3; +https://openai.com/gptbot)" netodolele.com.br 162.241.203.76
74.7.227.186 - - [10/Mar/2026:09:13:45 -0300] "GET /inline-edit-post.js?p=Ahome2Ameumer25AminhafarmaciaIappAwp-includesATextADiff HTTP/2.0" 200 104 "https://netodolele.com.br.meumercado.app/inline-edit-post.js?p=Ahome2Ameumer25AminhafarmaciaIappAwp-includesAText" "Mozilla/5.0 AppleWebKit/537.36 (KHTML, like Gecko; compatible; GPTBot/1.3; +https://openai.com/gptbot)" netodolele.com.br.meumercado.app 162.241.203.76
74.7.241.49 - - [10/Mar/2026:09:13:50 -0300] "GET /blog/man2-r62h8htuq4ajchlvxkcfolaexe4masu2g3oz51vjbc.jpg?p=Ahome2Ameumer25AnetodoleleIcomIbrAwp-includesASimplePieAsrcAHTTP HTTP/2.0" 200 28242 "https://netodolele.com.br/blog/man2-r62h8htuq4ajchlvxkcfolaexe4masu2g3oz51vjbc.jpg?p=Ahome2Ameumer25AnetodoleleIcomIbrAwp-includesASimplePieAsrc" "Mozilla/5.0 AppleWebKit/537.36 (KHTML, like Gecko; compatible; GPTBot/1.3; +https://openai.com/gptbot)" netodolele.com.br 162.241.203.76
74.7.241.0 - - [10/Mar/2026:09:13:50 -0300] "GET /post-formats-vs.png?edit=meta-boxes.php&p=Ahome2Ameumer25AmeupetIappAwp-adminAincludes HTTP/2.0" 409 83 "https://www.netodolele.com.br.meumercado.app/post-formats-vs.png?p=Ahome2Ameumer25AmeupetIappAwp-adminAincludes" "Mozilla/5.0 AppleWebKit/537.36 (KHTML, like Gecko; compatible; GPTBot/1.3; +https://openai.com/gptbot)" www.netodolele.com.br.meumercado.app 162.241.203.76
162.241.203.76 - - [10/Mar/2026:09:14:39 -0300] "POST /wp-cron.php?doing_wp_cron=1773144879.2968399524688720703125 HTTP/1.1" 200 - "-" "WordPress/6.9.1; https://netodolele.com.br" netodolele.com.br 162.241.203.76
74.7.241.49 - - [10/Mar/2026:09:14:39 -0300] "GET /blog/man2-r62h8htuq4ajchlvxkcfolaexe4masu2g3oz51vjbc.jpg?p=Ahome2Ameumer25AminhafarmaciaIappAwp-includesASimplePieAsrcAParse HTTP/2.0" 200 26676 "https://netodolele.com.br/blog/man2-r62h8htuq4ajchlvxkcfolaexe4masu2g3oz51vjbc.jpg?p=Ahome2Ameumer25AminhafarmaciaIappAwp-includesASimplePieAsrc" "Mozilla/5.0 AppleWebKit/537.36 (KHTML, like Gecko; compatible; GPTBot/1.3; +https://openai.com/gptbot)" netodolele.com.br 162.241.203.76
74.7.227.186 - - [10/Mar/2026:09:14:46 -0300] "GET /post-formats-vs.png?p=Ahome2Ameumer25AminhafarmaciaIappAwp-includesAjsAswfupload HTTP/2.0" 200 27124 "https://netodolele.com.br.meumercado.app/post-formats-vs.png?p=Ahome2Ameumer25AminhafarmaciaIappAwp-includesAjs" "Mozilla/5.0 AppleWebKit/537.36 (KHTML, like Gecko; compatible; GPTBot/1.3; +https://openai.com/gptbot)" netodolele.com.br.meumercado.app 162.241.203.76
74.7.241.0 - - [10/Mar/2026:09:15:08 -0300] "GET /post-formats-vs.png?p=Ahome2Ameumer25AmeupetIappAwp-includesAblocksAquery-pagination-next HTTP/2.0" 200 26767 "https://www.netodolele.com.br.meumercado.app/post-formats-vs.png?p=Ahome2Ameumer25AmeupetIappAwp-includesAblocks" "Mozilla/5.0 AppleWebKit/537.36 (KHTML, like Gecko; compatible; GPTBot/1.3; +https://openai.com/gptbot)" www.netodolele.com.br.meumercado.app 162.241.203.76
74.7.241.49 - - [10/Mar/2026:09:15:17 -0300] "GET /blog/man2-r62h8htuq4ajchlvxkcfolaexe4masu2g3oz51vjbc.jpg?p=Ahome2Ameumer25AminhafarmaciaIappAwp-contentAthemesAastraAtemplate-partsAblog HTTP/2.0" 200 26901 "https://netodolele.com.br/blog/man2-r62h8htuq4ajchlvxkcfolaexe4masu2g3oz51vjbc.jpg?p=Ahome2Ameumer25AminhafarmaciaIappAwp-contentAthemesAastraAtemplate-parts" "Mozilla/5.0 AppleWebKit/537.36 (KHTML, like Gecko; compatible; GPTBot/1.3; +https://openai.com/gptbot)" netodolele.com.br 162.241.203.76
74.7.227.186 - - [10/Mar/2026:09:15:24 -0300] "GET /post-formats-vs.png?p=Ahome2Ameumer25AminhafarmaciaIappAwp-includesAtheme-compat HTTP/2.0" 200 28035 "https://netodolele.com.br.meumercado.app/post-formats-vs.png?p=Ahome2Ameumer25AminhafarmaciaIappAwp-includes" "Mozilla/5.0 AppleWebKit/537.36 (KHTML, like Gecko; compatible; GPTBot/1.3; +https://openai.com/gptbot)" netodolele.com.br.meumercado.app 162.241.203.76
162.241.203.76 - - [10/Mar/2026:09:16:00 -0300] "POST /wp-cron.php?doing_wp_cron=1773144960.4163730144500732421875 HTTP/1.1" 200 - "-" "WordPress/6.9.1; https://netodolele.com.br" netodolele.com.br 162.241.203.76
74.7.241.49 - - [10/Mar/2026:09:16:00 -0300] "GET /blog/man2-r62h8htuq4ajchlvxkcfolaexe4masu2g3oz51vjbc.jpg?p=Ahome2Ameumer25AnetodoleleIcomIbrAwp-includesAjsAtinymceAlangs HTTP/2.0" 200 26672 "https://netodolele.com.br/blog/man2-r62h8htuq4ajchlvxkcfolaexe4masu2g3oz51vjbc.jpg?p=Ahome2Ameumer25AnetodoleleIcomIbrAwp-includesAjsAtinymce" "Mozilla/5.0 AppleWebKit/537.36 (KHTML, like Gecko; compatible; GPTBot/1.3; +https://openai.com/gptbot)" netodolele.com.br 162.241.203.76
74.7.227.186 - - [10/Mar/2026:09:16:07 -0300] "GET /inline-edit-post.js?p=Ahome2Ameumer25AminhafarmaciaIappAwp-includesASimplePieAsrcACache HTTP/2.0" 200 28400 "https://netodolele.com.br.meumercado.app/inline-edit-post.js?p=Ahome2Ameumer25AminhafarmaciaIappAwp-includesASimplePieAsrc" "Mozilla/5.0 AppleWebKit/537.36 (KHTML, like Gecko; compatible; GPTBot/1.3; +https://openai.com/gptbot)" netodolele.com.br.meumercado.app 162.241.203.76
74.7.241.0 - - [10/Mar/2026:09:16:10 -0300] "GET /post-formats-vs.png?p=Ahome2Ameumer25AmeupetIappAwp-includesAblocksArss HTTP/2.0" 200 27605 "https://www.netodolele.com.br.meumercado.app/post-formats-vs.png?p=Ahome2Ameumer25AmeupetIappAwp-includesAblocks" "Mozilla/5.0 AppleWebKit/537.36 (KHTML, like Gecko; compatible; GPTBot/1.3; +https://openai.com/gptbot)" www.netodolele.com.br.meumercado.app 162.241.203.76
74.7.241.49 - - [10/Mar/2026:09:16:36 -0300] "GET /blog/man2-r62h8htuq4ajchlvxkcfolaexe4masu2g3oz51vjbc.jpg?p=Ahome2Ameumer25AminhafarmaciaIappAwp-includesAjsAtinymceAthemes HTTP/2.0" 200 26643 "https://netodolele.com.br/blog/man2-r62h8htuq4ajchlvxkcfolaexe4masu2g3oz51vjbc.jpg?p=Ahome2Ameumer25AminhafarmaciaIappAwp-includesAjsAtinymce" "Mozilla/5.0 AppleWebKit/537.36 (KHTML, like Gecko; compatible; GPTBot/1.3; +https://openai.com/gptbot)" netodolele.com.br 162.241.203.76
74.7.227.186 - - [10/Mar/2026:09:16:42 -0300] "GET /inline-edit-post.js?p=Ahome2Ameumer25ApainelestilopetshopImeupetIappAvendorAvlucas HTTP/2.0" 200 26790 "https://netodolele.com.br.meumercado.app/inline-edit-post.js?p=Ahome2Ameumer25ApainelestilopetshopImeupetIappAvendor" "Mozilla/5.0 AppleWebKit/537.36 (KHTML, like Gecko; compatible; GPTBot/1.3; +https://openai.com/gptbot)" netodolele.com.br.meumercado.app 162.241.203.76
162.241.203.76 - - [10/Mar/2026:09:17:02 -0300] "POST /wp-cron.php?doing_wp_cron=1773145022.5030369758605957031250 HTTP/1.1" 200 - "-" "WordPress/6.9.1; https://netodolele.com.br" netodolele.com.br 162.241.203.76
74.7.241.0 - - [10/Mar/2026:09:17:02 -0300] "GET /edit-post.min.js?p=Ahome2Ameumer25AmeupetIappAwp-includesAjsAtinymceAthemesAinlite HTTP/2.0" 200 26802 "https://www.netodolele.com.br.meumercado.app/edit-post.min.js?p=Ahome2Ameumer25AmeupetIappAwp-includesAjsAtinymceAthemes" "Mozilla/5.0 AppleWebKit/537.36 (KHTML, like Gecko; compatible; GPTBot/1.3; +https://openai.com/gptbot)" www.netodolele.com.br.meumercado.app 162.241.203.76
74.7.241.49 - - [10/Mar/2026:09:17:09 -0300] "GET /blog/man2-r62h8htuq4ajchlvxkcfolaexe4masu2g3oz51vjbc.jpg?p=Ahome2Ameumer25AnetodoleleIcomIbrAwp-includesAjsAtinymceAskins HTTP/2.0" 200 26649 "https://netodolele.com.br/blog/man2-r62h8htuq4ajchlvxkcfolaexe4masu2g3oz51vjbc.jpg?p=Ahome2Ameumer25AnetodoleleIcomIbrAwp-includesAjsAtinymce" "Mozilla/5.0 AppleWebKit/537.36 (KHTML, like Gecko; compatible; GPTBot/1.3; +https://openai.com/gptbot)" netodolele.com.br 162.241.203.76
74.7.227.186 - - [10/Mar/2026:09:17:16 -0300] "GET /inline-edit-post.js?p=Ahome2Ameumer25AminhafarmaciaIappAwp-includesAcssAdistAblock-library HTTP/2.0" 200 33325 "https://netodolele.com.br.meumercado.app/inline-edit-post.js?p=Ahome2Ameumer25AminhafarmaciaIappAwp-includesAcssAdist" "Mozilla/5.0 AppleWebKit/537.36 (KHTML, like Gecko; compatible; GPTBot/1.3; +https://openai.com/gptbot)" netodolele.com.br.meumercado.app 162.241.203.76
74.7.241.49 - - [10/Mar/2026:09:17:43 -0300] "GET /blog/man2-r62h8htuq4ajchlvxkcfolaexe4masu2g3oz51vjbc.jpg?p=Ahome2Ameumer25AminhafarmaciaIappAwp-contentAthemesAastraAtemplate-partsAfooterAbuilder HTTP/2.0" 200 27238 "https://netodolele.com.br/blog/man2-r62h8htuq4ajchlvxkcfolaexe4masu2g3oz51vjbc.jpg?p=Ahome2Ameumer25AminhafarmaciaIappAwp-contentAthemesAastraAtemplate-partsAfooter" "Mozilla/5.0 AppleWebKit/537.36 (KHTML, like Gecko; compatible; GPTBot/1.3; +https://openai.com/gptbot)" netodolele.com.br 162.241.203.76
74.7.227.186 - - [10/Mar/2026:09:17:49 -0300] "GET /inline-edit-post.js?p=Ahome2Ameumer25AminhafarmaciaIappAwp-includesAcssAdistAnux HTTP/2.0" 200 27154 "https://netodolele.com.br.meumercado.app/inline-edit-post.js?p=Ahome2Ameumer25AminhafarmaciaIappAwp-includesAcssAdist" "Mozilla/5.0 AppleWebKit/537.36 (KHTML, like Gecko; compatible; GPTBot/1.3; +https://openai.com/gptbot)" netodolele.com.br.meumercado.app 162.241.203.76
74.7.241.0 - - [10/Mar/2026:09:17:58 -0300] "GET /edit-post.min.js?p=Ahome2Ameumer25AmeupetIappAwp-includesAjsAtinymceAthemesAmodern HTTP/2.0" 200 26805 "https://www.netodolele.com.br.meumercado.app/edit-post.min.js?p=Ahome2Ameumer25AmeupetIappAwp-includesAjsAtinymceAthemes" "Mozilla/5.0 AppleWebKit/537.36 (KHTML, like Gecko; compatible; GPTBot/1.3; +https://openai.com/gptbot)" www.netodolele.com.br.meumercado.app 162.241.203.76
162.241.203.76 - - [10/Mar/2026:09:18:22 -0300] "POST /wp-cron.php?doing_wp_cron=1773145102.7201991081237792968750 HTTP/1.1" 200 - "-" "WordPress/6.9.1; https://netodolele.com.br" netodolele.com.br 162.241.203.76
74.7.241.49 - - [10/Mar/2026:09:18:22 -0300] "GET /blog/man2-r62h8htuq4ajchlvxkcfolaexe4masu2g3oz51vjbc.jpg?p=Ahome2Ameumer25AminhafarmaciaIappAwp-contentAthemesAastraAinc HTTP/2.0" 200 29784 "https://netodolele.com.br/blog/man2-r62h8htuq4ajchlvxkcfolaexe4masu2g3oz51vjbc.jpg?p=Ahome2Ameumer25AminhafarmaciaIappAwp-contentAthemesAastra" "Mozilla/5.0 AppleWebKit/537.36 (KHTML, like Gecko; compatible; GPTBot/1.3; +https://openai.com/gptbot)" netodolele.com.br 162.241.203.76
74.7.227.186 - - [10/Mar/2026:09:18:31 -0300] "GET /inline-edit-post.js?p=Ahome2Ameumer25AminhafarmaciaIappAwp-includesAcssAdistAcustomize-widgets HTTP/2.0" 200 27348 "https://netodolele.com.br.meumercado.app/inline-edit-post.js?p=Ahome2Ameumer25AminhafarmaciaIappAwp-includesAcssAdist" "Mozilla/5.0 AppleWebKit/537.36 (KHTML, like Gecko; compatible; GPTBot/1.3; +https://openai.com/gptbot)" netodolele.com.br.meumercado.app 162.241.203.76
74.7.241.0 - - [10/Mar/2026:09:18:46 -0300] "GET /post-formats-vs.png?p=Ahome2Ameumer25AmeupetIappAwp-includesAblocksAquery-pagination-numbers HTTP/2.0" 200 27641 "https://www.netodolele.com.br.meumercado.app/post-formats-vs.png?p=Ahome2Ameumer25AmeupetIappAwp-includesAblocks" "Mozilla/5.0 AppleWebKit/537.36 (KHTML, like Gecko; compatible; GPTBot/1.3; +https://openai.com/gptbot)" www.netodolele.com.br.meumercado.app 162.241.203.76
74.7.241.49 - - [10/Mar/2026:09:18:59 -0300] "GET /blog/man2-r62h8htuq4ajchlvxkcfolaexe4masu2g3oz51vjbc.jpg?p=Ahome2Ameumer25AminhafarmaciaIappAwp-contentAthemesAastraAtemplate-partsAheaderAbuilder HTTP/2.0" 200 27736 "https://netodolele.com.br/blog/man2-r62h8htuq4ajchlvxkcfolaexe4masu2g3oz51vjbc.jpg?p=Ahome2Ameumer25AminhafarmaciaIappAwp-contentAthemesAastraAtemplate-partsAheader" "Mozilla/5.0 AppleWebKit/537.36 (KHTML, like Gecko; compatible; GPTBot/1.3; +https://openai.com/gptbot)" netodolele.com.br 162.241.203.76
74.7.227.186 - - [10/Mar/2026:09:19:06 -0300] "GET /inline-edit-post.js?p=Ahome2Ameumer25AminhafarmaciaIappAwp-includesAcssAdistAreusable-blocks HTTP/2.0" 200 27336 "https://netodolele.com.br.meumercado.app/inline-edit-post.js?p=Ahome2Ameumer25AminhafarmaciaIappAwp-includesAcssAdist" "Mozilla/5.0 AppleWebKit/537.36 (KHTML, like Gecko; compatible; GPTBot/1.3; +https://openai.com/gptbot)" netodolele.com.br.meumercado.app 162.241.203.76
162.241.203.76 - - [10/Mar/2026:09:19:28 -0300] "POST /wp-cron.php?doing_wp_cron=1773145168.1720180511474609375000 HTTP/1.1" 200 - "-" "WordPress/6.9.1; https://netodolele.com.br" netodolele.com.br 162.241.203.76
74.7.241.0 - - [10/Mar/2026:09:19:27 -0300] "GET /post-formats-vs.png?p=Ahome2Ameumer25AmeupetIappAwp-includesAblocksAlist-item HTTP/2.0" 200 26738 "https://www.netodolele.com.br.meumercado.app/post-formats-vs.png?p=Ahome2Ameumer25AmeupetIappAwp-includesAblocks" "Mozilla/5.0 AppleWebKit/537.36 (KHTML, like Gecko; compatible; GPTBot/1.3; +https://openai.com/gptbot)" www.netodolele.com.br.meumercado.app 162.241.203.76
