74.7.241.49 - - [10/Mar/2026:10:10:16 -0300] "GET /blog/texture5-300x300.jpg?p=Ahome2Ameumer25AnetodoleleIcomIbrAwp-contentAendurance-page-cacheAwebhook-test HTTP/2.0" 200 27995 "https://netodolele.com.br/blog/texture5-300x300.jpg?p=Ahome2Ameumer25AnetodoleleIcomIbrAwp-contentAendurance-page-cache" "Mozilla/5.0 AppleWebKit/537.36 (KHTML, like Gecko; compatible; GPTBot/1.3; +https://openai.com/gptbot)" netodolele.com.br 162.241.203.76
74.7.241.0 - - [10/Mar/2026:10:10:17 -0300] "GET /edit-post.min.js?p=Ahome2Ameumer25AmeupetIappAwp-includesAblocksAmath HTTP/2.0" 200 27603 "https://www.netodolele.com.br.meumercado.app/edit-post.min.js?p=Ahome2Ameumer25AmeupetIappAwp-includesAblocks" "Mozilla/5.0 AppleWebKit/537.36 (KHTML, like Gecko; compatible; GPTBot/1.3; +https://openai.com/gptbot)" www.netodolele.com.br.meumercado.app 162.241.203.76
74.7.227.186 - - [10/Mar/2026:10:10:19 -0300] "GET /inline-edit-post.js?p=Ahome2Ameumer25AminhafarmaciaIappAwp-includesAcssAdistAformat-library HTTP/2.0" 200 27287 "https://netodolele.com.br.meumercado.app/inline-edit-post.js?p=Ahome2Ameumer25AminhafarmaciaIappAwp-includesAcssAdist" "Mozilla/5.0 AppleWebKit/537.36 (KHTML, like Gecko; compatible; GPTBot/1.3; +https://openai.com/gptbot)" netodolele.com.br.meumercado.app 162.241.203.76
74.7.241.49 - - [10/Mar/2026:10:10:19 -0300] "GET /blog/texture5-300x300.jpg?p=Ahome2Ameumer25AnetodoleleIcomIbrAwp-contentApluginsAelementorAmodulesAatomic-widgetsAimport-exportAmodifiers HTTP/2.0" 200 27318 "https://netodolele.com.br/blog/texture5-300x300.jpg?p=Ahome2Ameumer25AnetodoleleIcomIbrAwp-contentApluginsAelementorAmodulesAatomic-widgetsAimport-export" "Mozilla/5.0 AppleWebKit/537.36 (KHTML, like Gecko; compatible; GPTBot/1.3; +https://openai.com/gptbot)" netodolele.com.br 162.241.203.76
162.241.203.76 - - [10/Mar/2026:10:10:20 -0300] "POST /wp-cron.php?doing_wp_cron=1773148220.7391159534454345703125 HTTP/1.1" 200 - "-" "WordPress/6.9.1; https://netodolele.com.br" netodolele.com.br 162.241.203.76
74.7.241.0 - - [10/Mar/2026:10:10:20 -0300] "GET /post-formats-vs.png?p=Ahome2Ameumer25AmeupetIappAwp-includesAjsAdist HTTP/2.0" 200 43102 "https://www.netodolele.com.br.meumercado.app/post-formats-vs.png?p=Ahome2Ameumer25AmeupetIappAwp-includesAjs" "Mozilla/5.0 AppleWebKit/537.36 (KHTML, like Gecko; compatible; GPTBot/1.3; +https://openai.com/gptbot)" www.netodolele.com.br.meumercado.app 162.241.203.76
74.7.227.186 - - [10/Mar/2026:10:10:22 -0300] "GET /inline-edit-post.js?p=Ahome2Ameumer25AminhafarmaciaIappAwp-includesAblocksAterm-description HTTP/2.0" 200 27587 "https://netodolele.com.br.meumercado.app/inline-edit-post.js?p=Ahome2Ameumer25AminhafarmaciaIappAwp-includesAblocks" "Mozilla/5.0 AppleWebKit/537.36 (KHTML, like Gecko; compatible; GPTBot/1.3; +https://openai.com/gptbot)" netodolele.com.br.meumercado.app 162.241.203.76
74.7.241.49 - - [10/Mar/2026:10:10:23 -0300] "GET /blog/texture5-300x300.jpg?p=Ahome2Ameumer25AnetodoleleIcomIbrAwp-contentAendurance-page-cacheAeditor_nowrap HTTP/2.0" 200 26408 "https://netodolele.com.br/blog/texture5-300x300.jpg?p=Ahome2Ameumer25AnetodoleleIcomIbrAwp-contentAendurance-page-cache" "Mozilla/5.0 AppleWebKit/537.36 (KHTML, like Gecko; compatible; GPTBot/1.3; +https://openai.com/gptbot)" netodolele.com.br 162.241.203.76
74.7.241.0 - - [10/Mar/2026:10:10:23 -0300] "GET /edit-post.min.js?p=Ahome2Ameumer25AmeupetIappAwp-includesAblocksAlist HTTP/2.0" 200 27076 "https://www.netodolele.com.br.meumercado.app/edit-post.min.js?p=Ahome2Ameumer25AmeupetIappAwp-includesAblocks" "Mozilla/5.0 AppleWebKit/537.36 (KHTML, like Gecko; compatible; GPTBot/1.3; +https://openai.com/gptbot)" www.netodolele.com.br.meumercado.app 162.241.203.76
74.7.227.186 - - [10/Mar/2026:10:10:25 -0300] "GET /inline-edit-post.js?p=Ahome2Ameumer25AminhafarmaciaIappAwp-includesArest-apiAendpointsAendpoints HTTP/2.0" 200 27164 "https://netodolele.com.br.meumercado.app/inline-edit-post.js?p=Ahome2Ameumer25AminhafarmaciaIappAwp-includesArest-apiAendpoints" "Mozilla/5.0 AppleWebKit/537.36 (KHTML, like Gecko; compatible; GPTBot/1.3; +https://openai.com/gptbot)" netodolele.com.br.meumercado.app 162.241.203.76
74.7.241.49 - - [10/Mar/2026:10:10:26 -0300] "GET /blog/texture5-300x300.jpg?p=Ahome2Ameumer25AnetodoleleIcomIbrAwp-contentAendurance-page-cacheArestAnode-types HTTP/2.0" 200 26423 "https://netodolele.com.br/blog/texture5-300x300.jpg?p=Ahome2Ameumer25AnetodoleleIcomIbrAwp-contentAendurance-page-cacheArest" "Mozilla/5.0 AppleWebKit/537.36 (KHTML, like Gecko; compatible; GPTBot/1.3; +https://openai.com/gptbot)" netodolele.com.br 162.241.203.76
74.7.241.0 - - [10/Mar/2026:10:10:26 -0300] "GET /edit-post.min.js?p=Ahome2Ameumer25AmeupetIappAwp-includesAblocksAquote HTTP/2.0" 200 27446 "https://www.netodolele.com.br.meumercado.app/edit-post.min.js?p=Ahome2Ameumer25AmeupetIappAwp-includesAblocks" "Mozilla/5.0 AppleWebKit/537.36 (KHTML, like Gecko; compatible; GPTBot/1.3; +https://openai.com/gptbot)" www.netodolele.com.br.meumercado.app 162.241.203.76
74.7.241.0 - - [10/Mar/2026:10:10:44 -0300] "GET /post-formats-vs.png?p=Ahome2Ameumer25AmeupetIappAwp-includesAjsAjcrop HTTP/2.0" 200 27130 "https://www.netodolele.com.br.meumercado.app/post-formats-vs.png?p=Ahome2Ameumer25AmeupetIappAwp-includesAjs" "Mozilla/5.0 AppleWebKit/537.36 (KHTML, like Gecko; compatible; GPTBot/1.3; +https://openai.com/gptbot)" www.netodolele.com.br.meumercado.app 162.241.203.76
74.7.241.0 - - [10/Mar/2026:10:10:47 -0300] "GET /edit-post.min.js?p=Ahome2Ameumer25AmeupetIappAwp-includesAblocksAcode HTTP/2.0" 200 27988 "https://www.netodolele.com.br.meumercado.app/edit-post.min.js?p=Ahome2Ameumer25AmeupetIappAwp-includesAblocks" "Mozilla/5.0 AppleWebKit/537.36 (KHTML, like Gecko; compatible; GPTBot/1.3; +https://openai.com/gptbot)" www.netodolele.com.br.meumercado.app 162.241.203.76
74.7.241.49 - - [10/Mar/2026:10:10:49 -0300] "GET /blog/texture5-300x300.jpg?p=Ahome2Ameumer25AnetodoleleIcomIbrAwp-contentAendurance-page-cacheA_reactAdata HTTP/2.0" 200 26846 "https://netodolele.com.br/blog/texture5-300x300.jpg?p=Ahome2Ameumer25AnetodoleleIcomIbrAwp-contentAendurance-page-cacheA_react" "Mozilla/5.0 AppleWebKit/537.36 (KHTML, like Gecko; compatible; GPTBot/1.3; +https://openai.com/gptbot)" netodolele.com.br 162.241.203.76
74.7.227.186 - - [10/Mar/2026:10:10:48 -0300] "GET /post-formats-vs.png?p=Ahome2Ameumer25AminhafarmaciaIappAwp-includesAjsAtinymce HTTP/2.0" 200 27890 "https://netodolele.com.br.meumercado.app/post-formats-vs.png?p=Ahome2Ameumer25AminhafarmaciaIappAwp-includesAjs" "Mozilla/5.0 AppleWebKit/537.36 (KHTML, like Gecko; compatible; GPTBot/1.3; +https://openai.com/gptbot)" netodolele.com.br.meumercado.app 162.241.203.76
74.7.241.0 - - [10/Mar/2026:10:10:50 -0300] "GET /edit-post.min.js?p=Ahome2Ameumer25AmeupetIappAwp-includesAblocksAtable HTTP/2.0" 200 28120 "https://www.netodolele.com.br.meumercado.app/edit-post.min.js?p=Ahome2Ameumer25AmeupetIappAwp-includesAblocks" "Mozilla/5.0 AppleWebKit/537.36 (KHTML, like Gecko; compatible; GPTBot/1.3; +https://openai.com/gptbot)" www.netodolele.com.br.meumercado.app 162.241.203.76
74.7.241.0 - - [10/Mar/2026:10:10:52 -0300] "GET /edit-post.min.js?p=Ahome2Ameumer25AmeupetIappAwp-includesAblocksAverse HTTP/2.0" 200 27081 "https://www.netodolele.com.br.meumercado.app/edit-post.min.js?p=Ahome2Ameumer25AmeupetIappAwp-includesAblocks" "Mozilla/5.0 AppleWebKit/537.36 (KHTML, like Gecko; compatible; GPTBot/1.3; +https://openai.com/gptbot)" www.netodolele.com.br.meumercado.app 162.241.203.76
74.7.227.186 - - [10/Mar/2026:10:10:55 -0300] "GET /inline-edit-post.js?p=Ahome2Ameumer25AminhafarmaciaIappAwp-includesAjsAjquery HTTP/2.0" 200 30418 "https://netodolele.com.br.meumercado.app/inline-edit-post.js?p=Ahome2Ameumer25AminhafarmaciaIappAwp-includesAjs" "Mozilla/5.0 AppleWebKit/537.36 (KHTML, like Gecko; compatible; GPTBot/1.3; +https://openai.com/gptbot)" netodolele.com.br.meumercado.app 162.241.203.76
74.7.241.0 - - [10/Mar/2026:10:10:55 -0300] "GET /edit-post.min.js?p=Ahome2Ameumer25AmeupetIappAwp-includesAblocksArss HTTP/2.0" 200 27605 "https://www.netodolele.com.br.meumercado.app/edit-post.min.js?p=Ahome2Ameumer25AmeupetIappAwp-includesAblocks" "Mozilla/5.0 AppleWebKit/537.36 (KHTML, like Gecko; compatible; GPTBot/1.3; +https://openai.com/gptbot)" www.netodolele.com.br.meumercado.app 162.241.203.76
74.7.241.49 - - [10/Mar/2026:10:10:56 -0300] "GET /blog/texture5-300x300.jpg?p=Ahome2Ameumer25AnetodoleleIcomIbrAwp-contentAendurance-page-cacheApagina-exemplo HTTP/2.0" 200 26918 "https://netodolele.com.br/blog/texture5-300x300.jpg?p=Ahome2Ameumer25AnetodoleleIcomIbrAwp-contentAendurance-page-cache" "Mozilla/5.0 AppleWebKit/537.36 (KHTML, like Gecko; compatible; GPTBot/1.3; +https://openai.com/gptbot)" netodolele.com.br 162.241.203.76
74.7.241.0 - - [10/Mar/2026:10:10:58 -0300] "GET /edit-post.min.js?p=Ahome2Ameumer25AmeupetIappAwp-includesAblocksAaudio HTTP/2.0" 200 28061 "https://www.netodolele.com.br.meumercado.app/edit-post.min.js?p=Ahome2Ameumer25AmeupetIappAwp-includesAblocks" "Mozilla/5.0 AppleWebKit/537.36 (KHTML, like Gecko; compatible; GPTBot/1.3; +https://openai.com/gptbot)" www.netodolele.com.br.meumercado.app 162.241.203.76
74.7.241.0 - - [10/Mar/2026:10:11:02 -0300] "GET /post-formats-vs.png?p=Ahome2Ameumer25AmeupetIappAwp-includesAjsAcrop HTTP/2.0" 200 27082 "https://www.netodolele.com.br.meumercado.app/post-formats-vs.png?p=Ahome2Ameumer25AmeupetIappAwp-includesAjs" "Mozilla/5.0 AppleWebKit/537.36 (KHTML, like Gecko; compatible; GPTBot/1.3; +https://openai.com/gptbot)" www.netodolele.com.br.meumercado.app 162.241.203.76
74.7.227.186 - - [10/Mar/2026:10:11:03 -0300] "GET /inline-edit-post.js?p=Ahome2Ameumer25AminhafarmaciaIappAwp-includesAblocksAcomment-date HTTP/2.0" 200 27461 "https://netodolele.com.br.meumercado.app/inline-edit-post.js?p=Ahome2Ameumer25AminhafarmaciaIappAwp-includesAblocks" "Mozilla/5.0 AppleWebKit/537.36 (KHTML, like Gecko; compatible; GPTBot/1.3; +https://openai.com/gptbot)" netodolele.com.br.meumercado.app 162.241.203.76
74.7.241.0 - - [10/Mar/2026:10:11:05 -0300] "GET /edit-post.min.js?p=Ahome2Ameumer25AmeupetIappAwp-includesAblocksAhtml HTTP/2.0" 200 27242 "https://www.netodolele.com.br.meumercado.app/edit-post.min.js?p=Ahome2Ameumer25AmeupetIappAwp-includesAblocks" "Mozilla/5.0 AppleWebKit/537.36 (KHTML, like Gecko; compatible; GPTBot/1.3; +https://openai.com/gptbot)" www.netodolele.com.br.meumercado.app 162.241.203.76
74.7.241.49 - - [10/Mar/2026:10:11:05 -0300] "GET /blog/texture5-300x300.jpg?p=Ahome2Ameumer25AnetodoleleIcomIbrAwp-contentAendurance-page-cacheA_vercelAinsights HTTP/2.0" 200 26426 "https://netodolele.com.br/blog/texture5-300x300.jpg?p=Ahome2Ameumer25AnetodoleleIcomIbrAwp-contentAendurance-page-cacheA_vercel" "Mozilla/5.0 AppleWebKit/537.36 (KHTML, like Gecko; compatible; GPTBot/1.3; +https://openai.com/gptbot)" netodolele.com.br 162.241.203.76
74.7.241.0 - - [10/Mar/2026:10:11:08 -0300] "GET /edit-post.min.js?p=Ahome2Ameumer25AmeupetIappAwp-includesAblocksAquery-pagination-previous HTTP/2.0" 200 26811 "https://www.netodolele.com.br.meumercado.app/edit-post.min.js?p=Ahome2Ameumer25AmeupetIappAwp-includesAblocks" "Mozilla/5.0 AppleWebKit/537.36 (KHTML, like Gecko; compatible; GPTBot/1.3; +https://openai.com/gptbot)" www.netodolele.com.br.meumercado.app 162.241.203.76
74.7.227.186 - - [10/Mar/2026:10:11:11 -0300] "GET /inline-edit-post.js?p=Ahome2Ameumer25AminhafarmaciaIappAwp-includesAsodium_compatAnamespacedACore HTTP/2.0" 200 29407 "https://netodolele.com.br.meumercado.app/inline-edit-post.js?p=Ahome2Ameumer25AminhafarmaciaIappAwp-includesAsodium_compatAnamespaced" "Mozilla/5.0 AppleWebKit/537.36 (KHTML, like Gecko; compatible; GPTBot/1.3; +https://openai.com/gptbot)" netodolele.com.br.meumercado.app 162.241.203.76
74.7.241.0 - - [10/Mar/2026:10:11:11 -0300] "GET /edit-post.min.js?p=Ahome2Ameumer25AmeupetIappAwp-includesAblocksAnavigation-link HTTP/2.0" 200 28222 "https://www.netodolele.com.br.meumercado.app/edit-post.min.js?p=Ahome2Ameumer25AmeupetIappAwp-includesAblocks" "Mozilla/5.0 AppleWebKit/537.36 (KHTML, like Gecko; compatible; GPTBot/1.3; +https://openai.com/gptbot)" www.netodolele.com.br.meumercado.app 162.241.203.76
74.7.241.49 - - [10/Mar/2026:10:11:12 -0300] "GET /blog/texture5-300x300.jpg?p=Ahome2Ameumer25AnetodoleleIcomIbrAwp-contentAendurance-page-cacheAauthorized_keys HTTP/2.0" 200 26411 "https://netodolele.com.br/blog/texture5-300x300.jpg?p=Ahome2Ameumer25AnetodoleleIcomIbrAwp-contentAendurance-page-cache" "Mozilla/5.0 AppleWebKit/537.36 (KHTML, like Gecko; compatible; GPTBot/1.3; +https://openai.com/gptbot)" netodolele.com.br 162.241.203.76
74.7.241.0 - - [10/Mar/2026:10:11:14 -0300] "GET /edit-post.min.js?p=Ahome2Ameumer25AmeupetIappAwp-includesAblocksAquery-pagination-numbers HTTP/2.0" 200 27641 "https://www.netodolele.com.br.meumercado.app/edit-post.min.js?p=Ahome2Ameumer25AmeupetIappAwp-includesAblocks" "Mozilla/5.0 AppleWebKit/537.36 (KHTML, like Gecko; compatible; GPTBot/1.3; +https://openai.com/gptbot)" www.netodolele.com.br.meumercado.app 162.241.203.76
74.7.241.0 - - [10/Mar/2026:10:11:17 -0300] "GET /edit-post.min.js?p=Ahome2Ameumer25AmeupetIappAwp-includesAblocksAquery-pagination HTTP/2.0" 200 28245 "https://www.netodolele.com.br.meumercado.app/edit-post.min.js?p=Ahome2Ameumer25AmeupetIappAwp-includesAblocks" "Mozilla/5.0 AppleWebKit/537.36 (KHTML, like Gecko; compatible; GPTBot/1.3; +https://openai.com/gptbot)" www.netodolele.com.br.meumercado.app 162.241.203.76
74.7.227.186 - - [10/Mar/2026:10:11:18 -0300] "GET /inline-edit-post.js?edit=CallbackStream.php&p=Ahome2Ameumer25AapiImeumercadoIappAvendorAlaminasAlaminas-diactorosAsrc HTTP/2.0" 409 83 "https://netodolele.com.br.meumercado.app/inline-edit-post.js?p=Ahome2Ameumer25AapiImeumercadoIappAvendorAlaminasAlaminas-diactorosAsrc" "Mozilla/5.0 AppleWebKit/537.36 (KHTML, like Gecko; compatible; GPTBot/1.3; +https://openai.com/gptbot)" netodolele.com.br.meumercado.app 162.241.203.76
74.7.241.49 - - [10/Mar/2026:10:11:19 -0300] "GET /blog/texture5-300x300.jpg?p=Ahome2Ameumer25AnetodoleleIcomIbrAwp-contentAendurance-page-cacheAformAfile-upload HTTP/2.0" 200 26422 "https://netodolele.com.br/blog/texture5-300x300.jpg?p=Ahome2Ameumer25AnetodoleleIcomIbrAwp-contentAendurance-page-cacheAform" "Mozilla/5.0 AppleWebKit/537.36 (KHTML, like Gecko; compatible; GPTBot/1.3; +https://openai.com/gptbot)" netodolele.com.br 162.241.203.76
162.241.203.76 - - [10/Mar/2026:10:11:20 -0300] "POST /wp-cron.php?doing_wp_cron=1773148280.9332430362701416015625 HTTP/1.1" 200 - "-" "WordPress/6.9.1; https://netodolele.com.br" netodolele.com.br 162.241.203.76
74.7.241.0 - - [10/Mar/2026:10:11:20 -0300] "GET /post-formats-vs.png?p=Ahome2Ameumer25AmeupetIappAwp-includesAjsAdistAdevelopment HTTP/2.0" 200 27387 "https://www.netodolele.com.br.meumercado.app/post-formats-vs.png?p=Ahome2Ameumer25AmeupetIappAwp-includesAjsAdist" "Mozilla/5.0 AppleWebKit/537.36 (KHTML, like Gecko; compatible; GPTBot/1.3; +https://openai.com/gptbot)" www.netodolele.com.br.meumercado.app 162.241.203.76
74.7.241.0 - - [10/Mar/2026:10:11:23 -0300] "GET /edit-post.min.js?p=Ahome2Ameumer25AmeupetIappAwp-includesAblocksAcomments-pagination-numbers HTTP/2.0" 200 27750 "https://www.netodolele.com.br.meumercado.app/edit-post.min.js?p=Ahome2Ameumer25AmeupetIappAwp-includesAblocks" "Mozilla/5.0 AppleWebKit/537.36 (KHTML, like Gecko; compatible; GPTBot/1.3; +https://openai.com/gptbot)" www.netodolele.com.br.meumercado.app 162.241.203.76
74.7.227.186 - - [10/Mar/2026:10:11:24 -0300] "GET /inline-edit-post.js?p=Ahome2Ameumer25AminhafarmaciaIappAwp-includesAsodium_compatAsrcACore HTTP/2.0" 200 30283 "https://netodolele.com.br.meumercado.app/inline-edit-post.js?p=Ahome2Ameumer25AminhafarmaciaIappAwp-includesAsodium_compatAsrc" "Mozilla/5.0 AppleWebKit/537.36 (KHTML, like Gecko; compatible; GPTBot/1.3; +https://openai.com/gptbot)" netodolele.com.br.meumercado.app 162.241.203.76
74.7.241.49 - - [10/Mar/2026:10:11:26 -0300] "GET /blog/texture5-300x300.jpg?p=Ahome2Ameumer25AnetodoleleIcomIbrAwp-contentAendurance-page-cacheAwebhook-testA%2A HTTP/2.0" 200 26425 "https://netodolele.com.br/blog/texture5-300x300.jpg?p=Ahome2Ameumer25AnetodoleleIcomIbrAwp-contentAendurance-page-cacheAwebhook-test" "Mozilla/5.0 AppleWebKit/537.36 (KHTML, like Gecko; compatible; GPTBot/1.3; +https://openai.com/gptbot)" netodolele.com.br 162.241.203.76
74.7.241.0 - - [10/Mar/2026:10:11:27 -0300] "GET /edit-post.min.js?p=Ahome2Ameumer25AmeupetIappAwp-includesAblocksApost-terms HTTP/2.0" 200 27252 "https://www.netodolele.com.br.meumercado.app/edit-post.min.js?p=Ahome2Ameumer25AmeupetIappAwp-includesAblocks" "Mozilla/5.0 AppleWebKit/537.36 (KHTML, like Gecko; compatible; GPTBot/1.3; +https://openai.com/gptbot)" www.netodolele.com.br.meumercado.app 162.241.203.76
74.7.241.0 - - [10/Mar/2026:10:11:30 -0300] "GET /post-formats-vs.png?p=Ahome2Ameumer25AmeupetIappAwp-includesAjsAtinymceAthemes HTTP/2.0" 200 26649 "https://www.netodolele.com.br.meumercado.app/post-formats-vs.png?p=Ahome2Ameumer25AmeupetIappAwp-includesAjsAtinymce" "Mozilla/5.0 AppleWebKit/537.36 (KHTML, like Gecko; compatible; GPTBot/1.3; +https://openai.com/gptbot)" www.netodolele.com.br.meumercado.app 162.241.203.76
74.7.241.49 - - [10/Mar/2026:10:11:31 -0300] "GET /blog/texture5-300x300.jpg?p=Ahome2Ameumer25AnetodoleleIcomIbrAwp-contentAendurance-page-cacheAwebhook-testAupload HTTP/2.0" 200 26426 "https://netodolele.com.br/blog/texture5-300x300.jpg?p=Ahome2Ameumer25AnetodoleleIcomIbrAwp-contentAendurance-page-cacheAwebhook-test" "Mozilla/5.0 AppleWebKit/537.36 (KHTML, like Gecko; compatible; GPTBot/1.3; +https://openai.com/gptbot)" netodolele.com.br 162.241.203.76
74.7.241.0 - - [10/Mar/2026:10:11:33 -0300] "GET /edit-post.min.js?p=Ahome2Ameumer25AmeupetIappAwp-includesAblocksAcomments HTTP/2.0" 200 27974 "https://www.netodolele.com.br.meumercado.app/edit-post.min.js?p=Ahome2Ameumer25AmeupetIappAwp-includesAblocks" "Mozilla/5.0 AppleWebKit/537.36 (KHTML, like Gecko; compatible; GPTBot/1.3; +https://openai.com/gptbot)" www.netodolele.com.br.meumercado.app 162.241.203.76
74.7.241.0 - - [10/Mar/2026:10:11:36 -0300] "GET /edit-post.min.js?p=Ahome2Ameumer25AmeupetIappAwp-includesAblocksAcomment-template HTTP/2.0" 200 27373 "https://www.netodolele.com.br.meumercado.app/edit-post.min.js?p=Ahome2Ameumer25AmeupetIappAwp-includesAblocks" "Mozilla/5.0 AppleWebKit/537.36 (KHTML, like Gecko; compatible; GPTBot/1.3; +https://openai.com/gptbot)" www.netodolele.com.br.meumercado.app 162.241.203.76
74.7.241.49 - - [10/Mar/2026:10:11:36 -0300] "GET /blog/texture5-300x300.jpg?p=Ahome2Ameumer25AnetodoleleIcomIbrAwp-contentAendurance-page-cacheAwebhook-testAimport HTTP/2.0" 200 26426 "https://netodolele.com.br/blog/texture5-300x300.jpg?p=Ahome2Ameumer25AnetodoleleIcomIbrAwp-contentAendurance-page-cacheAwebhook-test" "Mozilla/5.0 AppleWebKit/537.36 (KHTML, like Gecko; compatible; GPTBot/1.3; +https://openai.com/gptbot)" netodolele.com.br 162.241.203.76
74.7.241.0 - - [10/Mar/2026:10:11:39 -0300] "GET /edit-post.min.js?p=Ahome2Ameumer25AmeupetIappAwp-includesAblocksAterm-description HTTP/2.0" 200 27372 "https://www.netodolele.com.br.meumercado.app/edit-post.min.js?p=Ahome2Ameumer25AmeupetIappAwp-includesAblocks" "Mozilla/5.0 AppleWebKit/537.36 (KHTML, like Gecko; compatible; GPTBot/1.3; +https://openai.com/gptbot)" www.netodolele.com.br.meumercado.app 162.241.203.76
74.7.241.49 - - [10/Mar/2026:10:11:41 -0300] "GET /blog/texture5-300x300.jpg?p=Ahome2Ameumer25AnetodoleleIcomIbrAwp-contentAendurance-page-cacheAwebhook-testAfiles HTTP/2.0" 200 26426 "https://netodolele.com.br/blog/texture5-300x300.jpg?p=Ahome2Ameumer25AnetodoleleIcomIbrAwp-contentAendurance-page-cacheAwebhook-test" "Mozilla/5.0 AppleWebKit/537.36 (KHTML, like Gecko; compatible; GPTBot/1.3; +https://openai.com/gptbot)" netodolele.com.br 162.241.203.76
74.7.241.0 - - [10/Mar/2026:10:11:42 -0300] "GET /post-formats-vs.png?p=Ahome2Ameumer25AmeupetIappAwp-includesAjsAtinymceAplugins HTTP/2.0" 200 27192 "https://www.netodolele.com.br.meumercado.app/post-formats-vs.png?p=Ahome2Ameumer25AmeupetIappAwp-includesAjsAtinymce" "Mozilla/5.0 AppleWebKit/537.36 (KHTML, like Gecko; compatible; GPTBot/1.3; +https://openai.com/gptbot)" www.netodolele.com.br.meumercado.app 162.241.203.76
74.7.227.186 - - [10/Mar/2026:10:11:43 -0300] "GET /inline-edit-post.js?p=Ahome2Ameumer25AminhafarmaciaIappAwp-includesAsodium_compatAsrcAPHP52 HTTP/2.0" 200 26716 "https://netodolele.com.br.meumercado.app/inline-edit-post.js?p=Ahome2Ameumer25AminhafarmaciaIappAwp-includesAsodium_compatAsrc" "Mozilla/5.0 AppleWebKit/537.36 (KHTML, like Gecko; compatible; GPTBot/1.3; +https://openai.com/gptbot)" netodolele.com.br.meumercado.app 162.241.203.76
74.7.241.49 - - [10/Mar/2026:10:11:45 -0300] "GET /blog/texture5-300x300.jpg?p=Ahome2Ameumer25AnetodoleleIcomIbrAwp-contentAendurance-page-cacheAdovecot-uidlist HTTP/2.0" 200 26409 "https://netodolele.com.br/blog/texture5-300x300.jpg?p=Ahome2Ameumer25AnetodoleleIcomIbrAwp-contentAendurance-page-cache" "Mozilla/5.0 AppleWebKit/537.36 (KHTML, like Gecko; compatible; GPTBot/1.3; +https://openai.com/gptbot)" netodolele.com.br 162.241.203.76
74.7.241.0 - - [10/Mar/2026:10:11:45 -0300] "GET /edit-post.min.js?p=Ahome2Ameumer25AmeupetIappAwp-includesAblocksAterm-template HTTP/2.0" 200 28058 "https://www.netodolele.com.br.meumercado.app/edit-post.min.js?p=Ahome2Ameumer25AmeupetIappAwp-includesAblocks" "Mozilla/5.0 AppleWebKit/537.36 (KHTML, like Gecko; compatible; GPTBot/1.3; +https://openai.com/gptbot)" www.netodolele.com.br.meumercado.app 162.241.203.76
74.7.241.0 - - [10/Mar/2026:10:11:49 -0300] "GET /edit-post.min.js?p=Ahome2Ameumer25AmeupetIappAwp-includesAblocksAtemplate-part HTTP/2.0" 200 28193 "https://www.netodolele.com.br.meumercado.app/edit-post.min.js?p=Ahome2Ameumer25AmeupetIappAwp-includesAblocks" "Mozilla/5.0 AppleWebKit/537.36 (KHTML, like Gecko; compatible; GPTBot/1.3; +https://openai.com/gptbot)" www.netodolele.com.br.meumercado.app 162.241.203.76
74.7.241.49 - - [10/Mar/2026:10:11:49 -0300] "GET /blog/texture5-300x300.jpg?p=Ahome2Ameumer25AnetodoleleIcomIbrAwp-contentAendurance-page-cacheA_profilerAphpinfo HTTP/2.0" 200 26427 "https://netodolele.com.br/blog/texture5-300x300.jpg?p=Ahome2Ameumer25AnetodoleleIcomIbrAwp-contentAendurance-page-cacheA_profiler" "Mozilla/5.0 AppleWebKit/537.36 (KHTML, like Gecko; compatible; GPTBot/1.3; +https://openai.com/gptbot)" netodolele.com.br 162.241.203.76
74.7.241.0 - - [10/Mar/2026:10:11:52 -0300] "GET /edit-post.min.js?edit=editor.css&p=Ahome2Ameumer25AmeupetIappAwp-includesAblocksAquery-pagination HTTP/2.0" 200 26250 "https://www.netodolele.com.br.meumercado.app/edit-post.min.js?p=Ahome2Ameumer25AmeupetIappAwp-includesAblocksAquery-pagination" "Mozilla/5.0 AppleWebKit/537.36 (KHTML, like Gecko; compatible; GPTBot/1.3; +https://openai.com/gptbot)" www.netodolele.com.br.meumercado.app 162.241.203.76
74.7.241.49 - - [10/Mar/2026:10:11:52 -0300] "GET /blog/texture5-300x300.jpg?p=Ahome2Ameumer25AnetodoleleIcomIbrAwp-contentAendurance-page-cacheAwebhook-waiting HTTP/2.0" 200 27151 "https://netodolele.com.br/blog/texture5-300x300.jpg?p=Ahome2Ameumer25AnetodoleleIcomIbrAwp-contentAendurance-page-cache" "Mozilla/5.0 AppleWebKit/537.36 (KHTML, like Gecko; compatible; GPTBot/1.3; +https://openai.com/gptbot)" netodolele.com.br 162.241.203.76
74.7.241.0 - - [10/Mar/2026:10:11:55 -0300] "GET /edit-post.min.js?p=Ahome2Ameumer25AmeupetIappAwp-includesAblocksAcomment-date HTTP/2.0" 200 27294 "https://www.netodolele.com.br.meumercado.app/edit-post.min.js?p=Ahome2Ameumer25AmeupetIappAwp-includesAblocks" "Mozilla/5.0 AppleWebKit/537.36 (KHTML, like Gecko; compatible; GPTBot/1.3; +https://openai.com/gptbot)" www.netodolele.com.br.meumercado.app 162.241.203.76
74.7.241.49 - - [10/Mar/2026:10:11:55 -0300] "GET /blog/complete-guide-to-wpforms-settings.png HTTP/2.0" 200 27075 "https://netodolele.com.br/blog/Untitled-2-r62ilg93kae59q86isj067eke14ztworgvmo4za140.jpg?p=Ahome2Ameumer25Apublic_htmlAwp-contentApluginsAwpforms-liteAassetsAimagesAabout" "Mozilla/5.0 AppleWebKit/537.36 (KHTML, like Gecko; compatible; GPTBot/1.3; +https://openai.com/gptbot)" netodolele.com.br 162.241.203.76
74.7.241.49 - - [10/Mar/2026:10:11:58 -0300] "GET /blog/man2-r62h8htuq4ajchlvxkcfolaexe4masu2g3oz51vjbc.jpg?p=Ahome2Ameumer25Apublic_htmlAwp-includesAblocksAhtml HTTP/2.0" 200 27172 "https://netodolele.com.br/blog/man2-r62h8htuq4ajchlvxkcfolaexe4masu2g3oz51vjbc.jpg?p=Ahome2Ameumer25Apublic_htmlAwp-includesAblocks" "Mozilla/5.0 AppleWebKit/537.36 (KHTML, like Gecko; compatible; GPTBot/1.3; +https://openai.com/gptbot)" netodolele.com.br 162.241.203.76
74.7.241.0 - - [10/Mar/2026:10:11:58 -0300] "GET /edit-post.min.js?p=Ahome2Ameumer25AmeupetIappAwp-includesAblocksApost-template HTTP/2.0" 200 27336 "https://www.netodolele.com.br.meumercado.app/edit-post.min.js?p=Ahome2Ameumer25AmeupetIappAwp-includesAblocks" "Mozilla/5.0 AppleWebKit/537.36 (KHTML, like Gecko; compatible; GPTBot/1.3; +https://openai.com/gptbot)" www.netodolele.com.br.meumercado.app 162.241.203.76
74.7.227.186 - - [10/Mar/2026:10:12:00 -0300] "GET /inline-edit-post.js?p=Ahome2Ameumer25AminhafarmaciaIappAwp-includesAsodium_compatAsrcACore32 HTTP/2.0" 200 29612 "https://netodolele.com.br.meumercado.app/inline-edit-post.js?p=Ahome2Ameumer25AminhafarmaciaIappAwp-includesAsodium_compatAsrc" "Mozilla/5.0 AppleWebKit/537.36 (KHTML, like Gecko; compatible; GPTBot/1.3; +https://openai.com/gptbot)" netodolele.com.br.meumercado.app 162.241.203.76
74.7.241.0 - - [10/Mar/2026:10:12:01 -0300] "GET /edit-post.min.js?p=Ahome2Ameumer25AmeupetIappAwp-includesAblocksAcomments-title HTTP/2.0" 200 27374 "https://www.netodolele.com.br.meumercado.app/edit-post.min.js?p=Ahome2Ameumer25AmeupetIappAwp-includesAblocks" "Mozilla/5.0 AppleWebKit/537.36 (KHTML, like Gecko; compatible; GPTBot/1.3; +https://openai.com/gptbot)" www.netodolele.com.br.meumercado.app 162.241.203.76
74.7.241.49 - - [10/Mar/2026:10:12:01 -0300] "GET /blog/texture5-300x300.jpg?p=Ahome2Ameumer25AnetodoleleIcomIbrAwp-contentApluginsAelementorAassetsAjsApackagesAeditor-documents HTTP/2.0" 200 27769 "https://netodolele.com.br/blog/texture5-300x300.jpg?p=Ahome2Ameumer25AnetodoleleIcomIbrAwp-contentApluginsAelementorAassetsAjsApackages" "Mozilla/5.0 AppleWebKit/537.36 (KHTML, like Gecko; compatible; GPTBot/1.3; +https://openai.com/gptbot)" netodolele.com.br 162.241.203.76
74.7.241.0 - - [10/Mar/2026:10:12:04 -0300] "GET /edit-post.min.js?p=Ahome2Ameumer25AmeupetIappAwp-includesAblocksApreformatted HTTP/2.0" 200 27315 "https://www.netodolele.com.br.meumercado.app/edit-post.min.js?p=Ahome2Ameumer25AmeupetIappAwp-includesAblocks" "Mozilla/5.0 AppleWebKit/537.36 (KHTML, like Gecko; compatible; GPTBot/1.3; +https://openai.com/gptbot)" www.netodolele.com.br.meumercado.app 162.241.203.76
74.7.241.49 - - [10/Mar/2026:10:12:04 -0300] "GET /blog/texture5-300x300.jpg?p=Ahome2Ameumer25AnetodoleleIcomIbrAwp-contentApluginsAelementorAappAmodulesAkit-libraryAdataAkits HTTP/2.0" 200 26860 "https://netodolele.com.br/blog/texture5-300x300.jpg?p=Ahome2Ameumer25AnetodoleleIcomIbrAwp-contentApluginsAelementorAappAmodulesAkit-libraryAdata" "Mozilla/5.0 AppleWebKit/537.36 (KHTML, like Gecko; compatible; GPTBot/1.3; +https://openai.com/gptbot)" netodolele.com.br 162.241.203.76
74.7.241.0 - - [10/Mar/2026:10:12:07 -0300] "GET /post-formats-vs.png?p=Ahome2Ameumer25AmeupetIappAwp-includesAjsAimgareaselect HTTP/2.0" 200 27704 "https://www.netodolele.com.br.meumercado.app/post-formats-vs.png?p=Ahome2Ameumer25AmeupetIappAwp-includesAjs" "Mozilla/5.0 AppleWebKit/537.36 (KHTML, like Gecko; compatible; GPTBot/1.3; +https://openai.com/gptbot)" www.netodolele.com.br.meumercado.app 162.241.203.76
74.7.241.49 - - [10/Mar/2026:10:12:08 -0300] "GET /blog/man2-r62h8htuq4ajchlvxkcfolaexe4masu2g3oz51vjbc.jpg?p=Ahome2Ameumer25AnetodoleleIcomIbrAwp-contentAthemesAastraAincAtheme-update HTTP/2.0" 200 27451 "https://netodolele.com.br/blog/man2-r62h8htuq4ajchlvxkcfolaexe4masu2g3oz51vjbc.jpg?p=Ahome2Ameumer25AnetodoleleIcomIbrAwp-contentAthemesAastraAinc" "Mozilla/5.0 AppleWebKit/537.36 (KHTML, like Gecko; compatible; GPTBot/1.3; +https://openai.com/gptbot)" netodolele.com.br 162.241.203.76
74.7.241.0 - - [10/Mar/2026:10:12:10 -0300] "GET /post-formats-vs.png?p=Ahome2Ameumer25AmeupetIappAwp-includesAblocksAfootnotes HTTP/2.0" 200 27253 "https://www.netodolele.com.br.meumercado.app/post-formats-vs.png?p=Ahome2Ameumer25AmeupetIappAwp-includesAblocks" "Mozilla/5.0 AppleWebKit/537.36 (KHTML, like Gecko; compatible; GPTBot/1.3; +https://openai.com/gptbot)" www.netodolele.com.br.meumercado.app 162.241.203.76
74.7.241.49 - - [10/Mar/2026:10:12:11 -0300] "GET /blog/man2-r62h8htuq4ajchlvxkcfolaexe4masu2g3oz51vjbc.jpg?p=Ahome2Ameumer25AminhafarmaciaIappAwp-contentAthemesAastraAincAtheme-update HTTP/2.0" 200 27685 "https://netodolele.com.br/blog/man2-r62h8htuq4ajchlvxkcfolaexe4masu2g3oz51vjbc.jpg?p=Ahome2Ameumer25AminhafarmaciaIappAwp-contentAthemesAastraAinc" "Mozilla/5.0 AppleWebKit/537.36 (KHTML, like Gecko; compatible; GPTBot/1.3; +https://openai.com/gptbot)" netodolele.com.br 162.241.203.76
74.7.241.49 - - [10/Mar/2026:10:12:14 -0300] "GET /blog/texture5-300x300.jpg?p=Ahome2Ameumer25AnetodoleleIcomIbrAwp-contentApluginsAelementorAmodulesAatomic-widgetsAprops-resolverAtransformersAexport HTTP/2.0" 200 26818 "https://netodolele.com.br/blog/texture5-300x300.jpg?p=Ahome2Ameumer25AnetodoleleIcomIbrAwp-contentApluginsAelementorAmodulesAatomic-widgetsAprops-resolverAtransformers" "Mozilla/5.0 AppleWebKit/537.36 (KHTML, like Gecko; compatible; GPTBot/1.3; +https://openai.com/gptbot)" netodolele.com.br 162.241.203.76
74.7.241.0 - - [10/Mar/2026:10:12:14 -0300] "GET /edit-post.min.js?p=Ahome2Ameumer25AmeupetIappAwp-includesASimplePieAsrcACache HTTP/2.0" 200 27944 "https://www.netodolele.com.br.meumercado.app/edit-post.min.js?p=Ahome2Ameumer25AmeupetIappAwp-includesASimplePieAsrc" "Mozilla/5.0 AppleWebKit/537.36 (KHTML, like Gecko; compatible; GPTBot/1.3; +https://openai.com/gptbot)" www.netodolele.com.br.meumercado.app 162.241.203.76
74.7.227.186 - - [10/Mar/2026:10:12:15 -0300] "GET /inline-edit-post.js?p=Ahome2Ameumer25AapiImeumercadoIappAvendorAlaminasAlaminas-diactorosAsrcAfunctions HTTP/2.0" 200 30331 "https://netodolele.com.br.meumercado.app/inline-edit-post.js?p=Ahome2Ameumer25AapiImeumercadoIappAvendorAlaminasAlaminas-diactorosAsrc" "Mozilla/5.0 AppleWebKit/537.36 (KHTML, like Gecko; compatible; GPTBot/1.3; +https://openai.com/gptbot)" netodolele.com.br.meumercado.app 162.241.203.76
74.7.241.0 - - [10/Mar/2026:10:12:17 -0300] "GET /post-formats-vs.png?p=Ahome2Ameumer25AmeupetIappAwp-includesAjsAtinymceApluginsAhr HTTP/2.0" 200 26791 "https://www.netodolele.com.br.meumercado.app/post-formats-vs.png?p=Ahome2Ameumer25AmeupetIappAwp-includesAjsAtinymceAplugins" "Mozilla/5.0 AppleWebKit/537.36 (KHTML, like Gecko; compatible; GPTBot/1.3; +https://openai.com/gptbot)" www.netodolele.com.br.meumercado.app 162.241.203.76
74.7.241.49 - - [10/Mar/2026:10:12:17 -0300] "GET /blog/texture5-300x300.jpg?p=Ahome2Ameumer25AnetodoleleIcomIbrAwp-contentApluginsAelementorAmodulesAcompatibility-tag HTTP/2.0" 200 27518 "https://netodolele.com.br/blog/texture5-300x300.jpg?p=Ahome2Ameumer25AnetodoleleIcomIbrAwp-contentApluginsAelementorAmodules" "Mozilla/5.0 AppleWebKit/537.36 (KHTML, like Gecko; compatible; GPTBot/1.3; +https://openai.com/gptbot)" netodolele.com.br 162.241.203.76
74.7.241.49 - - [10/Mar/2026:10:12:20 -0300] "GET /blog/texture5-300x300.jpg?p=Ahome2Ameumer25AnetodoleleIcomIbrAwp-contentApluginsAelementor-proAmodulesAcompatibility-tag HTTP/2.0" 200 26965 "https://netodolele.com.br/blog/texture5-300x300.jpg?p=Ahome2Ameumer25AnetodoleleIcomIbrAwp-contentApluginsAelementor-proAmodules" "Mozilla/5.0 AppleWebKit/537.36 (KHTML, like Gecko; compatible; GPTBot/1.3; +https://openai.com/gptbot)" netodolele.com.br 162.241.203.76
74.7.241.0 - - [10/Mar/2026:10:12:20 -0300] "GET /edit-post.min.js?p=Ahome2Ameumer25AmeupetIappAwp-includesARequestsAsrcACookie HTTP/2.0" 200 26673 "https://www.netodolele.com.br.meumercado.app/edit-post.min.js?p=Ahome2Ameumer25AmeupetIappAwp-includesARequestsAsrc" "Mozilla/5.0 AppleWebKit/537.36 (KHTML, like Gecko; compatible; GPTBot/1.3; +https://openai.com/gptbot)" www.netodolele.com.br.meumercado.app 162.241.203.76
162.241.203.76 - - [10/Mar/2026:10:12:23 -0300] "POST /wp-cron.php?doing_wp_cron=1773148343.9546010494232177734375 HTTP/1.1" 200 - "-" "WordPress/6.9.1; https://netodolele.com.br" netodolele.com.br 162.241.203.76
74.7.241.49 - - [10/Mar/2026:10:12:23 -0300] "GET /blog/texture5-300x300.jpg?p=Ahome2Ameumer25AnetodoleleIcomIbrAwp-contentApluginsAjet-engineAincludesAmodulesAcustom-content-typesAincAformsAconverting-jfb-fields HTTP/2.0" 200 30053 "https://netodolele.com.br/blog/texture5-300x300.jpg?p=Ahome2Ameumer25AnetodoleleIcomIbrAwp-contentApluginsAjet-engineAincludesAmodulesAcustom-content-typesAincAforms" "Mozilla/5.0 AppleWebKit/537.36 (KHTML, like Gecko; compatible; GPTBot/1.3; +https://openai.com/gptbot)" netodolele.com.br 162.241.203.76
74.7.241.0 - - [10/Mar/2026:10:12:23 -0300] "GET /edit-post.min.js?p=Ahome2Ameumer25AmeupetIappAwp-includesAblocksAquery-pagination-next HTTP/2.0" 200 26767 "https://www.netodolele.com.br.meumercado.app/edit-post.min.js?p=Ahome2Ameumer25AmeupetIappAwp-includesAblocks" "Mozilla/5.0 AppleWebKit/537.36 (KHTML, like Gecko; compatible; GPTBot/1.3; +https://openai.com/gptbot)" www.netodolele.com.br.meumercado.app 162.241.203.76
74.7.241.0 - - [10/Mar/2026:10:12:26 -0300] "GET /post-formats-vs.png?p=Ahome2Ameumer25AmeupetIappAwp-includesAjsAtinymceAskins HTTP/2.0" 200 26658 "https://www.netodolele.com.br.meumercado.app/post-formats-vs.png?p=Ahome2Ameumer25AmeupetIappAwp-includesAjsAtinymce" "Mozilla/5.0 AppleWebKit/537.36 (KHTML, like Gecko; compatible; GPTBot/1.3; +https://openai.com/gptbot)" www.netodolele.com.br.meumercado.app 162.241.203.76
74.7.241.49 - - [10/Mar/2026:10:12:26 -0300] "GET /blog/texture5-300x300.jpg?p=Ahome2Ameumer25AnetodoleleIcomIbrAwp-contentAendurance-page-cacheAwebhook-waitingA%2A HTTP/2.0" 200 26428 "https://netodolele.com.br/blog/texture5-300x300.jpg?p=Ahome2Ameumer25AnetodoleleIcomIbrAwp-contentAendurance-page-cacheAwebhook-waiting" "Mozilla/5.0 AppleWebKit/537.36 (KHTML, like Gecko; compatible; GPTBot/1.3; +https://openai.com/gptbot)" netodolele.com.br 162.241.203.76
74.7.227.186 - - [10/Mar/2026:10:12:28 -0300] "GET /inline-edit-post.js?p=Ahome2Ameumer25AapiImeumercadoIappAvendorAlaminasAlaminas-diactorosAsrcAResponse HTTP/2.0" 200 28623 "https://netodolele.com.br.meumercado.app/inline-edit-post.js?p=Ahome2Ameumer25AapiImeumercadoIappAvendorAlaminasAlaminas-diactorosAsrc" "Mozilla/5.0 AppleWebKit/537.36 (KHTML, like Gecko; compatible; GPTBot/1.3; +https://openai.com/gptbot)" netodolele.com.br.meumercado.app 162.241.203.76
74.7.241.0 - - [10/Mar/2026:10:12:29 -0300] "GET /post-formats-vs.png?p=Ahome2Ameumer25AmeupetIappAwp-includesAblocksAcategories HTTP/2.0" 200 27999 "https://www.netodolele.com.br.meumercado.app/post-formats-vs.png?p=Ahome2Ameumer25AmeupetIappAwp-includesAblocks" "Mozilla/5.0 AppleWebKit/537.36 (KHTML, like Gecko; compatible; GPTBot/1.3; +https://openai.com/gptbot)" www.netodolele.com.br.meumercado.app 162.241.203.76
74.7.241.49 - - [10/Mar/2026:10:12:29 -0300] "GET /blog/man3-r62h8gw0ja990vn931xt43iyc09933qc3z1hnrwxhk.jpg?edit=Imagem4-e1651280442925.png&p=Ahome2Ameumer25Apublic_htmlAwp-contentAuploadsA2022A04 HTTP/2.0" 200 156836 "https://netodolele.com.br/blog/man3-r62h8gw0ja990vn931xt43iyc09933qc3z1hnrwxhk.jpg?p=Ahome2Ameumer25Apublic_htmlAwp-contentAuploadsA2022A04" "Mozilla/5.0 AppleWebKit/537.36 (KHTML, like Gecko; compatible; GPTBot/1.3; +https://openai.com/gptbot)" netodolele.com.br 162.241.203.76
74.7.241.49 - - [10/Mar/2026:10:12:33 -0300] "GET /blog/man3-r62h8gw0ja990vn931xt43iyc09933qc3z1hnrwxhk.jpg?edit=Imagem4-e1651280613402.png&p=Ahome2Ameumer25Apublic_htmlAwp-contentAuploadsA2022A04 HTTP/2.0" 200 130512 "https://netodolele.com.br/blog/man3-r62h8gw0ja990vn931xt43iyc09933qc3z1hnrwxhk.jpg?p=Ahome2Ameumer25Apublic_htmlAwp-contentAuploadsA2022A04" "Mozilla/5.0 AppleWebKit/537.36 (KHTML, like Gecko; compatible; GPTBot/1.3; +https://openai.com/gptbot)" netodolele.com.br 162.241.203.76
74.7.241.0 - - [10/Mar/2026:10:12:33 -0300] "GET /edit-post.min.js?edit=.htaccess&p=Ahome2Ameumer25AmeupetIappAwp-includesAblocksApost-template HTTP/2.0" 200 26249 "https://www.netodolele.com.br.meumercado.app/edit-post.min.js?p=Ahome2Ameumer25AmeupetIappAwp-includesAblocksApost-template" "Mozilla/5.0 AppleWebKit/537.36 (KHTML, like Gecko; compatible; GPTBot/1.3; +https://openai.com/gptbot)" www.netodolele.com.br.meumercado.app 162.241.203.76
74.7.241.49 - - [10/Mar/2026:10:12:36 -0300] "GET /blog/man3-r62h8gw0ja990vn931xt43iyc09933qc3z1hnrwxhk.jpg?edit=Imagem4-e1651764547816.png&p=Ahome2Ameumer25Apublic_htmlAwp-contentAuploadsA2022A05 HTTP/2.0" 200 140341 "https://netodolele.com.br/blog/man3-r62h8gw0ja990vn931xt43iyc09933qc3z1hnrwxhk.jpg?p=Ahome2Ameumer25Apublic_htmlAwp-contentAuploadsA2022A05" "Mozilla/5.0 AppleWebKit/537.36 (KHTML, like Gecko; compatible; GPTBot/1.3; +https://openai.com/gptbot)" netodolele.com.br 162.241.203.76
74.7.241.0 - - [10/Mar/2026:10:12:36 -0300] "GET /post-formats-vs.png?p=Ahome2Ameumer25AmeupetIappAwp-includesAjsAtinymceAutils HTTP/2.0" 200 26995 "https://www.netodolele.com.br.meumercado.app/post-formats-vs.png?p=Ahome2Ameumer25AmeupetIappAwp-includesAjsAtinymce" "Mozilla/5.0 AppleWebKit/537.36 (KHTML, like Gecko; compatible; GPTBot/1.3; +https://openai.com/gptbot)" www.netodolele.com.br.meumercado.app 162.241.203.76
74.7.241.49 - - [10/Mar/2026:10:12:39 -0300] "GET /blog/texture5-300x300.jpg?p=Ahome2Ameumer25AnetodoleleIcomIbrAwp-contentApluginsAelementorAappAmodulesAkit-libraryAdataAkitsAendpoints HTTP/2.0" 200 27059 "https://netodolele.com.br/blog/texture5-300x300.jpg?p=Ahome2Ameumer25AnetodoleleIcomIbrAwp-contentApluginsAelementorAappAmodulesAkit-libraryAdataAkits" "Mozilla/5.0 AppleWebKit/537.36 (KHTML, like Gecko; compatible; GPTBot/1.3; +https://openai.com/gptbot)" netodolele.com.br 162.241.203.76
74.7.241.0 - - [10/Mar/2026:10:12:39 -0300] "GET /post-formats-vs.png?p=Ahome2Ameumer25AmeupetIappAwp-includesAblocksApullquote HTTP/2.0" 200 28632 "https://www.netodolele.com.br.meumercado.app/post-formats-vs.png?p=Ahome2Ameumer25AmeupetIappAwp-includesAblocks" "Mozilla/5.0 AppleWebKit/537.36 (KHTML, like Gecko; compatible; GPTBot/1.3; +https://openai.com/gptbot)" www.netodolele.com.br.meumercado.app 162.241.203.76
74.7.227.186 - - [10/Mar/2026:10:12:40 -0300] "GET /inline-edit-post.js?p=Ahome2Ameumer25AminhafarmaciaIappAwp-includesAblocksAterm-name HTTP/2.0" 200 27354 "https://netodolele.com.br.meumercado.app/inline-edit-post.js?p=Ahome2Ameumer25AminhafarmaciaIappAwp-includesAblocks" "Mozilla/5.0 AppleWebKit/537.36 (KHTML, like Gecko; compatible; GPTBot/1.3; +https://openai.com/gptbot)" netodolele.com.br.meumercado.app 162.241.203.76
74.7.241.49 - - [10/Mar/2026:10:12:42 -0300] "GET /blog/man3-r62h8gw0ja990vn931xt43iyc09933qc3z1hnrwxhk.jpg?edit=Imagem4-e1651280429584.png&p=Ahome2Ameumer25Apublic_htmlAwp-contentAuploadsA2022A04 HTTP/2.0" 200 259918 "https://netodolele.com.br/blog/man3-r62h8gw0ja990vn931xt43iyc09933qc3z1hnrwxhk.jpg?p=Ahome2Ameumer25Apublic_htmlAwp-contentAuploadsA2022A04" "Mozilla/5.0 AppleWebKit/537.36 (KHTML, like Gecko; compatible; GPTBot/1.3; +https://openai.com/gptbot)" netodolele.com.br 162.241.203.76
74.7.241.0 - - [10/Mar/2026:10:12:42 -0300] "GET /post-formats-vs.png?p=Ahome2Ameumer25AmeupetIappAwp-includesAblocksAshortcode HTTP/2.0" 200 27317 "https://www.netodolele.com.br.meumercado.app/post-formats-vs.png?p=Ahome2Ameumer25AmeupetIappAwp-includesAblocks" "Mozilla/5.0 AppleWebKit/537.36 (KHTML, like Gecko; compatible; GPTBot/1.3; +https://openai.com/gptbot)" www.netodolele.com.br.meumercado.app 162.241.203.76
74.7.241.49 - - [10/Mar/2026:10:12:45 -0300] "GET /blog/Untitled-2-r62ilg93kae59q86isj067eke14ztworgvmo4za140.jpg?p=Ahome2Ameumer25Apublic_htmlAwp-contentApluginsAultimate-addons-for-gutenbergAblocks-configAtaxonomy-list HTTP/2.0" 200 26750 "https://netodolele.com.br/blog/Untitled-2-r62ilg93kae59q86isj067eke14ztworgvmo4za140.jpg?p=Ahome2Ameumer25Apublic_htmlAwp-contentApluginsAultimate-addons-for-gutenbergAblocks-config" "Mozilla/5.0 AppleWebKit/537.36 (KHTML, like Gecko; compatible; GPTBot/1.3; +https://openai.com/gptbot)" netodolele.com.br 162.241.203.76
74.7.241.0 - - [10/Mar/2026:10:12:45 -0300] "GET /post-formats-vs.png?p=Ahome2Ameumer25AmeupetIappAwp-includesAblocksAparagraph HTTP/2.0" 200 27975 "https://www.netodolele.com.br.meumercado.app/post-formats-vs.png?p=Ahome2Ameumer25AmeupetIappAwp-includesAblocks" "Mozilla/5.0 AppleWebKit/537.36 (KHTML, like Gecko; compatible; GPTBot/1.3; +https://openai.com/gptbot)" www.netodolele.com.br.meumercado.app 162.241.203.76
74.7.241.49 - - [10/Mar/2026:10:12:48 -0300] "GET /blog/element-manager-admin.min.js HTTP/2.0" 200 27075 "https://netodolele.com.br/blog/texture5-300x300.jpg?p=Ahome2Ameumer25AnetodoleleIcomIbrAwp-contentApluginsAelementorAassetsAjs" "Mozilla/5.0 AppleWebKit/537.36 (KHTML, like Gecko; compatible; GPTBot/1.3; +https://openai.com/gptbot)" netodolele.com.br 162.241.203.76
74.7.241.0 - - [10/Mar/2026:10:12:49 -0300] "GET /post-formats-vs.png?p=Ahome2Ameumer25AmeupetIappAwp-includesAjsAtinymceAlangs HTTP/2.0" 200 26681 "https://www.netodolele.com.br.meumercado.app/post-formats-vs.png?p=Ahome2Ameumer25AmeupetIappAwp-includesAjsAtinymce" "Mozilla/5.0 AppleWebKit/537.36 (KHTML, like Gecko; compatible; GPTBot/1.3; +https://openai.com/gptbot)" www.netodolele.com.br.meumercado.app 162.241.203.76
74.7.227.186 - - [10/Mar/2026:10:12:51 -0300] "GET /post-formats-vs.png?edit=51.php&p=Ahome2Ameumer25AminhafarmaciaIappAwp-includesAjsAtinymce HTTP/2.0" 409 83 "https://netodolele.com.br.meumercado.app/post-formats-vs.png?p=Ahome2Ameumer25AminhafarmaciaIappAwp-includesAjsAtinymce" "Mozilla/5.0 AppleWebKit/537.36 (KHTML, like Gecko; compatible; GPTBot/1.3; +https://openai.com/gptbot)" netodolele.com.br.meumercado.app 162.241.203.76
74.7.241.49 - - [10/Mar/2026:10:12:52 -0300] "GET /blog/man2-r62h8htuq4ajchlvxkcfolaexe4masu2g3oz51vjbc.jpg?p=Ahome2Ameumer25AwwwAwp-includesAjsAtinymceApluginsAwordpress HTTP/2.0" 200 26780 "https://netodolele.com.br/blog/man2-r62h8htuq4ajchlvxkcfolaexe4masu2g3oz51vjbc.jpg?p=Ahome2Ameumer25AwwwAwp-includesAjsAtinymceAplugins" "Mozilla/5.0 AppleWebKit/537.36 (KHTML, like Gecko; compatible; GPTBot/1.3; +https://openai.com/gptbot)" netodolele.com.br 162.241.203.76
74.7.241.0 - - [10/Mar/2026:10:12:52 -0300] "GET /post-formats-vs.png?p=Ahome2Ameumer25AmeupetIappAwp-includesAblocksAcomment-template HTTP/2.0" 200 27373 "https://www.netodolele.com.br.meumercado.app/post-formats-vs.png?p=Ahome2Ameumer25AmeupetIappAwp-includesAblocks" "Mozilla/5.0 AppleWebKit/537.36 (KHTML, like Gecko; compatible; GPTBot/1.3; +https://openai.com/gptbot)" www.netodolele.com.br.meumercado.app 162.241.203.76
74.7.241.49 - - [10/Mar/2026:10:12:55 -0300] "GET /blog/man2-r62h8htuq4ajchlvxkcfolaexe4masu2g3oz51vjbc.jpg?p=Ahome2Ameumer25AwwwAwp-includesAjsAtinymceApluginsAcolorpicker HTTP/2.0" 200 26778 "https://netodolele.com.br/blog/man2-r62h8htuq4ajchlvxkcfolaexe4masu2g3oz51vjbc.jpg?p=Ahome2Ameumer25AwwwAwp-includesAjsAtinymceAplugins" "Mozilla/5.0 AppleWebKit/537.36 (KHTML, like Gecko; compatible; GPTBot/1.3; +https://openai.com/gptbot)" netodolele.com.br 162.241.203.76
74.7.241.0 - - [10/Mar/2026:10:12:55 -0300] "GET /post-formats-vs.png?p=Ahome2Ameumer25AmeupetIappAwp-includesAcssAdistAcustomize-widgets HTTP/2.0" 200 27271 "https://www.netodolele.com.br.meumercado.app/post-formats-vs.png?p=Ahome2Ameumer25AmeupetIappAwp-includesAcssAdist" "Mozilla/5.0 AppleWebKit/537.36 (KHTML, like Gecko; compatible; GPTBot/1.3; +https://openai.com/gptbot)" www.netodolele.com.br.meumercado.app 162.241.203.76
74.7.241.49 - - [10/Mar/2026:10:12:58 -0300] "GET /blog/man2-r62h8htuq4ajchlvxkcfolaexe4masu2g3oz51vjbc.jpg?p=Ahome2Ameumer25AwwwAwp-contentAthemesAastraAincAbuilderAtype HTTP/2.0" 200 26936 "https://netodolele.com.br/blog/man2-r62h8htuq4ajchlvxkcfolaexe4masu2g3oz51vjbc.jpg?p=Ahome2Ameumer25AwwwAwp-contentAthemesAastraAincAbuilder" "Mozilla/5.0 AppleWebKit/537.36 (KHTML, like Gecko; compatible; GPTBot/1.3; +https://openai.com/gptbot)" netodolele.com.br 162.241.203.76
74.7.241.0 - - [10/Mar/2026:10:12:58 -0300] "GET /post-formats-vs.png?p=Ahome2Ameumer25AmeupetIappAwp-includesAcssAdistAedit-widgets HTTP/2.0" 200 27177 "https://www.netodolele.com.br.meumercado.app/post-formats-vs.png?p=Ahome2Ameumer25AmeupetIappAwp-includesAcssAdist" "Mozilla/5.0 AppleWebKit/537.36 (KHTML, like Gecko; compatible; GPTBot/1.3; +https://openai.com/gptbot)" www.netodolele.com.br.meumercado.app 162.241.203.76
74.7.241.49 - - [10/Mar/2026:10:13:01 -0300] "GET /blog/man2-r62h8htuq4ajchlvxkcfolaexe4masu2g3oz51vjbc.jpg?p=Ahome2Ameumer25AwwwAwp-contentAthemesAastraAincAcoreAmarkup HTTP/2.0" 200 26693 "https://netodolele.com.br/blog/man2-r62h8htuq4ajchlvxkcfolaexe4masu2g3oz51vjbc.jpg?p=Ahome2Ameumer25AwwwAwp-contentAthemesAastraAincAcore" "Mozilla/5.0 AppleWebKit/537.36 (KHTML, like Gecko; compatible; GPTBot/1.3; +https://openai.com/gptbot)" netodolele.com.br 162.241.203.76
74.7.227.186 - - [10/Mar/2026:10:13:01 -0300] "GET /post-formats-vs.png?p=Ahome2Ameumer25AminhafarmaciaIappAwp-includesAjsAtinymceAskins HTTP/2.0" 200 26669 "https://netodolele.com.br.meumercado.app/post-formats-vs.png?p=Ahome2Ameumer25AminhafarmaciaIappAwp-includesAjsAtinymce" "Mozilla/5.0 AppleWebKit/537.36 (KHTML, like Gecko; compatible; GPTBot/1.3; +https://openai.com/gptbot)" netodolele.com.br.meumercado.app 162.241.203.76
74.7.241.0 - - [10/Mar/2026:10:13:01 -0300] "GET /edit-post.min.js?p=Ahome2Ameumer25AmeupetIappAwp-includesAcssAdistAreusable-blocks HTTP/2.0" 200 27185 "https://www.netodolele.com.br.meumercado.app/edit-post.min.js?p=Ahome2Ameumer25AmeupetIappAwp-includesAcssAdist" "Mozilla/5.0 AppleWebKit/537.36 (KHTML, like Gecko; compatible; GPTBot/1.3; +https://openai.com/gptbot)" www.netodolele.com.br.meumercado.app 162.241.203.76
74.7.241.49 - - [10/Mar/2026:10:13:04 -0300] "GET /blog/man2-r62h8htuq4ajchlvxkcfolaexe4masu2g3oz51vjbc.jpg?p=Ahome2Ameumer25AwwwAwp-contentApluginsApagelayerAlibApquery HTTP/2.0" 200 28465 "https://netodolele.com.br/blog/man2-r62h8htuq4ajchlvxkcfolaexe4masu2g3oz51vjbc.jpg?p=Ahome2Ameumer25AwwwAwp-contentApluginsApagelayerAlib" "Mozilla/5.0 AppleWebKit/537.36 (KHTML, like Gecko; compatible; GPTBot/1.3; +https://openai.com/gptbot)" netodolele.com.br 162.241.203.76
74.7.241.0 - - [10/Mar/2026:10:13:05 -0300] "GET /post-formats-vs.png?p=Ahome2Ameumer25AmeupetIappAwp-includesAjsAdistAscript-modules HTTP/2.0" 200 26746 "https://www.netodolele.com.br.meumercado.app/post-formats-vs.png?p=Ahome2Ameumer25AmeupetIappAwp-includesAjsAdist" "Mozilla/5.0 AppleWebKit/537.36 (KHTML, like Gecko; compatible; GPTBot/1.3; +https://openai.com/gptbot)" www.netodolele.com.br.meumercado.app 162.241.203.76
74.7.241.49 - - [10/Mar/2026:10:13:07 -0300] "GET /blog/man2-r62h8htuq4ajchlvxkcfolaexe4masu2g3oz51vjbc.jpg?p=Ahome2Ameumer25AwwwAwp-includesAjsAtinymceApluginsAcharmap HTTP/2.0" 200 26763 "https://netodolele.com.br/blog/man2-r62h8htuq4ajchlvxkcfolaexe4masu2g3oz51vjbc.jpg?p=Ahome2Ameumer25AwwwAwp-includesAjsAtinymceAplugins" "Mozilla/5.0 AppleWebKit/537.36 (KHTML, like Gecko; compatible; GPTBot/1.3; +https://openai.com/gptbot)" netodolele.com.br 162.241.203.76
74.7.241.0 - - [10/Mar/2026:10:13:08 -0300] "GET /edit-post.min.js?p=Ahome2Ameumer25AmeupetIappAwp-includesAblocksAcomments-pagination-next HTTP/2.0" 200 26771 "https://www.netodolele.com.br.meumercado.app/edit-post.min.js?p=Ahome2Ameumer25AmeupetIappAwp-includesAblocks" "Mozilla/5.0 AppleWebKit/537.36 (KHTML, like Gecko; compatible; GPTBot/1.3; +https://openai.com/gptbot)" www.netodolele.com.br.meumercado.app 162.241.203.76
74.7.241.49 - - [10/Mar/2026:10:13:11 -0300] "GET /blog/man2-r62h8htuq4ajchlvxkcfolaexe4masu2g3oz51vjbc.jpg?p=Ahome2Ameumer25AwwwAwp-contentAthemesAastraAincAcustomizer HTTP/2.0" 200 29395 "https://netodolele.com.br/blog/man2-r62h8htuq4ajchlvxkcfolaexe4masu2g3oz51vjbc.jpg?p=Ahome2Ameumer25AwwwAwp-contentAthemesAastraAinc" "Mozilla/5.0 AppleWebKit/537.36 (KHTML, like Gecko; compatible; GPTBot/1.3; +https://openai.com/gptbot)" netodolele.com.br 162.241.203.76
74.7.241.0 - - [10/Mar/2026:10:13:11 -0300] "GET /post-formats-vs.png?p=Ahome2Ameumer25AmeupetIappAwp-includesASimplePieAlibrary HTTP/2.0" 200 26951 "https://www.netodolele.com.br.meumercado.app/post-formats-vs.png?p=Ahome2Ameumer25AmeupetIappAwp-includesASimplePie" "Mozilla/5.0 AppleWebKit/537.36 (KHTML, like Gecko; compatible; GPTBot/1.3; +https://openai.com/gptbot)" www.netodolele.com.br.meumercado.app 162.241.203.76
74.7.241.49 - - [10/Mar/2026:10:13:14 -0300] "GET /blog/man2-r62h8htuq4ajchlvxkcfolaexe4masu2g3oz51vjbc.jpg?p=Ahome2Ameumer25AwwwAwp-includesAjsAtinymceApluginsAimage HTTP/2.0" 200 26759 "https://netodolele.com.br/blog/man2-r62h8htuq4ajchlvxkcfolaexe4masu2g3oz51vjbc.jpg?p=Ahome2Ameumer25AwwwAwp-includesAjsAtinymceAplugins" "Mozilla/5.0 AppleWebKit/537.36 (KHTML, like Gecko; compatible; GPTBot/1.3; +https://openai.com/gptbot)" netodolele.com.br 162.241.203.76
74.7.241.0 - - [10/Mar/2026:10:13:14 -0300] "GET /post-formats-vs.png?p=Ahome2Ameumer25AmeupetIappAwp-includesARequestsAlibrary HTTP/2.0" 200 26736 "https://www.netodolele.com.br.meumercado.app/post-formats-vs.png?p=Ahome2Ameumer25AmeupetIappAwp-includesARequests" "Mozilla/5.0 AppleWebKit/537.36 (KHTML, like Gecko; compatible; GPTBot/1.3; +https://openai.com/gptbot)" www.netodolele.com.br.meumercado.app 162.241.203.76
