74.7.227.186 - - [10/Mar/2026:10:58:33 -0300] "GET /awstats102024.painelshopsuaboaforma.meumercado.app.txt HTTP/2.0" 200 27099 "https://netodolele.com.br.meumercado.app/post.js?p=Ahome2Ameumer25AtmpAawstats" "Mozilla/5.0 AppleWebKit/537.36 (KHTML, like Gecko; compatible; GPTBot/1.3; +https://openai.com/gptbot)" netodolele.com.br.meumercado.app 162.241.203.76
74.7.241.0 - - [10/Mar/2026:10:58:36 -0300] "GET /post-formats-vs.png?p=Ahome2Ameumer25AwwwAwp-includesAjsAtinymceApluginsAwptextpattern HTTP/2.0" 200 26810 "https://www.netodolele.com.br.meumercado.app/post-formats-vs.png?p=Ahome2Ameumer25AwwwAwp-includesAjsAtinymceAplugins" "Mozilla/5.0 AppleWebKit/537.36 (KHTML, like Gecko; compatible; GPTBot/1.3; +https://openai.com/gptbot)" www.netodolele.com.br.meumercado.app 162.241.203.76
74.7.241.0 - - [10/Mar/2026:10:58:40 -0300] "GET /post-formats-vs.png?p=Ahome2Ameumer25AwwwAwp-includesAjsAtinymceApluginsAwpeditimage HTTP/2.0" 200 26802 "https://www.netodolele.com.br.meumercado.app/post-formats-vs.png?p=Ahome2Ameumer25AwwwAwp-includesAjsAtinymceAplugins" "Mozilla/5.0 AppleWebKit/537.36 (KHTML, like Gecko; compatible; GPTBot/1.3; +https://openai.com/gptbot)" www.netodolele.com.br.meumercado.app 162.241.203.76
74.7.241.0 - - [10/Mar/2026:10:58:43 -0300] "GET /post-formats-vs.png?p=Ahome2Ameumer25AwwwAwp-includesAjsAtinymceApluginsAwpautoresize HTTP/2.0" 200 26803 "https://www.netodolele.com.br.meumercado.app/post-formats-vs.png?p=Ahome2Ameumer25AwwwAwp-includesAjsAtinymceAplugins" "Mozilla/5.0 AppleWebKit/537.36 (KHTML, like Gecko; compatible; GPTBot/1.3; +https://openai.com/gptbot)" www.netodolele.com.br.meumercado.app 162.241.203.76
74.7.241.49 - - [10/Mar/2026:10:58:45 -0300] "GET /blog/man2-r62h8htuq4ajchlvxkcfolaexe4masu2g3oz51vjbc.jpg?edit=block.json&p=Ahome2Ameumer25AnetodoleleIcomIbrAwp-includesAblocksApost-time-to-read HTTP/2.0" 200 26760 "https://netodolele.com.br/blog/man2-r62h8htuq4ajchlvxkcfolaexe4masu2g3oz51vjbc.jpg?p=Ahome2Ameumer25AnetodoleleIcomIbrAwp-includesAblocksApost-time-to-read" "Mozilla/5.0 AppleWebKit/537.36 (KHTML, like Gecko; compatible; GPTBot/1.3; +https://openai.com/gptbot)" netodolele.com.br 162.241.203.76
74.7.227.186 - - [10/Mar/2026:10:58:46 -0300] "GET /awstats112024.painelshopsuaboaforma.meumercado.app.txt HTTP/1.1" 200 27099 "https://netodolele.com.br.meumercado.app/post.js?p=Ahome2Ameumer25AtmpAawstats" "Mozilla/5.0 AppleWebKit/537.36 (KHTML, like Gecko; compatible; GPTBot/1.3; +https://openai.com/gptbot)" netodolele.com.br.meumercado.app 162.241.203.76
74.7.227.186 - - [10/Mar/2026:10:58:45 -0300] "GET /awstats112024.painelshopsuaboaforma.meumercado.app.txt HTTP/2.0" 200 27099 "https://netodolele.com.br.meumercado.app/post.js?p=Ahome2Ameumer25AtmpAawstats" "Mozilla/5.0 AppleWebKit/537.36 (KHTML, like Gecko; compatible; GPTBot/1.3; +https://openai.com/gptbot)" netodolele.com.br.meumercado.app 162.241.203.76
74.7.241.0 - - [10/Mar/2026:10:58:46 -0300] "GET /post-formats-vs.png?p=Ahome2Ameumer25AwwwAwp-includesAsodium_compatAsrcACoreAPoly1305 HTTP/2.0" 200 26707 "https://www.netodolele.com.br.meumercado.app/post-formats-vs.png?p=Ahome2Ameumer25AwwwAwp-includesAsodium_compatAsrcACore" "Mozilla/5.0 AppleWebKit/537.36 (KHTML, like Gecko; compatible; GPTBot/1.3; +https://openai.com/gptbot)" www.netodolele.com.br.meumercado.app 162.241.203.76
74.7.241.0 - - [10/Mar/2026:10:58:50 -0300] "GET /post-formats-vs.png?p=Ahome2Ameumer25AwwwAwp-includesAsodium_compatAnamespacedACoreACurve25519 HTTP/2.0" 200 26921 "https://www.netodolele.com.br.meumercado.app/post-formats-vs.png?p=Ahome2Ameumer25AwwwAwp-includesAsodium_compatAnamespacedACore" "Mozilla/5.0 AppleWebKit/537.36 (KHTML, like Gecko; compatible; GPTBot/1.3; +https://openai.com/gptbot)" www.netodolele.com.br.meumercado.app 162.241.203.76
74.7.241.0 - - [10/Mar/2026:10:58:53 -0300] "GET /post-formats-vs.png?p=Ahome2Ameumer25AwwwAwp-includesAcssAdistAlist-reusable-blocks HTTP/2.0" 200 27180 "https://www.netodolele.com.br.meumercado.app/post-formats-vs.png?p=Ahome2Ameumer25AwwwAwp-includesAcssAdist" "Mozilla/5.0 AppleWebKit/537.36 (KHTML, like Gecko; compatible; GPTBot/1.3; +https://openai.com/gptbot)" www.netodolele.com.br.meumercado.app 162.241.203.76
74.7.241.0 - - [10/Mar/2026:10:58:56 -0300] "GET /post-formats-vs.png?p=Ahome2Ameumer25AwwwAwp-includesAcssAdistAblock-editor HTTP/2.0" 200 28787 "https://www.netodolele.com.br.meumercado.app/post-formats-vs.png?p=Ahome2Ameumer25AwwwAwp-includesAcssAdist" "Mozilla/5.0 AppleWebKit/537.36 (KHTML, like Gecko; compatible; GPTBot/1.3; +https://openai.com/gptbot)" www.netodolele.com.br.meumercado.app 162.241.203.76
74.7.227.186 - - [10/Mar/2026:10:58:56 -0300] "GET /awstats032024.painelshopsuaboaforma.meumercado.app.txt HTTP/1.1" 200 27099 "https://netodolele.com.br.meumercado.app/post.js?p=Ahome2Ameumer25AtmpAawstats" "Mozilla/5.0 AppleWebKit/537.36 (KHTML, like Gecko; compatible; GPTBot/1.3; +https://openai.com/gptbot)" netodolele.com.br.meumercado.app 162.241.203.76
74.7.227.186 - - [10/Mar/2026:10:58:56 -0300] "GET /awstats032024.painelshopsuaboaforma.meumercado.app.txt HTTP/2.0" 200 27099 "https://netodolele.com.br.meumercado.app/post.js?p=Ahome2Ameumer25AtmpAawstats" "Mozilla/5.0 AppleWebKit/537.36 (KHTML, like Gecko; compatible; GPTBot/1.3; +https://openai.com/gptbot)" netodolele.com.br.meumercado.app 162.241.203.76
74.7.241.0 - - [10/Mar/2026:10:58:59 -0300] "GET /post-formats-vs.png?p=Ahome2Ameumer25AwwwAwp-includesAblocksAcomments-title HTTP/2.0" 200 27254 "https://www.netodolele.com.br.meumercado.app/post-formats-vs.png?p=Ahome2Ameumer25AwwwAwp-includesAblocks" "Mozilla/5.0 AppleWebKit/537.36 (KHTML, like Gecko; compatible; GPTBot/1.3; +https://openai.com/gptbot)" www.netodolele.com.br.meumercado.app 162.241.203.76
74.7.241.0 - - [10/Mar/2026:10:59:02 -0300] "GET /post-formats-vs.png?p=Ahome2Ameumer25AwwwAwp-includesAblocksApost-template HTTP/2.0" 200 27052 "https://www.netodolele.com.br.meumercado.app/post-formats-vs.png?p=Ahome2Ameumer25AwwwAwp-includesAblocks" "Mozilla/5.0 AppleWebKit/537.36 (KHTML, like Gecko; compatible; GPTBot/1.3; +https://openai.com/gptbot)" www.netodolele.com.br.meumercado.app 162.241.203.76
74.7.241.0 - - [10/Mar/2026:10:59:05 -0300] "GET /post-formats-vs.png?p=Ahome2Ameumer25AwwwAwp-includesAblocksAcomment-reply-link HTTP/2.0" 200 27217 "https://www.netodolele.com.br.meumercado.app/post-formats-vs.png?p=Ahome2Ameumer25AwwwAwp-includesAblocks" "Mozilla/5.0 AppleWebKit/537.36 (KHTML, like Gecko; compatible; GPTBot/1.3; +https://openai.com/gptbot)" www.netodolele.com.br.meumercado.app 162.241.203.76
74.7.227.186 - - [10/Mar/2026:10:59:06 -0300] "GET /awstats052023.painelshopsuaboaforma.meumercado.app.txt HTTP/1.1" 200 27099 "https://netodolele.com.br.meumercado.app/post.js?p=Ahome2Ameumer25AtmpAawstats" "Mozilla/5.0 AppleWebKit/537.36 (KHTML, like Gecko; compatible; GPTBot/1.3; +https://openai.com/gptbot)" netodolele.com.br.meumercado.app 162.241.203.76
74.7.227.186 - - [10/Mar/2026:10:59:06 -0300] "GET /awstats052023.painelshopsuaboaforma.meumercado.app.txt HTTP/2.0" 200 27099 "https://netodolele.com.br.meumercado.app/post.js?p=Ahome2Ameumer25AtmpAawstats" "Mozilla/5.0 AppleWebKit/537.36 (KHTML, like Gecko; compatible; GPTBot/1.3; +https://openai.com/gptbot)" netodolele.com.br.meumercado.app 162.241.203.76
74.7.241.0 - - [10/Mar/2026:10:59:08 -0300] "GET /post-formats-vs.png?p=Ahome2Ameumer25AwwwAwp-includesAblocksAcomment-edit-link HTTP/2.0" 200 27207 "https://www.netodolele.com.br.meumercado.app/post-formats-vs.png?p=Ahome2Ameumer25AwwwAwp-includesAblocks" "Mozilla/5.0 AppleWebKit/537.36 (KHTML, like Gecko; compatible; GPTBot/1.3; +https://openai.com/gptbot)" www.netodolele.com.br.meumercado.app 162.241.203.76
74.7.241.0 - - [10/Mar/2026:10:59:12 -0300] "GET /post-formats-vs.png?p=Ahome2Ameumer25AwwwAwp-includesAblocksAquery-no-results HTTP/2.0" 200 26695 "https://www.netodolele.com.br.meumercado.app/post-formats-vs.png?p=Ahome2Ameumer25AwwwAwp-includesAblocks" "Mozilla/5.0 AppleWebKit/537.36 (KHTML, like Gecko; compatible; GPTBot/1.3; +https://openai.com/gptbot)" www.netodolele.com.br.meumercado.app 162.241.203.76
74.7.227.186 - - [10/Mar/2026:10:59:14 -0300] "GET /awstats012025.painelshopsuaboaforma.meumercado.app.txt HTTP/1.1" 200 27099 "https://netodolele.com.br.meumercado.app/post.js?p=Ahome2Ameumer25AtmpAawstats" "Mozilla/5.0 AppleWebKit/537.36 (KHTML, like Gecko; compatible; GPTBot/1.3; +https://openai.com/gptbot)" netodolele.com.br.meumercado.app 162.241.203.76
74.7.227.186 - - [10/Mar/2026:10:59:14 -0300] "GET /awstats012025.painelshopsuaboaforma.meumercado.app.txt HTTP/2.0" 200 27099 "https://netodolele.com.br.meumercado.app/post.js?p=Ahome2Ameumer25AtmpAawstats" "Mozilla/5.0 AppleWebKit/537.36 (KHTML, like Gecko; compatible; GPTBot/1.3; +https://openai.com/gptbot)" netodolele.com.br.meumercado.app 162.241.203.76
74.7.241.0 - - [10/Mar/2026:10:59:15 -0300] "GET /post-formats-vs.png?p=Ahome2Ameumer25AwwwAwp-includesAsodium_compatAsrcACoreABase64 HTTP/2.0" 200 104 "https://www.netodolele.com.br.meumercado.app/post-formats-vs.png?p=Ahome2Ameumer25AwwwAwp-includesAsodium_compatAsrcACore" "Mozilla/5.0 AppleWebKit/537.36 (KHTML, like Gecko; compatible; GPTBot/1.3; +https://openai.com/gptbot)" www.netodolele.com.br.meumercado.app 162.241.203.76
74.7.241.0 - - [10/Mar/2026:10:59:18 -0300] "GET /post-formats-vs.png?edit=revision.php&p=Ahome2Ameumer25AwwwAwp-includes HTTP/2.0" 409 83 "https://www.netodolele.com.br.meumercado.app/post-formats-vs.png?p=Ahome2Ameumer25AwwwAwp-includes" "Mozilla/5.0 AppleWebKit/537.36 (KHTML, like Gecko; compatible; GPTBot/1.3; +https://openai.com/gptbot)" www.netodolele.com.br.meumercado.app 162.241.203.76
74.7.241.49 - - [10/Mar/2026:10:59:19 -0300] "GET /blog/man2-r62h8htuq4ajchlvxkcfolaexe4masu2g3oz51vjbc.jpg?edit=51.php&p=Ahome2Ameumer25AnetodoleleIcomIbrAwp-includesAblocksApost-time-to-read HTTP/2.0" 409 83 "https://netodolele.com.br/blog/man2-r62h8htuq4ajchlvxkcfolaexe4masu2g3oz51vjbc.jpg?p=Ahome2Ameumer25AnetodoleleIcomIbrAwp-includesAblocksApost-time-to-read" "Mozilla/5.0 AppleWebKit/537.36 (KHTML, like Gecko; compatible; GPTBot/1.3; +https://openai.com/gptbot)" netodolele.com.br 162.241.203.76
74.7.241.0 - - [10/Mar/2026:10:59:21 -0300] "GET /post-formats-vs.png?p=Ahome2Ameumer25AwwwAwp-includesAjsAdistAscript-modulesAa11y HTTP/2.0" 200 26721 "https://www.netodolele.com.br.meumercado.app/post-formats-vs.png?p=Ahome2Ameumer25AwwwAwp-includesAjsAdistAscript-modules" "Mozilla/5.0 AppleWebKit/537.36 (KHTML, like Gecko; compatible; GPTBot/1.3; +https://openai.com/gptbot)" www.netodolele.com.br.meumercado.app 162.241.203.76
74.7.227.186 - - [10/Mar/2026:10:59:23 -0300] "GET /awstats042023.painelshopsuaboaforma.meumercado.app.txt HTTP/1.1" 200 27099 "https://netodolele.com.br.meumercado.app/post.js?p=Ahome2Ameumer25AtmpAawstats" "Mozilla/5.0 AppleWebKit/537.36 (KHTML, like Gecko; compatible; GPTBot/1.3; +https://openai.com/gptbot)" netodolele.com.br.meumercado.app 162.241.203.76
74.7.227.186 - - [10/Mar/2026:10:59:23 -0300] "GET /awstats042023.painelshopsuaboaforma.meumercado.app.txt HTTP/2.0" 200 27099 "https://netodolele.com.br.meumercado.app/post.js?p=Ahome2Ameumer25AtmpAawstats" "Mozilla/5.0 AppleWebKit/537.36 (KHTML, like Gecko; compatible; GPTBot/1.3; +https://openai.com/gptbot)" netodolele.com.br.meumercado.app 162.241.203.76
74.7.227.186 - - [10/Mar/2026:10:59:30 -0300] "GET /awstats112023.painelshopsuaboaforma.meumercado.app.txt HTTP/1.1" 200 27099 "https://netodolele.com.br.meumercado.app/post.js?p=Ahome2Ameumer25AtmpAawstats" "Mozilla/5.0 AppleWebKit/537.36 (KHTML, like Gecko; compatible; GPTBot/1.3; +https://openai.com/gptbot)" netodolele.com.br.meumercado.app 162.241.203.76
74.7.227.186 - - [10/Mar/2026:10:59:30 -0300] "GET /awstats112023.painelshopsuaboaforma.meumercado.app.txt HTTP/2.0" 200 27099 "https://netodolele.com.br.meumercado.app/post.js?p=Ahome2Ameumer25AtmpAawstats" "Mozilla/5.0 AppleWebKit/537.36 (KHTML, like Gecko; compatible; GPTBot/1.3; +https://openai.com/gptbot)" netodolele.com.br.meumercado.app 162.241.203.76
74.7.241.0 - - [10/Mar/2026:10:59:31 -0300] "GET /post-formats-vs.png?p=Ahome2Ameumer25AwwwAwp-includesAsodium_compatAsrcACoreAChaCha20 HTTP/2.0" 200 26733 "https://www.netodolele.com.br.meumercado.app/post-formats-vs.png?p=Ahome2Ameumer25AwwwAwp-includesAsodium_compatAsrcACore" "Mozilla/5.0 AppleWebKit/537.36 (KHTML, like Gecko; compatible; GPTBot/1.3; +https://openai.com/gptbot)" www.netodolele.com.br.meumercado.app 162.241.203.76
162.241.203.76 - - [10/Mar/2026:10:59:37 -0300] "POST /wp-cron.php?doing_wp_cron=1773151177.3550040721893310546875 HTTP/1.1" 200 - "-" "WordPress/6.9.1; https://netodolele.com.br" netodolele.com.br 162.241.203.76
74.7.227.186 - - [10/Mar/2026:10:59:37 -0300] "GET /awstats032025.painelshopsuaboaforma.meumercado.app.txt HTTP/1.1" 200 27099 "https://netodolele.com.br.meumercado.app/post.js?p=Ahome2Ameumer25AtmpAawstats" "Mozilla/5.0 AppleWebKit/537.36 (KHTML, like Gecko; compatible; GPTBot/1.3; +https://openai.com/gptbot)" netodolele.com.br.meumercado.app 162.241.203.76
74.7.227.186 - - [10/Mar/2026:10:59:37 -0300] "GET /awstats032025.painelshopsuaboaforma.meumercado.app.txt HTTP/2.0" 200 27099 "https://netodolele.com.br.meumercado.app/post.js?p=Ahome2Ameumer25AtmpAawstats" "Mozilla/5.0 AppleWebKit/537.36 (KHTML, like Gecko; compatible; GPTBot/1.3; +https://openai.com/gptbot)" netodolele.com.br.meumercado.app 162.241.203.76
74.7.241.0 - - [10/Mar/2026:10:59:40 -0300] "GET /post-formats-vs.png?edit=class-wp-ajax-response.php&p=Ahome2Ameumer25AwwwAwp-includes HTTP/2.0" 409 83 "https://www.netodolele.com.br.meumercado.app/post-formats-vs.png?p=Ahome2Ameumer25AwwwAwp-includes" "Mozilla/5.0 AppleWebKit/537.36 (KHTML, like Gecko; compatible; GPTBot/1.3; +https://openai.com/gptbot)" www.netodolele.com.br.meumercado.app 162.241.203.76
74.7.227.186 - - [10/Mar/2026:10:59:43 -0300] "GET /inline-edit-post.js?p=Ahome2Ameumer25ApainelestilopetshopImeupetIappAvendorAriverlineAmultipart-parser HTTP/2.0" 200 27252 "https://netodolele.com.br.meumercado.app/inline-edit-post.js?p=Ahome2Ameumer25ApainelestilopetshopImeupetIappAvendorAriverline" "Mozilla/5.0 AppleWebKit/537.36 (KHTML, like Gecko; compatible; GPTBot/1.3; +https://openai.com/gptbot)" netodolele.com.br.meumercado.app 162.241.203.76
74.7.241.0 - - [10/Mar/2026:10:59:48 -0300] "GET /post-formats-vs.png?p=Ahome2Ameumer25AwwwAwp-includesASimplePieAlibraryASimplePieANet HTTP/2.0" 200 26689 "https://www.netodolele.com.br.meumercado.app/post-formats-vs.png?p=Ahome2Ameumer25AwwwAwp-includesASimplePieAlibraryASimplePie" "Mozilla/5.0 AppleWebKit/537.36 (KHTML, like Gecko; compatible; GPTBot/1.3; +https://openai.com/gptbot)" www.netodolele.com.br.meumercado.app 162.241.203.76
74.7.227.186 - - [10/Mar/2026:10:59:48 -0300] "GET /inline-edit-post.min.js?p=Ahome2Ameumer25AnetodoleleIcomIbrAwp-includesAblocksAnavigation-submenu HTTP/2.0" 200 27758 "https://netodolele.com.br.meumercado.app/inline-edit-post.min.js?p=Ahome2Ameumer25AnetodoleleIcomIbrAwp-includesAblocks" "Mozilla/5.0 AppleWebKit/537.36 (KHTML, like Gecko; compatible; GPTBot/1.3; +https://openai.com/gptbot)" netodolele.com.br.meumercado.app 162.241.203.76
74.7.241.49 - - [10/Mar/2026:10:59:49 -0300] "GET /blog/man2-r62h8htuq4ajchlvxkcfolaexe4masu2g3oz51vjbc.jpg?edit=51.php&p=Ahome2Ameumer25AminhafarmaciaIappAwp-includesAblocksApost-time-to-read HTTP/2.0" 409 83 "https://netodolele.com.br/blog/man2-r62h8htuq4ajchlvxkcfolaexe4masu2g3oz51vjbc.jpg?p=Ahome2Ameumer25AminhafarmaciaIappAwp-includesAblocksApost-time-to-read" "Mozilla/5.0 AppleWebKit/537.36 (KHTML, like Gecko; compatible; GPTBot/1.3; +https://openai.com/gptbot)" netodolele.com.br 162.241.203.76
74.7.227.186 - - [10/Mar/2026:10:59:53 -0300] "GET /inline-edit-post.min.js?p=Ahome2Ameumer25AnetodoleleIcomIbrAwp-includesAblocksAaccordion-heading HTTP/2.0" 200 27638 "https://netodolele.com.br.meumercado.app/inline-edit-post.min.js?p=Ahome2Ameumer25AnetodoleleIcomIbrAwp-includesAblocks" "Mozilla/5.0 AppleWebKit/537.36 (KHTML, like Gecko; compatible; GPTBot/1.3; +https://openai.com/gptbot)" netodolele.com.br.meumercado.app 162.241.203.76
74.7.227.186 - - [10/Mar/2026:10:59:57 -0300] "GET /inline-edit-post.min.js?p=Ahome2Ameumer25AmeupetIappAwp-includesAjsAdistAscript-modulesAblock-library HTTP/2.0" 200 26826 "https://netodolele.com.br.meumercado.app/inline-edit-post.min.js?p=Ahome2Ameumer25AmeupetIappAwp-includesAjsAdistAscript-modules" "Mozilla/5.0 AppleWebKit/537.36 (KHTML, like Gecko; compatible; GPTBot/1.3; +https://openai.com/gptbot)" netodolele.com.br.meumercado.app 162.241.203.76
74.7.227.186 - - [10/Mar/2026:11:00:01 -0300] "GET /inline-edit-post.min.js?p=Ahome2Ameumer25AnetodoleleIcomIbrAwp-includesAblocksApost-navigation-link HTTP/2.0" 200 27696 "https://netodolele.com.br.meumercado.app/inline-edit-post.min.js?p=Ahome2Ameumer25AnetodoleleIcomIbrAwp-includesAblocks" "Mozilla/5.0 AppleWebKit/537.36 (KHTML, like Gecko; compatible; GPTBot/1.3; +https://openai.com/gptbot)" netodolele.com.br.meumercado.app 162.241.203.76
74.7.227.186 - - [10/Mar/2026:11:00:04 -0300] "GET /awstats032024.painelshopsuaboaforma.meumercado.app.txt?edit=endurance-page-cache.php&p=Ahome2Ameumer25AnetodoleleIcomIbrAwp-contentAmu-plugins HTTP/2.0" 409 83 "https://netodolele.com.br.meumercado.app/awstats032024.painelshopsuaboaforma.meumercado.app.txt" "Mozilla/5.0 AppleWebKit/537.36 (KHTML, like Gecko; compatible; GPTBot/1.3; +https://openai.com/gptbot)" netodolele.com.br.meumercado.app 162.241.203.76
74.7.227.186 - - [10/Mar/2026:11:00:07 -0300] "GET /inline-edit-post.min.js?p=Ahome2Ameumer25AnetodoleleIcomIbrAwp-includesAblocksApost-featured-image HTTP/2.0" 200 28620 "https://netodolele.com.br.meumercado.app/inline-edit-post.min.js?p=Ahome2Ameumer25AnetodoleleIcomIbrAwp-includesAblocks" "Mozilla/5.0 AppleWebKit/537.36 (KHTML, like Gecko; compatible; GPTBot/1.3; +https://openai.com/gptbot)" netodolele.com.br.meumercado.app 162.241.203.76
74.7.241.0 - - [10/Mar/2026:11:00:11 -0300] "GET /37ca4677ee97ddcb112f22d086b92721fd578c HTTP/1.1" 200 27129 "https://www.netodolele.com.br.meumercado.app/edit-post.min.js?p=Ahome2Ameumer25AapiImeumercadoIappAIgitAobjectsA65" "Mozilla/5.0 AppleWebKit/537.36 (KHTML, like Gecko; compatible; GPTBot/1.3; +https://openai.com/gptbot)" www.netodolele.com.br.meumercado.app 162.241.203.76
74.7.241.0 - - [10/Mar/2026:11:00:11 -0300] "GET /37ca4677ee97ddcb112f22d086b92721fd578c HTTP/2.0" 200 27129 "https://www.netodolele.com.br.meumercado.app/edit-post.min.js?p=Ahome2Ameumer25AapiImeumercadoIappAIgitAobjectsA65" "Mozilla/5.0 AppleWebKit/537.36 (KHTML, like Gecko; compatible; GPTBot/1.3; +https://openai.com/gptbot)" www.netodolele.com.br.meumercado.app 162.241.203.76
74.7.227.186 - - [10/Mar/2026:11:00:17 -0300] "GET /inline-edit-post.min.js?p=Ahome2Ameumer25AestilopetshopImeupetIappAassetsApackagesAflutter_google_placesAassets HTTP/2.0" 200 26947 "https://netodolele.com.br.meumercado.app/inline-edit-post.min.js?p=Ahome2Ameumer25AestilopetshopImeupetIappAassetsApackagesAflutter_google_places" "Mozilla/5.0 AppleWebKit/537.36 (KHTML, like Gecko; compatible; GPTBot/1.3; +https://openai.com/gptbot)" netodolele.com.br.meumercado.app 162.241.203.76
74.7.227.186 - - [10/Mar/2026:11:00:26 -0300] "GET /post-update.sample?p=Ahome2Ameumer25AmeupetIappAwp-includesAblocksAcomment-date HTTP/2.0" 200 27294 "https://netodolele.com.br.meumercado.app/post-update.sample?p=Ahome2Ameumer25AmeupetIappAwp-includesAblocks" "Mozilla/5.0 AppleWebKit/537.36 (KHTML, like Gecko; compatible; GPTBot/1.3; +https://openai.com/gptbot)" netodolele.com.br.meumercado.app 162.241.203.76
74.7.227.186 - - [10/Mar/2026:11:00:26 -0300] "GET /post-update.sample?p=Ahome2Ameumer25AmeupetIappAwp-includesAblocksAcomment-date HTTP/1.1" 200 27294 "https://netodolele.com.br.meumercado.app/post-update.sample?p=Ahome2Ameumer25AmeupetIappAwp-includesAblocks" "Mozilla/5.0 AppleWebKit/537.36 (KHTML, like Gecko; compatible; GPTBot/1.3; +https://openai.com/gptbot)" netodolele.com.br.meumercado.app 162.241.203.76
74.7.241.0 - - [10/Mar/2026:11:00:32 -0300] "GET /b82501810fa24a5ac7416f19c89e563d5b0ade HTTP/1.1" 200 27129 "https://www.netodolele.com.br.meumercado.app/edit-post.min.js?p=Ahome2Ameumer25AapiImeumercadoIappAIgitAobjectsA06" "Mozilla/5.0 AppleWebKit/537.36 (KHTML, like Gecko; compatible; GPTBot/1.3; +https://openai.com/gptbot)" www.netodolele.com.br.meumercado.app 162.241.203.76
74.7.241.0 - - [10/Mar/2026:11:00:32 -0300] "GET /b82501810fa24a5ac7416f19c89e563d5b0ade HTTP/2.0" 200 27129 "https://www.netodolele.com.br.meumercado.app/edit-post.min.js?p=Ahome2Ameumer25AapiImeumercadoIappAIgitAobjectsA06" "Mozilla/5.0 AppleWebKit/537.36 (KHTML, like Gecko; compatible; GPTBot/1.3; +https://openai.com/gptbot)" www.netodolele.com.br.meumercado.app 162.241.203.76
74.7.227.186 - - [10/Mar/2026:11:00:34 -0300] "GET /post-update.sample?p=Ahome2Ameumer25AmeupetIappAwp-includesAblocksAlatest-posts HTTP/1.1" 200 28044 "https://netodolele.com.br.meumercado.app/post-update.sample?p=Ahome2Ameumer25AmeupetIappAwp-includesAblocks" "Mozilla/5.0 AppleWebKit/537.36 (KHTML, like Gecko; compatible; GPTBot/1.3; +https://openai.com/gptbot)" netodolele.com.br.meumercado.app 162.241.203.76
74.7.227.186 - - [10/Mar/2026:11:00:34 -0300] "GET /post-update.sample?p=Ahome2Ameumer25AmeupetIappAwp-includesAblocksAlatest-posts HTTP/2.0" 200 28044 "https://netodolele.com.br.meumercado.app/post-update.sample?p=Ahome2Ameumer25AmeupetIappAwp-includesAblocks" "Mozilla/5.0 AppleWebKit/537.36 (KHTML, like Gecko; compatible; GPTBot/1.3; +https://openai.com/gptbot)" netodolele.com.br.meumercado.app 162.241.203.76
162.241.203.76 - - [10/Mar/2026:11:00:41 -0300] "POST /wp-cron.php?doing_wp_cron=1773151241.1702051162719726562500 HTTP/1.1" 200 - "-" "WordPress/6.9.1; https://netodolele.com.br" netodolele.com.br 162.241.203.76
74.7.227.186 - - [10/Mar/2026:11:00:40 -0300] "GET /inline-edit-post.min.js?p=Ahome2Ameumer25AnetodoleleIcomIbrAwp-includesAblocksAhome-link HTTP/2.0" 200 26760 "https://netodolele.com.br.meumercado.app/inline-edit-post.min.js?p=Ahome2Ameumer25AnetodoleleIcomIbrAwp-includesAblocks" "Mozilla/5.0 AppleWebKit/537.36 (KHTML, like Gecko; compatible; GPTBot/1.3; +https://openai.com/gptbot)" netodolele.com.br.meumercado.app 162.241.203.76
74.7.227.186 - - [10/Mar/2026:11:00:46 -0300] "GET /inline-edit-post.min.js?p=Ahome2Ameumer25ArioalimentosImeumercadoIappAIwell-known HTTP/2.0" 200 26743 "https://netodolele.com.br.meumercado.app/inline-edit-post.min.js?p=Ahome2Ameumer25ArioalimentosImeumercadoIapp" "Mozilla/5.0 AppleWebKit/537.36 (KHTML, like Gecko; compatible; GPTBot/1.3; +https://openai.com/gptbot)" netodolele.com.br.meumercado.app 162.241.203.76
74.7.241.49 - - [10/Mar/2026:11:00:49 -0300] "GET /blog/man2-r62h8htuq4ajchlvxkcfolaexe4masu2g3oz51vjbc.jpg?p=Ahome2Ameumer25AminhafarmaciaIappAwp-includesAblocksAcomments-pagination-previous HTTP/2.0" 200 26859 "https://netodolele.com.br/blog/man2-r62h8htuq4ajchlvxkcfolaexe4masu2g3oz51vjbc.jpg?p=Ahome2Ameumer25AminhafarmaciaIappAwp-includesAblocks" "Mozilla/5.0 AppleWebKit/537.36 (KHTML, like Gecko; compatible; GPTBot/1.3; +https://openai.com/gptbot)" netodolele.com.br 162.241.203.76
74.7.241.0 - - [10/Mar/2026:11:00:51 -0300] "GET /inline-edit-post.min.js?p=Ahome2Ameumer25AapiImeumercadoIappAresourcesAviewsAbranch-viewsAorderApartials HTTP/2.0" 200 26718 "https://www.netodolele.com.br.meumercado.app/inline-edit-post.min.js?p=Ahome2Ameumer25AapiImeumercadoIappAresourcesAviewsAbranch-viewsAorder" "Mozilla/5.0 AppleWebKit/537.36 (KHTML, like Gecko; compatible; GPTBot/1.3; +https://openai.com/gptbot)" www.netodolele.com.br.meumercado.app 162.241.203.76
74.7.227.186 - - [10/Mar/2026:11:00:52 -0300] "GET /inline-edit-post.min.js?p=Ahome2Ameumer25AmmImeumercadoIappAIwell-knownAacme-challenge HTTP/2.0" 200 26695 "https://netodolele.com.br.meumercado.app/inline-edit-post.min.js?p=Ahome2Ameumer25AmmImeumercadoIappAIwell-known" "Mozilla/5.0 AppleWebKit/537.36 (KHTML, like Gecko; compatible; GPTBot/1.3; +https://openai.com/gptbot)" netodolele.com.br.meumercado.app 162.241.203.76
74.7.227.186 - - [10/Mar/2026:11:00:57 -0300] "GET /inline-edit-post.min.js?edit=.htaccess&p=Ahome2Ameumer25AnetodoleleIcomIbrAwp-includesAblocksAaccordion-heading HTTP/2.0" 200 26258 "https://netodolele.com.br.meumercado.app/inline-edit-post.min.js?p=Ahome2Ameumer25AnetodoleleIcomIbrAwp-includesAblocksAaccordion-heading" "Mozilla/5.0 AppleWebKit/537.36 (KHTML, like Gecko; compatible; GPTBot/1.3; +https://openai.com/gptbot)" netodolele.com.br.meumercado.app 162.241.203.76
74.7.227.186 - - [10/Mar/2026:11:01:01 -0300] "GET /inline-edit-post.min.js?p=Ahome2Ameumer25AmeupetIappAwp-includesAjsAdistAscript-modulesAblock-libraryAfile HTTP/2.0" 200 27010 "https://netodolele.com.br.meumercado.app/inline-edit-post.min.js?p=Ahome2Ameumer25AmeupetIappAwp-includesAjsAdistAscript-modulesAblock-library" "Mozilla/5.0 AppleWebKit/537.36 (KHTML, like Gecko; compatible; GPTBot/1.3; +https://openai.com/gptbot)" netodolele.com.br.meumercado.app 162.241.203.76
74.7.227.186 - - [10/Mar/2026:11:01:05 -0300] "GET /inline-edit-post.min.js?p=Ahome2Ameumer25AmeupetIappAwp-includesAjsAdistAscript-modulesAblock-libraryAnavigation HTTP/2.0" 200 26977 "https://netodolele.com.br.meumercado.app/inline-edit-post.min.js?p=Ahome2Ameumer25AmeupetIappAwp-includesAjsAdistAscript-modulesAblock-library" "Mozilla/5.0 AppleWebKit/537.36 (KHTML, like Gecko; compatible; GPTBot/1.3; +https://openai.com/gptbot)" netodolele.com.br.meumercado.app 162.241.203.76
74.7.241.0 - - [10/Mar/2026:11:01:08 -0300] "GET /post-formats-vs.png?p=Ahome2Ameumer25AapiImeumercadoIappAresourcesAviewsAadmin-viewsAbusiness-settings HTTP/2.0" 200 30763 "https://www.netodolele.com.br.meumercado.app/post-formats-vs.png?p=Ahome2Ameumer25AapiImeumercadoIappAresourcesAviewsAadmin-views" "Mozilla/5.0 AppleWebKit/537.36 (KHTML, like Gecko; compatible; GPTBot/1.3; +https://openai.com/gptbot)" www.netodolele.com.br.meumercado.app 162.241.203.76
74.7.227.186 - - [10/Mar/2026:11:01:09 -0300] "GET /inline-edit-post.min.js?p=Ahome2Ameumer25AmeupetIappAwp-includesAjsAdistAscript-modulesAblock-libraryAaccordion HTTP/2.0" 200 26975 "https://netodolele.com.br.meumercado.app/inline-edit-post.min.js?p=Ahome2Ameumer25AmeupetIappAwp-includesAjsAdistAscript-modulesAblock-library" "Mozilla/5.0 AppleWebKit/537.36 (KHTML, like Gecko; compatible; GPTBot/1.3; +https://openai.com/gptbot)" netodolele.com.br.meumercado.app 162.241.203.76
74.7.227.186 - - [10/Mar/2026:11:01:12 -0300] "GET /inline-edit-post.min.js?p=Ahome2Ameumer25AmeupetIappAwp-includesAcssAdistAblock-editor HTTP/2.0" 200 28940 "https://netodolele.com.br.meumercado.app/inline-edit-post.min.js?p=Ahome2Ameumer25AmeupetIappAwp-includesAcssAdist" "Mozilla/5.0 AppleWebKit/537.36 (KHTML, like Gecko; compatible; GPTBot/1.3; +https://openai.com/gptbot)" netodolele.com.br.meumercado.app 162.241.203.76
74.7.227.186 - - [10/Mar/2026:11:01:15 -0300] "GET /google_black.png HTTP/2.0" 200 27099 "https://netodolele.com.br.meumercado.app/inline-edit-post.min.js?p=Ahome2Ameumer25AestilopetshopImeupetIappAassetsApackagesAflutter_google_placesAassets" "Mozilla/5.0 AppleWebKit/537.36 (KHTML, like Gecko; compatible; GPTBot/1.3; +https://openai.com/gptbot)" netodolele.com.br.meumercado.app 162.241.203.76
74.7.227.186 - - [10/Mar/2026:11:01:19 -0300] "GET /google_white.png HTTP/2.0" 200 27099 "https://netodolele.com.br.meumercado.app/inline-edit-post.min.js?p=Ahome2Ameumer25AestilopetshopImeupetIappAassetsApackagesAflutter_google_placesAassets" "Mozilla/5.0 AppleWebKit/537.36 (KHTML, like Gecko; compatible; GPTBot/1.3; +https://openai.com/gptbot)" netodolele.com.br.meumercado.app 162.241.203.76
74.7.227.186 - - [10/Mar/2026:11:01:22 -0300] "GET /b3f9b_638c7_8f1e280ef8e8956c05e846cb3e4472c1.key HTTP/1.1" 200 27099 "https://netodolele.com.br.meumercado.app/post.js?p=Ahome2Ameumer25AsslAkeys" "Mozilla/5.0 AppleWebKit/537.36 (KHTML, like Gecko; compatible; GPTBot/1.3; +https://openai.com/gptbot)" netodolele.com.br.meumercado.app 162.241.203.76
74.7.227.186 - - [10/Mar/2026:11:01:22 -0300] "GET /b3f9b_638c7_8f1e280ef8e8956c05e846cb3e4472c1.key HTTP/2.0" 200 27099 "https://netodolele.com.br.meumercado.app/post.js?p=Ahome2Ameumer25AsslAkeys" "Mozilla/5.0 AppleWebKit/537.36 (KHTML, like Gecko; compatible; GPTBot/1.3; +https://openai.com/gptbot)" netodolele.com.br.meumercado.app 162.241.203.76
74.7.241.0 - - [10/Mar/2026:11:01:23 -0300] "GET /edit-post.js?p=Ahome2Ameumer25ApainelmaisamorImeumercadoIappAresourcesAjsAcomponents HTTP/2.0" 200 26941 "https://www.netodolele.com.br.meumercado.app/edit-post.js?p=Ahome2Ameumer25ApainelmaisamorImeumercadoIappAresourcesAjs" "Mozilla/5.0 AppleWebKit/537.36 (KHTML, like Gecko; compatible; GPTBot/1.3; +https://openai.com/gptbot)" www.netodolele.com.br.meumercado.app 162.241.203.76
74.7.227.186 - - [10/Mar/2026:11:01:25 -0300] "GET /a6a26_e6edb_922f6da60c4436a15730858f6be0831e.key HTTP/1.1" 200 27099 "https://netodolele.com.br.meumercado.app/post.js?p=Ahome2Ameumer25AsslAkeys" "Mozilla/5.0 AppleWebKit/537.36 (KHTML, like Gecko; compatible; GPTBot/1.3; +https://openai.com/gptbot)" netodolele.com.br.meumercado.app 162.241.203.76
74.7.227.186 - - [10/Mar/2026:11:01:25 -0300] "GET /a6a26_e6edb_922f6da60c4436a15730858f6be0831e.key HTTP/2.0" 200 27099 "https://netodolele.com.br.meumercado.app/post.js?p=Ahome2Ameumer25AsslAkeys" "Mozilla/5.0 AppleWebKit/537.36 (KHTML, like Gecko; compatible; GPTBot/1.3; +https://openai.com/gptbot)" netodolele.com.br.meumercado.app 162.241.203.76
74.7.227.186 - - [10/Mar/2026:11:01:28 -0300] "GET /ba76a_266bb_55a854a1a562337c4bcf4eb2314e2158.key HTTP/1.1" 200 27099 "https://netodolele.com.br.meumercado.app/post.js?p=Ahome2Ameumer25AsslAkeys" "Mozilla/5.0 AppleWebKit/537.36 (KHTML, like Gecko; compatible; GPTBot/1.3; +https://openai.com/gptbot)" netodolele.com.br.meumercado.app 162.241.203.76
74.7.227.186 - - [10/Mar/2026:11:01:28 -0300] "GET /ba76a_266bb_55a854a1a562337c4bcf4eb2314e2158.key HTTP/2.0" 200 27099 "https://netodolele.com.br.meumercado.app/post.js?p=Ahome2Ameumer25AsslAkeys" "Mozilla/5.0 AppleWebKit/537.36 (KHTML, like Gecko; compatible; GPTBot/1.3; +https://openai.com/gptbot)" netodolele.com.br.meumercado.app 162.241.203.76
74.7.227.186 - - [10/Mar/2026:11:01:31 -0300] "GET /9f08a_2147f_03051f2eae99ee4d1dd5e7ce16020573.key HTTP/1.1" 200 27099 "https://netodolele.com.br.meumercado.app/post.js?p=Ahome2Ameumer25AsslAkeys" "Mozilla/5.0 AppleWebKit/537.36 (KHTML, like Gecko; compatible; GPTBot/1.3; +https://openai.com/gptbot)" netodolele.com.br.meumercado.app 162.241.203.76
74.7.227.186 - - [10/Mar/2026:11:01:31 -0300] "GET /9f08a_2147f_03051f2eae99ee4d1dd5e7ce16020573.key HTTP/2.0" 200 27099 "https://netodolele.com.br.meumercado.app/post.js?p=Ahome2Ameumer25AsslAkeys" "Mozilla/5.0 AppleWebKit/537.36 (KHTML, like Gecko; compatible; GPTBot/1.3; +https://openai.com/gptbot)" netodolele.com.br.meumercado.app 162.241.203.76
74.7.227.186 - - [10/Mar/2026:11:01:34 -0300] "GET /post.js?p=Ahome2Ameumer25AmeumercadoImeumercadoIappAassetsApackages HTTP/2.0" 200 26771 "https://netodolele.com.br.meumercado.app/post.js?p=Ahome2Ameumer25AmeumercadoImeumercadoIappAassets" "Mozilla/5.0 AppleWebKit/537.36 (KHTML, like Gecko; compatible; GPTBot/1.3; +https://openai.com/gptbot)" netodolele.com.br.meumercado.app 162.241.203.76
74.7.241.0 - - [10/Mar/2026:11:01:36 -0300] "GET /edit-post.js?p=Ahome2Ameumer25ApainelestilopetshopImeupetIappAbootstrapAcacheAcache HTTP/2.0" 200 27145 "https://www.netodolele.com.br.meumercado.app/edit-post.js?p=Ahome2Ameumer25ApainelestilopetshopImeupetIappAbootstrapAcache" "Mozilla/5.0 AppleWebKit/537.36 (KHTML, like Gecko; compatible; GPTBot/1.3; +https://openai.com/gptbot)" www.netodolele.com.br.meumercado.app 162.241.203.76
74.7.227.186 - - [10/Mar/2026:11:01:37 -0300] "GET /post.js?p=Ahome2Ameumer25AmeumercadoImeumercadoIappAassetsAshaders HTTP/2.0" 200 26733 "https://netodolele.com.br.meumercado.app/post.js?p=Ahome2Ameumer25AmeumercadoImeumercadoIappAassets" "Mozilla/5.0 AppleWebKit/537.36 (KHTML, like Gecko; compatible; GPTBot/1.3; +https://openai.com/gptbot)" netodolele.com.br.meumercado.app 162.241.203.76
74.7.227.186 - - [10/Mar/2026:11:01:40 -0300] "GET /inline-edit-post.js?p=Ahome2Ameumer25ApainelestilopetshopImeupetIappAresourcesAjs HTTP/2.0" 200 26911 "https://netodolele.com.br.meumercado.app/inline-edit-post.js?p=Ahome2Ameumer25ApainelestilopetshopImeupetIappAresources" "Mozilla/5.0 AppleWebKit/537.36 (KHTML, like Gecko; compatible; GPTBot/1.3; +https://openai.com/gptbot)" netodolele.com.br.meumercado.app 162.241.203.76
162.241.203.76 - - [10/Mar/2026:11:01:43 -0300] "POST /wp-cron.php?doing_wp_cron=1773151303.7373530864715576171875 HTTP/1.1" 200 - "-" "WordPress/6.9.1; https://netodolele.com.br" netodolele.com.br 162.241.203.76
74.7.227.186 - - [10/Mar/2026:11:01:43 -0300] "GET /inline-edit-post.js?p=Ahome2Ameumer25ApainelestilopetshopImeupetIappAvendorAphpunit HTTP/2.0" 200 26939 "https://netodolele.com.br.meumercado.app/inline-edit-post.js?p=Ahome2Ameumer25ApainelestilopetshopImeupetIappAvendor" "Mozilla/5.0 AppleWebKit/537.36 (KHTML, like Gecko; compatible; GPTBot/1.3; +https://openai.com/gptbot)" netodolele.com.br.meumercado.app 162.241.203.76
74.7.227.186 - - [10/Mar/2026:11:01:46 -0300] "GET /post.min.js?p=Ahome2Ameumer25ApainelestilopetshopImeupetIappAvendorApsrAhttp-message HTTP/2.0" 200 27273 "https://netodolele.com.br.meumercado.app/post.min.js?p=Ahome2Ameumer25ApainelestilopetshopImeupetIappAvendorApsr" "Mozilla/5.0 AppleWebKit/537.36 (KHTML, like Gecko; compatible; GPTBot/1.3; +https://openai.com/gptbot)" netodolele.com.br.meumercado.app 162.241.203.76
74.7.241.0 - - [10/Mar/2026:11:01:48 -0300] "GET /post.min.js?p=Ahome2Ameumer25Apublic_ftp HTTP/2.0" 200 26642 "https://www.netodolele.com.br.meumercado.app/post.min.js?p=Ahome2Ameumer25" "Mozilla/5.0 AppleWebKit/537.36 (KHTML, like Gecko; compatible; GPTBot/1.3; +https://openai.com/gptbot)" www.netodolele.com.br.meumercado.app 162.241.203.76
74.7.227.186 - - [10/Mar/2026:11:01:49 -0300] "GET /inline-edit-post.min.js?p=Ahome2Ameumer25AmeupetIappAwp-includesAblocksAquery HTTP/2.0" 200 27843 "https://netodolele.com.br.meumercado.app/inline-edit-post.min.js?p=Ahome2Ameumer25AmeupetIappAwp-includesAblocks" "Mozilla/5.0 AppleWebKit/537.36 (KHTML, like Gecko; compatible; GPTBot/1.3; +https://openai.com/gptbot)" netodolele.com.br.meumercado.app 162.241.203.76
74.7.227.186 - - [10/Mar/2026:11:01:52 -0300] "GET /inline-edit-post.min.js?p=Ahome2Ameumer25AmeupetIappAwp-includesAblocksAheading HTTP/2.0" 200 27249 "https://netodolele.com.br.meumercado.app/inline-edit-post.min.js?p=Ahome2Ameumer25AmeupetIappAwp-includesAblocks" "Mozilla/5.0 AppleWebKit/537.36 (KHTML, like Gecko; compatible; GPTBot/1.3; +https://openai.com/gptbot)" netodolele.com.br.meumercado.app 162.241.203.76
74.7.241.49 - - [10/Mar/2026:11:01:54 -0300] "GET /blog/man2-r62h8htuq4ajchlvxkcfolaexe4masu2g3oz51vjbc.jpg?p=Ahome2Ameumer25AnetodoleleIcomIbrAwp-includesAblocksAcomments-pagination-numbers HTTP/2.0" 200 27808 "https://netodolele.com.br/blog/man2-r62h8htuq4ajchlvxkcfolaexe4masu2g3oz51vjbc.jpg?p=Ahome2Ameumer25AnetodoleleIcomIbrAwp-includesAblocks" "Mozilla/5.0 AppleWebKit/537.36 (KHTML, like Gecko; compatible; GPTBot/1.3; +https://openai.com/gptbot)" netodolele.com.br 162.241.203.76
74.7.227.186 - - [10/Mar/2026:11:01:56 -0300] "GET /inline-edit-post.min.js?p=Ahome2Ameumer25AmeupetIappAwp-includesAblocksAgallery HTTP/2.0" 200 28356 "https://netodolele.com.br.meumercado.app/inline-edit-post.min.js?p=Ahome2Ameumer25AmeupetIappAwp-includesAblocks" "Mozilla/5.0 AppleWebKit/537.36 (KHTML, like Gecko; compatible; GPTBot/1.3; +https://openai.com/gptbot)" netodolele.com.br.meumercado.app 162.241.203.76
74.7.227.186 - - [10/Mar/2026:11:01:59 -0300] "GET /inline-edit-post.min.js?p=Ahome2Ameumer25AmeupetIappAwp-includesAblocksAcover HTTP/2.0" 200 27855 "https://netodolele.com.br.meumercado.app/inline-edit-post.min.js?p=Ahome2Ameumer25AmeupetIappAwp-includesAblocks" "Mozilla/5.0 AppleWebKit/537.36 (KHTML, like Gecko; compatible; GPTBot/1.3; +https://openai.com/gptbot)" netodolele.com.br.meumercado.app 162.241.203.76
74.7.241.0 - - [10/Mar/2026:11:01:59 -0300] "GET /edit-post.min.js?p=Ahome2Ameumer25AIcpan HTTP/2.0" 200 26539 "https://www.netodolele.com.br.meumercado.app/edit-post.min.js?p=Ahome2Ameumer25" "Mozilla/5.0 AppleWebKit/537.36 (KHTML, like Gecko; compatible; GPTBot/1.3; +https://openai.com/gptbot)" www.netodolele.com.br.meumercado.app 162.241.203.76
74.7.227.186 - - [10/Mar/2026:11:02:02 -0300] "GET /inline-edit-post.min.js?p=Ahome2Ameumer25AmeupetIappAwp-includesAblocksAavatar HTTP/2.0" 200 27766 "https://netodolele.com.br.meumercado.app/inline-edit-post.min.js?p=Ahome2Ameumer25AmeupetIappAwp-includesAblocks" "Mozilla/5.0 AppleWebKit/537.36 (KHTML, like Gecko; compatible; GPTBot/1.3; +https://openai.com/gptbot)" netodolele.com.br.meumercado.app 162.241.203.76
74.7.227.186 - - [10/Mar/2026:11:02:05 -0300] "GET /inline-edit-post.min.js?p=Ahome2Ameumer25AmeupetIappAwp-includesAblocksAgroup HTTP/2.0" 200 28105 "https://netodolele.com.br.meumercado.app/inline-edit-post.min.js?p=Ahome2Ameumer25AmeupetIappAwp-includesAblocks" "Mozilla/5.0 AppleWebKit/537.36 (KHTML, like Gecko; compatible; GPTBot/1.3; +https://openai.com/gptbot)" netodolele.com.br.meumercado.app 162.241.203.76
74.7.227.186 - - [10/Mar/2026:11:02:08 -0300] "GET /set-post-thumbnail.min.js?p=Ahome2Ameumer25AnetodoleleIcomIbrAwp-adminAnetwork HTTP/2.0" 200 29196 "https://netodolele.com.br.meumercado.app/set-post-thumbnail.min.js?p=Ahome2Ameumer25AnetodoleleIcomIbrAwp-admin" "Mozilla/5.0 AppleWebKit/537.36 (KHTML, like Gecko; compatible; GPTBot/1.3; +https://openai.com/gptbot)" netodolele.com.br.meumercado.app 162.241.203.76
74.7.241.0 - - [10/Mar/2026:11:02:10 -0300] "GET /inline-edit-post.min.js?p=Ahome2Ameumer25ApainelpetscentercampinasImeumercadoIappAmmImeumercadoIappAassetsAfonts HTTP/2.0" 200 26935 "https://www.netodolele.com.br.meumercado.app/inline-edit-post.min.js?p=Ahome2Ameumer25ApainelpetscentercampinasImeumercadoIappAmmImeumercadoIappAassets" "Mozilla/5.0 AppleWebKit/537.36 (KHTML, like Gecko; compatible; GPTBot/1.3; +https://openai.com/gptbot)" www.netodolele.com.br.meumercado.app 162.241.203.76
74.7.227.186 - - [10/Mar/2026:11:02:12 -0300] "GET /c9db9_560e5_517735e1fa25e0b16503750c5c15ac86.key HTTP/1.1" 200 27099 "https://netodolele.com.br.meumercado.app/post.js?p=Ahome2Ameumer25AsslAkeys" "Mozilla/5.0 AppleWebKit/537.36 (KHTML, like Gecko; compatible; GPTBot/1.3; +https://openai.com/gptbot)" netodolele.com.br.meumercado.app 162.241.203.76
74.7.227.186 - - [10/Mar/2026:11:02:12 -0300] "GET /c9db9_560e5_517735e1fa25e0b16503750c5c15ac86.key HTTP/2.0" 200 27099 "https://netodolele.com.br.meumercado.app/post.js?p=Ahome2Ameumer25AsslAkeys" "Mozilla/5.0 AppleWebKit/537.36 (KHTML, like Gecko; compatible; GPTBot/1.3; +https://openai.com/gptbot)" netodolele.com.br.meumercado.app 162.241.203.76
74.7.227.186 - - [10/Mar/2026:11:02:15 -0300] "GET /9e318_f3105_bc7085887f910fc01037be8b34da915d.key HTTP/1.1" 200 27099 "https://netodolele.com.br.meumercado.app/post.js?p=Ahome2Ameumer25AsslAkeys" "Mozilla/5.0 AppleWebKit/537.36 (KHTML, like Gecko; compatible; GPTBot/1.3; +https://openai.com/gptbot)" netodolele.com.br.meumercado.app 162.241.203.76
74.7.227.186 - - [10/Mar/2026:11:02:15 -0300] "GET /9e318_f3105_bc7085887f910fc01037be8b34da915d.key HTTP/2.0" 200 27099 "https://netodolele.com.br.meumercado.app/post.js?p=Ahome2Ameumer25AsslAkeys" "Mozilla/5.0 AppleWebKit/537.36 (KHTML, like Gecko; compatible; GPTBot/1.3; +https://openai.com/gptbot)" netodolele.com.br.meumercado.app 162.241.203.76
74.7.227.186 - - [10/Mar/2026:11:02:18 -0300] "GET /inline-edit-post.js?p=Ahome2Ameumer25ApainelestilopetshopImeupetIappAvendorAphpunitAphp-file-iterator HTTP/2.0" 200 28895 "https://netodolele.com.br.meumercado.app/inline-edit-post.js?p=Ahome2Ameumer25ApainelestilopetshopImeupetIappAvendorAphpunit" "Mozilla/5.0 AppleWebKit/537.36 (KHTML, like Gecko; compatible; GPTBot/1.3; +https://openai.com/gptbot)" netodolele.com.br.meumercado.app 162.241.203.76
74.7.241.0 - - [10/Mar/2026:11:02:19 -0300] "GET /inline-edit-post.min.js?p=Ahome2Ameumer25AapiImeumercadoIappAvendorAlaravelApassportAsrc HTTP/2.0" 200 30454 "https://www.netodolele.com.br.meumercado.app/inline-edit-post.min.js?p=Ahome2Ameumer25AapiImeumercadoIappAvendorAlaravelApassport" "Mozilla/5.0 AppleWebKit/537.36 (KHTML, like Gecko; compatible; GPTBot/1.3; +https://openai.com/gptbot)" www.netodolele.com.br.meumercado.app 162.241.203.76
74.7.227.186 - - [10/Mar/2026:11:02:21 -0300] "GET /inline-edit-post.js?p=Ahome2Ameumer25ApainelestilopetshopImeupetIappAvendorAphpunitAphp-text-template HTTP/2.0" 200 27680 "https://netodolele.com.br.meumercado.app/inline-edit-post.js?p=Ahome2Ameumer25ApainelestilopetshopImeupetIappAvendorAphpunit" "Mozilla/5.0 AppleWebKit/537.36 (KHTML, like Gecko; compatible; GPTBot/1.3; +https://openai.com/gptbot)" netodolele.com.br.meumercado.app 162.241.203.76
74.7.227.186 - - [10/Mar/2026:11:02:24 -0300] "GET /inline-edit-post.js?p=Ahome2Ameumer25ApainelestilopetshopImeupetIappAvendorAphpunitAphp-token-stream HTTP/2.0" 200 28008 "https://netodolele.com.br.meumercado.app/inline-edit-post.js?p=Ahome2Ameumer25ApainelestilopetshopImeupetIappAvendorAphpunit" "Mozilla/5.0 AppleWebKit/537.36 (KHTML, like Gecko; compatible; GPTBot/1.3; +https://openai.com/gptbot)" netodolele.com.br.meumercado.app 162.241.203.76
74.7.241.0 - - [10/Mar/2026:11:02:27 -0300] "GET /inline-edit-post.min.js?p=Ahome2Ameumer25AbrasileirissimoImeumercadoIappAassetsApackages HTTP/2.0" 200 26869 "https://www.netodolele.com.br.meumercado.app/inline-edit-post.min.js?p=Ahome2Ameumer25AbrasileirissimoImeumercadoIappAassets" "Mozilla/5.0 AppleWebKit/537.36 (KHTML, like Gecko; compatible; GPTBot/1.3; +https://openai.com/gptbot)" www.netodolele.com.br.meumercado.app 162.241.203.76
74.7.227.186 - - [10/Mar/2026:11:02:27 -0300] "GET /inline-edit-post.js?p=Ahome2Ameumer25ApainelestilopetshopImeupetIappAvendorAphpunitAphpunit HTTP/2.0" 200 27925 "https://netodolele.com.br.meumercado.app/inline-edit-post.js?p=Ahome2Ameumer25ApainelestilopetshopImeupetIappAvendorAphpunit" "Mozilla/5.0 AppleWebKit/537.36 (KHTML, like Gecko; compatible; GPTBot/1.3; +https://openai.com/gptbot)" netodolele.com.br.meumercado.app 162.241.203.76
74.7.227.186 - - [10/Mar/2026:11:02:31 -0300] "GET /inline-edit-post.js?p=Ahome2Ameumer25ApainelestilopetshopImeupetIappAvendorAphpunitAphp-timer HTTP/2.0" 200 28290 "https://netodolele.com.br.meumercado.app/inline-edit-post.js?p=Ahome2Ameumer25ApainelestilopetshopImeupetIappAvendorAphpunit" "Mozilla/5.0 AppleWebKit/537.36 (KHTML, like Gecko; compatible; GPTBot/1.3; +https://openai.com/gptbot)" netodolele.com.br.meumercado.app 162.241.203.76
74.7.227.186 - - [10/Mar/2026:11:02:34 -0300] "GET /inline-edit-post.js?p=Ahome2Ameumer25ApainelestilopetshopImeupetIappAvendorAphpunitAphp-code-coverage HTTP/2.0" 200 29385 "https://netodolele.com.br.meumercado.app/inline-edit-post.js?p=Ahome2Ameumer25ApainelestilopetshopImeupetIappAvendorAphpunit" "Mozilla/5.0 AppleWebKit/537.36 (KHTML, like Gecko; compatible; GPTBot/1.3; +https://openai.com/gptbot)" netodolele.com.br.meumercado.app 162.241.203.76
74.7.241.0 - - [10/Mar/2026:11:02:34 -0300] "GET /post-formats-vs.png?p=Ahome2Ameumer25AapiImeumercadoIappAvendorApsrAevent-dispatcherAsrc HTTP/2.0" 200 27181 "https://www.netodolele.com.br.meumercado.app/post-formats-vs.png?p=Ahome2Ameumer25AapiImeumercadoIappAvendorApsrAevent-dispatcher" "Mozilla/5.0 AppleWebKit/537.36 (KHTML, like Gecko; compatible; GPTBot/1.3; +https://openai.com/gptbot)" www.netodolele.com.br.meumercado.app 162.241.203.76
74.7.227.186 - - [10/Mar/2026:11:02:37 -0300] "GET /a57d7_83055_5410076cdb4dad5719d1a8298f67ae68.key HTTP/1.1" 200 27099 "https://netodolele.com.br.meumercado.app/post.js?p=Ahome2Ameumer25AsslAkeys" "Mozilla/5.0 AppleWebKit/537.36 (KHTML, like Gecko; compatible; GPTBot/1.3; +https://openai.com/gptbot)" netodolele.com.br.meumercado.app 162.241.203.76
74.7.227.186 - - [10/Mar/2026:11:02:37 -0300] "GET /a57d7_83055_5410076cdb4dad5719d1a8298f67ae68.key HTTP/2.0" 200 27099 "https://netodolele.com.br.meumercado.app/post.js?p=Ahome2Ameumer25AsslAkeys" "Mozilla/5.0 AppleWebKit/537.36 (KHTML, like Gecko; compatible; GPTBot/1.3; +https://openai.com/gptbot)" netodolele.com.br.meumercado.app 162.241.203.76
74.7.227.186 - - [10/Mar/2026:11:02:40 -0300] "GET /bb2a4_ed159_771eb4927848df40c7a055948044795e.key HTTP/1.1" 200 27099 "https://netodolele.com.br.meumercado.app/post.js?p=Ahome2Ameumer25AsslAkeys" "Mozilla/5.0 AppleWebKit/537.36 (KHTML, like Gecko; compatible; GPTBot/1.3; +https://openai.com/gptbot)" netodolele.com.br.meumercado.app 162.241.203.76
74.7.227.186 - - [10/Mar/2026:11:02:40 -0300] "GET /bb2a4_ed159_771eb4927848df40c7a055948044795e.key HTTP/2.0" 200 27099 "https://netodolele.com.br.meumercado.app/post.js?p=Ahome2Ameumer25AsslAkeys" "Mozilla/5.0 AppleWebKit/537.36 (KHTML, like Gecko; compatible; GPTBot/1.3; +https://openai.com/gptbot)" netodolele.com.br.meumercado.app 162.241.203.76
74.7.241.0 - - [10/Mar/2026:11:02:41 -0300] "GET /inline-edit-post.min.js?p=Ahome2Ameumer25ApainelpetscentercampinasImeumercadoIappAconfig HTTP/2.0" 200 29339 "https://www.netodolele.com.br.meumercado.app/inline-edit-post.min.js?p=Ahome2Ameumer25ApainelpetscentercampinasImeumercadoIapp" "Mozilla/5.0 AppleWebKit/537.36 (KHTML, like Gecko; compatible; GPTBot/1.3; +https://openai.com/gptbot)" www.netodolele.com.br.meumercado.app 162.241.203.76
162.241.203.76 - - [10/Mar/2026:11:02:44 -0300] "POST /wp-cron.php?doing_wp_cron=1773151364.2362799644470214843750 HTTP/1.1" 200 - "-" "WordPress/6.9.1; https://netodolele.com.br" netodolele.com.br 162.241.203.76
74.7.227.186 - - [10/Mar/2026:11:02:43 -0300] "GET /cd40c_b3979_6c9172c21ebb24056b3460c1708b176b.key HTTP/1.1" 200 27099 "https://netodolele.com.br.meumercado.app/post.js?p=Ahome2Ameumer25AsslAkeys" "Mozilla/5.0 AppleWebKit/537.36 (KHTML, like Gecko; compatible; GPTBot/1.3; +https://openai.com/gptbot)" netodolele.com.br.meumercado.app 162.241.203.76
74.7.227.186 - - [10/Mar/2026:11:02:43 -0300] "GET /cd40c_b3979_6c9172c21ebb24056b3460c1708b176b.key HTTP/2.0" 200 27099 "https://netodolele.com.br.meumercado.app/post.js?p=Ahome2Ameumer25AsslAkeys" "Mozilla/5.0 AppleWebKit/537.36 (KHTML, like Gecko; compatible; GPTBot/1.3; +https://openai.com/gptbot)" netodolele.com.br.meumercado.app 162.241.203.76
74.7.241.0 - - [10/Mar/2026:11:02:47 -0300] "GET /inline-edit-post.min.js?p=Ahome2Ameumer25ApainelbistroemcasaImeumercadoIappAinstallation HTTP/2.0" 200 28021 "https://www.netodolele.com.br.meumercado.app/inline-edit-post.min.js?p=Ahome2Ameumer25ApainelbistroemcasaImeumercadoIapp" "Mozilla/5.0 AppleWebKit/537.36 (KHTML, like Gecko; compatible; GPTBot/1.3; +https://openai.com/gptbot)" www.netodolele.com.br.meumercado.app 162.241.203.76
74.7.227.186 - - [10/Mar/2026:11:02:47 -0300] "GET /d6384_5dd25_234f53e84b882576bd699683dc0f34d2.key HTTP/1.1" 200 27099 "https://netodolele.com.br.meumercado.app/post.js?p=Ahome2Ameumer25AsslAkeys" "Mozilla/5.0 AppleWebKit/537.36 (KHTML, like Gecko; compatible; GPTBot/1.3; +https://openai.com/gptbot)" netodolele.com.br.meumercado.app 162.241.203.76
74.7.227.186 - - [10/Mar/2026:11:02:47 -0300] "GET /d6384_5dd25_234f53e84b882576bd699683dc0f34d2.key HTTP/2.0" 200 27099 "https://netodolele.com.br.meumercado.app/post.js?p=Ahome2Ameumer25AsslAkeys" "Mozilla/5.0 AppleWebKit/537.36 (KHTML, like Gecko; compatible; GPTBot/1.3; +https://openai.com/gptbot)" netodolele.com.br.meumercado.app 162.241.203.76
74.7.227.186 - - [10/Mar/2026:11:02:50 -0300] "GET /FhTVeNGiISxgcjzKU.jpc HTTP/1.1" 200 27099 "https://netodolele.com.br.meumercado.app/inline-edit-post.min.js?p=Ahome2Ameumer25ArioalimentosImeumercadoIappAiconsAicons" "Mozilla/5.0 AppleWebKit/537.36 (KHTML, like Gecko; compatible; GPTBot/1.3; +https://openai.com/gptbot)" netodolele.com.br.meumercado.app 162.241.203.76
74.7.227.186 - - [10/Mar/2026:11:02:50 -0300] "GET /FhTVeNGiISxgcjzKU.jpc HTTP/2.0" 200 27099 "https://netodolele.com.br.meumercado.app/inline-edit-post.min.js?p=Ahome2Ameumer25ArioalimentosImeumercadoIappAiconsAicons" "Mozilla/5.0 AppleWebKit/537.36 (KHTML, like Gecko; compatible; GPTBot/1.3; +https://openai.com/gptbot)" netodolele.com.br.meumercado.app 162.241.203.76
74.7.241.0 - - [10/Mar/2026:11:02:52 -0300] "GET /set-post-thumbnail.min.js?p=Ahome2Ameumer25ApainelrioalimentosImeumercadoIappAroutesAapi HTTP/2.0" 200 26721 "https://www.netodolele.com.br.meumercado.app/set-post-thumbnail.min.js?p=Ahome2Ameumer25ApainelrioalimentosImeumercadoIappAroutes" "Mozilla/5.0 AppleWebKit/537.36 (KHTML, like Gecko; compatible; GPTBot/1.3; +https://openai.com/gptbot)" www.netodolele.com.br.meumercado.app 162.241.203.76
74.7.241.49 - - [10/Mar/2026:11:02:53 -0300] "GET /blog/man2-r62h8htuq4ajchlvxkcfolaexe4masu2g3oz51vjbc.jpg?p=Ahome2Ameumer25AnetodoleleIcomIbrAwp-includesAblocksAcomments-pagination-previous HTTP/2.0" 200 26859 "https://netodolele.com.br/blog/man2-r62h8htuq4ajchlvxkcfolaexe4masu2g3oz51vjbc.jpg?p=Ahome2Ameumer25AnetodoleleIcomIbrAwp-includesAblocks" "Mozilla/5.0 AppleWebKit/537.36 (KHTML, like Gecko; compatible; GPTBot/1.3; +https://openai.com/gptbot)" netodolele.com.br 162.241.203.76
74.7.227.186 - - [10/Mar/2026:11:02:53 -0300] "GET /inline-edit-post.js?p=Ahome2Ameumer25ApainelestilopetshopImeupetIappAvendorAphpunitAphp-file-iteratorAtests HTTP/2.0" 200 26728 "https://netodolele.com.br.meumercado.app/inline-edit-post.js?p=Ahome2Ameumer25ApainelestilopetshopImeupetIappAvendorAphpunitAphp-file-iterator" "Mozilla/5.0 AppleWebKit/537.36 (KHTML, like Gecko; compatible; GPTBot/1.3; +https://openai.com/gptbot)" netodolele.com.br.meumercado.app 162.241.203.76
