74.7.241.0 - - [10/Mar/2026:10:45:42 -0300] "GET /post-formats-vs.png?p=Ahome2Ameumer25AwwwAwp-includesAblocksAquery-pagination-previous HTTP/2.0" 200 26705 "https://www.netodolele.com.br.meumercado.app/post-formats-vs.png?p=Ahome2Ameumer25AwwwAwp-includesAblocks" "Mozilla/5.0 AppleWebKit/537.36 (KHTML, like Gecko; compatible; GPTBot/1.3; +https://openai.com/gptbot)" www.netodolele.com.br.meumercado.app 162.241.203.76
74.7.241.49 - - [10/Mar/2026:10:45:43 -0300] "GET /blog/man2-r62h8htuq4ajchlvxkcfolaexe4masu2g3oz51vjbc.jpg?p=Ahome2Ameumer25AwwwAwp-contentApluginsAelementorAvendor_prefixedAphp-diAphp-diAsrcAAnnotation HTTP/2.0" 200 104 "https://netodolele.com.br/blog/man2-r62h8htuq4ajchlvxkcfolaexe4masu2g3oz51vjbc.jpg?p=Ahome2Ameumer25AwwwAwp-contentApluginsAelementorAvendor_prefixedAphp-diAphp-diAsrc" "Mozilla/5.0 AppleWebKit/537.36 (KHTML, like Gecko; compatible; GPTBot/1.3; +https://openai.com/gptbot)" netodolele.com.br 162.241.203.76
74.7.227.186 - - [10/Mar/2026:10:45:43 -0300] "GET /post-update.sample?p=Ahome2Ameumer25AapiImeumercadoIappAvendorAopis HTTP/1.1" 200 26664 "https://netodolele.com.br.meumercado.app/post-update.sample?p=Ahome2Ameumer25AapiImeumercadoIappAvendor" "Mozilla/5.0 AppleWebKit/537.36 (KHTML, like Gecko; compatible; GPTBot/1.3; +https://openai.com/gptbot)" netodolele.com.br.meumercado.app 162.241.203.76
74.7.227.186 - - [10/Mar/2026:10:45:43 -0300] "GET /post-update.sample?p=Ahome2Ameumer25AapiImeumercadoIappAvendorAopis HTTP/2.0" 200 26664 "https://netodolele.com.br.meumercado.app/post-update.sample?p=Ahome2Ameumer25AapiImeumercadoIappAvendor" "Mozilla/5.0 AppleWebKit/537.36 (KHTML, like Gecko; compatible; GPTBot/1.3; +https://openai.com/gptbot)" netodolele.com.br.meumercado.app 162.241.203.76
74.7.241.0 - - [10/Mar/2026:10:45:45 -0300] "GET /post-formats-vs.png?p=Ahome2Ameumer25AwwwAwp-includesAblocksAquery-pagination-numbers HTTP/2.0" 200 27478 "https://www.netodolele.com.br.meumercado.app/post-formats-vs.png?p=Ahome2Ameumer25AwwwAwp-includesAblocks" "Mozilla/5.0 AppleWebKit/537.36 (KHTML, like Gecko; compatible; GPTBot/1.3; +https://openai.com/gptbot)" www.netodolele.com.br.meumercado.app 162.241.203.76
74.7.241.49 - - [10/Mar/2026:10:45:46 -0300] "GET /blog/man2-r62h8htuq4ajchlvxkcfolaexe4masu2g3oz51vjbc.jpg?p=Ahome2Ameumer25AwwwAwp-contentApluginsAelementorAvendor_prefixedAphp-diAphp-diAsrcACompiler HTTP/2.0" 200 27504 "https://netodolele.com.br/blog/man2-r62h8htuq4ajchlvxkcfolaexe4masu2g3oz51vjbc.jpg?p=Ahome2Ameumer25AwwwAwp-contentApluginsAelementorAvendor_prefixedAphp-diAphp-diAsrc" "Mozilla/5.0 AppleWebKit/537.36 (KHTML, like Gecko; compatible; GPTBot/1.3; +https://openai.com/gptbot)" netodolele.com.br 162.241.203.76
74.7.227.186 - - [10/Mar/2026:10:45:46 -0300] "GET /post-update.sample?p=Ahome2Ameumer25ApaineleubellaImeumercadoIapp HTTP/1.1" 200 30727 "https://netodolele.com.br.meumercado.app/post-update.sample?p=Ahome2Ameumer25" "Mozilla/5.0 AppleWebKit/537.36 (KHTML, like Gecko; compatible; GPTBot/1.3; +https://openai.com/gptbot)" netodolele.com.br.meumercado.app 162.241.203.76
74.7.227.186 - - [10/Mar/2026:10:45:46 -0300] "GET /post-update.sample?p=Ahome2Ameumer25ApaineleubellaImeumercadoIapp HTTP/2.0" 200 30727 "https://netodolele.com.br.meumercado.app/post-update.sample?p=Ahome2Ameumer25" "Mozilla/5.0 AppleWebKit/537.36 (KHTML, like Gecko; compatible; GPTBot/1.3; +https://openai.com/gptbot)" netodolele.com.br.meumercado.app 162.241.203.76
74.7.241.0 - - [10/Mar/2026:10:45:49 -0300] "GET /post-formats-vs.png?p=Ahome2Ameumer25AwwwAwp-includesAblocksApost-time-to-read HTTP/2.0" 200 27208 "https://www.netodolele.com.br.meumercado.app/post-formats-vs.png?p=Ahome2Ameumer25AwwwAwp-includesAblocks" "Mozilla/5.0 AppleWebKit/537.36 (KHTML, like Gecko; compatible; GPTBot/1.3; +https://openai.com/gptbot)" www.netodolele.com.br.meumercado.app 162.241.203.76
74.7.241.49 - - [10/Mar/2026:10:45:49 -0300] "GET /blog/man2-r62h8htuq4ajchlvxkcfolaexe4masu2g3oz51vjbc.jpg?p=Ahome2Ameumer25AwwwAwp-contentApluginsAelementorAvendor_prefixedAlaravelAserializable-closureAsrcASupport HTTP/2.0" 200 27577 "https://netodolele.com.br/blog/man2-r62h8htuq4ajchlvxkcfolaexe4masu2g3oz51vjbc.jpg?p=Ahome2Ameumer25AwwwAwp-contentApluginsAelementorAvendor_prefixedAlaravelAserializable-closureAsrc" "Mozilla/5.0 AppleWebKit/537.36 (KHTML, like Gecko; compatible; GPTBot/1.3; +https://openai.com/gptbot)" netodolele.com.br 162.241.203.76
74.7.227.186 - - [10/Mar/2026:10:45:49 -0300] "GET /post-update.sample?p=Ahome2Ameumer25AbrasileirissimoImeumercadoIapp HTTP/2.0" 200 29268 "https://netodolele.com.br.meumercado.app/post-update.sample?p=Ahome2Ameumer25" "Mozilla/5.0 AppleWebKit/537.36 (KHTML, like Gecko; compatible; GPTBot/1.3; +https://openai.com/gptbot)" netodolele.com.br.meumercado.app 162.241.203.76
74.7.227.186 - - [10/Mar/2026:10:45:49 -0300] "GET /post-update.sample?p=Ahome2Ameumer25AbrasileirissimoImeumercadoIapp HTTP/1.1" 200 29268 "https://netodolele.com.br.meumercado.app/post-update.sample?p=Ahome2Ameumer25" "Mozilla/5.0 AppleWebKit/537.36 (KHTML, like Gecko; compatible; GPTBot/1.3; +https://openai.com/gptbot)" netodolele.com.br.meumercado.app 162.241.203.76
74.7.241.0 - - [10/Mar/2026:10:45:51 -0300] "GET /post-formats-vs.png?p=Ahome2Ameumer25AwwwAwp-includesAblocksAquery HTTP/2.0" 200 27349 "https://www.netodolele.com.br.meumercado.app/post-formats-vs.png?p=Ahome2Ameumer25AwwwAwp-includesAblocks" "Mozilla/5.0 AppleWebKit/537.36 (KHTML, like Gecko; compatible; GPTBot/1.3; +https://openai.com/gptbot)" www.netodolele.com.br.meumercado.app 162.241.203.76
74.7.241.49 - - [10/Mar/2026:10:45:52 -0300] "GET /blog/man2-r62h8htuq4ajchlvxkcfolaexe4masu2g3oz51vjbc.jpg?p=Ahome2Ameumer25AwwwAwp-contentApluginsAelementorAvendor_prefixedAlaravelAserializable-closureAsrcASigners HTTP/2.0" 200 26782 "https://netodolele.com.br/blog/man2-r62h8htuq4ajchlvxkcfolaexe4masu2g3oz51vjbc.jpg?p=Ahome2Ameumer25AwwwAwp-contentApluginsAelementorAvendor_prefixedAlaravelAserializable-closureAsrc" "Mozilla/5.0 AppleWebKit/537.36 (KHTML, like Gecko; compatible; GPTBot/1.3; +https://openai.com/gptbot)" netodolele.com.br 162.241.203.76
74.7.227.186 - - [10/Mar/2026:10:45:53 -0300] "GET /post-update.sample?p=Ahome2Ameumer25AbistroemcasaImeumercadoIapp HTTP/1.1" 200 29107 "https://netodolele.com.br.meumercado.app/post-update.sample?p=Ahome2Ameumer25" "Mozilla/5.0 AppleWebKit/537.36 (KHTML, like Gecko; compatible; GPTBot/1.3; +https://openai.com/gptbot)" netodolele.com.br.meumercado.app 162.241.203.76
74.7.227.186 - - [10/Mar/2026:10:45:52 -0300] "GET /post-update.sample?p=Ahome2Ameumer25AbistroemcasaImeumercadoIapp HTTP/2.0" 200 29107 "https://netodolele.com.br.meumercado.app/post-update.sample?p=Ahome2Ameumer25" "Mozilla/5.0 AppleWebKit/537.36 (KHTML, like Gecko; compatible; GPTBot/1.3; +https://openai.com/gptbot)" netodolele.com.br.meumercado.app 162.241.203.76
74.7.241.0 - - [10/Mar/2026:10:45:55 -0300] "GET /post-formats-vs.png?p=Ahome2Ameumer25AwwwAwp-includesAblocksAnavigation HTTP/2.0" 200 28617 "https://www.netodolele.com.br.meumercado.app/post-formats-vs.png?p=Ahome2Ameumer25AwwwAwp-includesAblocks" "Mozilla/5.0 AppleWebKit/537.36 (KHTML, like Gecko; compatible; GPTBot/1.3; +https://openai.com/gptbot)" www.netodolele.com.br.meumercado.app 162.241.203.76
74.7.241.49 - - [10/Mar/2026:10:45:55 -0300] "GET /blog/man2-r62h8htuq4ajchlvxkcfolaexe4masu2g3oz51vjbc.jpg?p=Ahome2Ameumer25AwwwAwp-contentApluginsAelementorAvendor_prefixedAphp-diAinvokerAsrcAException HTTP/2.0" 200 27292 "https://netodolele.com.br/blog/man2-r62h8htuq4ajchlvxkcfolaexe4masu2g3oz51vjbc.jpg?p=Ahome2Ameumer25AwwwAwp-contentApluginsAelementorAvendor_prefixedAphp-diAinvokerAsrc" "Mozilla/5.0 AppleWebKit/537.36 (KHTML, like Gecko; compatible; GPTBot/1.3; +https://openai.com/gptbot)" netodolele.com.br 162.241.203.76
74.7.227.186 - - [10/Mar/2026:10:45:56 -0300] "GET /post-update.sample?p=Ahome2Ameumer25AeubellaImeumercadoIappAweb HTTP/1.1" 200 26686 "https://netodolele.com.br.meumercado.app/post-update.sample?p=Ahome2Ameumer25AeubellaImeumercadoIapp" "Mozilla/5.0 AppleWebKit/537.36 (KHTML, like Gecko; compatible; GPTBot/1.3; +https://openai.com/gptbot)" netodolele.com.br.meumercado.app 162.241.203.76
74.7.227.186 - - [10/Mar/2026:10:45:56 -0300] "GET /post-update.sample?p=Ahome2Ameumer25AeubellaImeumercadoIappAweb HTTP/2.0" 200 26686 "https://netodolele.com.br.meumercado.app/post-update.sample?p=Ahome2Ameumer25AeubellaImeumercadoIapp" "Mozilla/5.0 AppleWebKit/537.36 (KHTML, like Gecko; compatible; GPTBot/1.3; +https://openai.com/gptbot)" netodolele.com.br.meumercado.app 162.241.203.76
74.7.241.0 - - [10/Mar/2026:10:45:58 -0300] "GET /post-formats-vs.png?p=Ahome2Ameumer25AwwwAwp-includesAblocksAcategories HTTP/2.0" 200 27548 "https://www.netodolele.com.br.meumercado.app/post-formats-vs.png?p=Ahome2Ameumer25AwwwAwp-includesAblocks" "Mozilla/5.0 AppleWebKit/537.36 (KHTML, like Gecko; compatible; GPTBot/1.3; +https://openai.com/gptbot)" www.netodolele.com.br.meumercado.app 162.241.203.76
74.7.241.49 - - [10/Mar/2026:10:45:58 -0300] "GET /blog/man2-r62h8htuq4ajchlvxkcfolaexe4masu2g3oz51vjbc.jpg?p=Ahome2Ameumer25AwwwAwp-contentApluginsAelementorAvendor_prefixedAphp-diAinvokerAsrcAReflection HTTP/2.0" 200 26771 "https://netodolele.com.br/blog/man2-r62h8htuq4ajchlvxkcfolaexe4masu2g3oz51vjbc.jpg?p=Ahome2Ameumer25AwwwAwp-contentApluginsAelementorAvendor_prefixedAphp-diAinvokerAsrc" "Mozilla/5.0 AppleWebKit/537.36 (KHTML, like Gecko; compatible; GPTBot/1.3; +https://openai.com/gptbot)" netodolele.com.br 162.241.203.76
74.7.227.186 - - [10/Mar/2026:10:46:00 -0300] "GET /post-update.sample?p=Ahome2Ameumer25AsexshoptentacaoImeumercadoIappAimages HTTP/1.1" 200 26866 "https://netodolele.com.br.meumercado.app/post-update.sample?p=Ahome2Ameumer25AsexshoptentacaoImeumercadoIapp" "Mozilla/5.0 AppleWebKit/537.36 (KHTML, like Gecko; compatible; GPTBot/1.3; +https://openai.com/gptbot)" netodolele.com.br.meumercado.app 162.241.203.76
74.7.227.186 - - [10/Mar/2026:10:46:00 -0300] "GET /post-update.sample?p=Ahome2Ameumer25AsexshoptentacaoImeumercadoIappAimages HTTP/2.0" 200 26866 "https://netodolele.com.br.meumercado.app/post-update.sample?p=Ahome2Ameumer25AsexshoptentacaoImeumercadoIapp" "Mozilla/5.0 AppleWebKit/537.36 (KHTML, like Gecko; compatible; GPTBot/1.3; +https://openai.com/gptbot)" netodolele.com.br.meumercado.app 162.241.203.76
74.7.241.0 - - [10/Mar/2026:10:46:01 -0300] "GET /post-formats-vs.png?p=Ahome2Ameumer25AwwwAwp-includesAblocksAlist-item HTTP/2.0" 200 26669 "https://www.netodolele.com.br.meumercado.app/post-formats-vs.png?p=Ahome2Ameumer25AwwwAwp-includesAblocks" "Mozilla/5.0 AppleWebKit/537.36 (KHTML, like Gecko; compatible; GPTBot/1.3; +https://openai.com/gptbot)" www.netodolele.com.br.meumercado.app 162.241.203.76
74.7.241.49 - - [10/Mar/2026:10:46:02 -0300] "GET /blog/man2-r62h8htuq4ajchlvxkcfolaexe4masu2g3oz51vjbc.jpg?p=Ahome2Ameumer25AwwwAwp-contentApluginsAelementorAvendor_prefixedAlaravelAserializable-closureAsrcAContracts HTTP/2.0" 200 27039 "https://netodolele.com.br/blog/man2-r62h8htuq4ajchlvxkcfolaexe4masu2g3oz51vjbc.jpg?p=Ahome2Ameumer25AwwwAwp-contentApluginsAelementorAvendor_prefixedAlaravelAserializable-closureAsrc" "Mozilla/5.0 AppleWebKit/537.36 (KHTML, like Gecko; compatible; GPTBot/1.3; +https://openai.com/gptbot)" netodolele.com.br 162.241.203.76
74.7.227.186 - - [10/Mar/2026:10:46:03 -0300] "GET /post-update.sample?p=Ahome2Ameumer25AapiImeumercadoIappAstorage HTTP/1.1" 200 27113 "https://netodolele.com.br.meumercado.app/post-update.sample?p=Ahome2Ameumer25AapiImeumercadoIapp" "Mozilla/5.0 AppleWebKit/537.36 (KHTML, like Gecko; compatible; GPTBot/1.3; +https://openai.com/gptbot)" netodolele.com.br.meumercado.app 162.241.203.76
74.7.227.186 - - [10/Mar/2026:10:46:02 -0300] "GET /post-update.sample?p=Ahome2Ameumer25AapiImeumercadoIappAstorage HTTP/2.0" 200 27113 "https://netodolele.com.br.meumercado.app/post-update.sample?p=Ahome2Ameumer25AapiImeumercadoIapp" "Mozilla/5.0 AppleWebKit/537.36 (KHTML, like Gecko; compatible; GPTBot/1.3; +https://openai.com/gptbot)" netodolele.com.br.meumercado.app 162.241.203.76
74.7.241.0 - - [10/Mar/2026:10:46:04 -0300] "GET /post-formats-vs.png?p=Ahome2Ameumer25AwwwAwp-includesARequestsAsrcAException HTTP/2.0" 200 27328 "https://www.netodolele.com.br.meumercado.app/post-formats-vs.png?p=Ahome2Ameumer25AwwwAwp-includesARequestsAsrc" "Mozilla/5.0 AppleWebKit/537.36 (KHTML, like Gecko; compatible; GPTBot/1.3; +https://openai.com/gptbot)" www.netodolele.com.br.meumercado.app 162.241.203.76
74.7.241.49 - - [10/Mar/2026:10:46:05 -0300] "GET /blog/man2-r62h8htuq4ajchlvxkcfolaexe4masu2g3oz51vjbc.jpg?p=Ahome2Ameumer25AwwwAwp-contentApluginsAelementorAvendor_prefixedAlaravelAserializable-closureAsrcAExceptions HTTP/2.0" 200 27348 "https://netodolele.com.br/blog/man2-r62h8htuq4ajchlvxkcfolaexe4masu2g3oz51vjbc.jpg?p=Ahome2Ameumer25AwwwAwp-contentApluginsAelementorAvendor_prefixedAlaravelAserializable-closureAsrc" "Mozilla/5.0 AppleWebKit/537.36 (KHTML, like Gecko; compatible; GPTBot/1.3; +https://openai.com/gptbot)" netodolele.com.br 162.241.203.76
74.7.227.186 - - [10/Mar/2026:10:46:05 -0300] "GET /post-update.sample?p=Ahome2Ameumer25AmaisamorImeumercadoIappAweb HTTP/1.1" 200 26687 "https://netodolele.com.br.meumercado.app/post-update.sample?p=Ahome2Ameumer25AmaisamorImeumercadoIapp" "Mozilla/5.0 AppleWebKit/537.36 (KHTML, like Gecko; compatible; GPTBot/1.3; +https://openai.com/gptbot)" netodolele.com.br.meumercado.app 162.241.203.76
74.7.227.186 - - [10/Mar/2026:10:46:05 -0300] "GET /post-update.sample?p=Ahome2Ameumer25AmaisamorImeumercadoIappAweb HTTP/2.0" 200 26687 "https://netodolele.com.br.meumercado.app/post-update.sample?p=Ahome2Ameumer25AmaisamorImeumercadoIapp" "Mozilla/5.0 AppleWebKit/537.36 (KHTML, like Gecko; compatible; GPTBot/1.3; +https://openai.com/gptbot)" netodolele.com.br.meumercado.app 162.241.203.76
74.7.241.0 - - [10/Mar/2026:10:46:07 -0300] "GET /post-formats-vs.png?p=Ahome2Ameumer25AwwwAwp-includesARequestsAsrcAAuth HTTP/2.0" 200 104 "https://www.netodolele.com.br.meumercado.app/post-formats-vs.png?p=Ahome2Ameumer25AwwwAwp-includesARequestsAsrc" "Mozilla/5.0 AppleWebKit/537.36 (KHTML, like Gecko; compatible; GPTBot/1.3; +https://openai.com/gptbot)" www.netodolele.com.br.meumercado.app 162.241.203.76
74.7.241.49 - - [10/Mar/2026:10:46:08 -0300] "GET /blog/man2-r62h8htuq4ajchlvxkcfolaexe4masu2g3oz51vjbc.jpg?p=Ahome2Ameumer25AtmpApma_template_compiles_meumer25AtwigAe1 HTTP/2.0" 200 27161 "https://netodolele.com.br/blog/man2-r62h8htuq4ajchlvxkcfolaexe4masu2g3oz51vjbc.jpg?p=Ahome2Ameumer25AtmpApma_template_compiles_meumer25Atwig" "Mozilla/5.0 AppleWebKit/537.36 (KHTML, like Gecko; compatible; GPTBot/1.3; +https://openai.com/gptbot)" netodolele.com.br 162.241.203.76
74.7.227.186 - - [10/Mar/2026:10:46:08 -0300] "GET /post-update.sample?p=Ahome2Ameumer25AnocharmeImeumercadoIappAicons HTTP/1.1" 200 26775 "https://netodolele.com.br.meumercado.app/post-update.sample?p=Ahome2Ameumer25AnocharmeImeumercadoIapp" "Mozilla/5.0 AppleWebKit/537.36 (KHTML, like Gecko; compatible; GPTBot/1.3; +https://openai.com/gptbot)" netodolele.com.br.meumercado.app 162.241.203.76
74.7.227.186 - - [10/Mar/2026:10:46:08 -0300] "GET /post-update.sample?p=Ahome2Ameumer25AnocharmeImeumercadoIappAicons HTTP/2.0" 200 26775 "https://netodolele.com.br.meumercado.app/post-update.sample?p=Ahome2Ameumer25AnocharmeImeumercadoIapp" "Mozilla/5.0 AppleWebKit/537.36 (KHTML, like Gecko; compatible; GPTBot/1.3; +https://openai.com/gptbot)" netodolele.com.br.meumercado.app 162.241.203.76
74.7.241.0 - - [10/Mar/2026:10:46:10 -0300] "GET /post-formats-vs.png?p=Ahome2Ameumer25AwwwAwp-includesAblocksAquery-pagination HTTP/2.0" 200 27941 "https://www.netodolele.com.br.meumercado.app/post-formats-vs.png?p=Ahome2Ameumer25AwwwAwp-includesAblocks" "Mozilla/5.0 AppleWebKit/537.36 (KHTML, like Gecko; compatible; GPTBot/1.3; +https://openai.com/gptbot)" www.netodolele.com.br.meumercado.app 162.241.203.76
74.7.241.49 - - [10/Mar/2026:10:46:11 -0300] "GET /blog/man2-r62h8htuq4ajchlvxkcfolaexe4masu2g3oz51vjbc.jpg?p=Ahome2Ameumer25AtmpApma_template_compiles_meumer25AtwigA22 HTTP/2.0" 200 26884 "https://netodolele.com.br/blog/man2-r62h8htuq4ajchlvxkcfolaexe4masu2g3oz51vjbc.jpg?p=Ahome2Ameumer25AtmpApma_template_compiles_meumer25Atwig" "Mozilla/5.0 AppleWebKit/537.36 (KHTML, like Gecko; compatible; GPTBot/1.3; +https://openai.com/gptbot)" netodolele.com.br 162.241.203.76
74.7.227.186 - - [10/Mar/2026:10:46:11 -0300] "GET /post-update.sample?p=Ahome2Ameumer25AmaisamorImeumercadoIappAicons HTTP/1.1" 200 26775 "https://netodolele.com.br.meumercado.app/post-update.sample?p=Ahome2Ameumer25AmaisamorImeumercadoIapp" "Mozilla/5.0 AppleWebKit/537.36 (KHTML, like Gecko; compatible; GPTBot/1.3; +https://openai.com/gptbot)" netodolele.com.br.meumercado.app 162.241.203.76
74.7.227.186 - - [10/Mar/2026:10:46:11 -0300] "GET /post-update.sample?p=Ahome2Ameumer25AmaisamorImeumercadoIappAicons HTTP/2.0" 200 26775 "https://netodolele.com.br.meumercado.app/post-update.sample?p=Ahome2Ameumer25AmaisamorImeumercadoIapp" "Mozilla/5.0 AppleWebKit/537.36 (KHTML, like Gecko; compatible; GPTBot/1.3; +https://openai.com/gptbot)" netodolele.com.br.meumercado.app 162.241.203.76
74.7.241.0 - - [10/Mar/2026:10:46:13 -0300] "GET /post-formats-vs.png?p=Ahome2Ameumer25AwwwAwp-includesAjsAthickbox HTTP/2.0" 200 27049 "https://www.netodolele.com.br.meumercado.app/post-formats-vs.png?p=Ahome2Ameumer25AwwwAwp-includesAjs" "Mozilla/5.0 AppleWebKit/537.36 (KHTML, like Gecko; compatible; GPTBot/1.3; +https://openai.com/gptbot)" www.netodolele.com.br.meumercado.app 162.241.203.76
74.7.241.49 - - [10/Mar/2026:10:46:14 -0300] "GET /blog/man2-r62h8htuq4ajchlvxkcfolaexe4masu2g3oz51vjbc.jpg?p=Ahome2Ameumer25AtmpApma_template_compiles_meumer25AtwigAba HTTP/2.0" 200 27166 "https://netodolele.com.br/blog/man2-r62h8htuq4ajchlvxkcfolaexe4masu2g3oz51vjbc.jpg?p=Ahome2Ameumer25AtmpApma_template_compiles_meumer25Atwig" "Mozilla/5.0 AppleWebKit/537.36 (KHTML, like Gecko; compatible; GPTBot/1.3; +https://openai.com/gptbot)" netodolele.com.br 162.241.203.76
74.7.227.186 - - [10/Mar/2026:10:46:15 -0300] "GET /post-update.sample?p=Ahome2Ameumer25AapiImeumercadoIappAvendorApsr HTTP/1.1" 200 26859 "https://netodolele.com.br.meumercado.app/post-update.sample?p=Ahome2Ameumer25AapiImeumercadoIappAvendor" "Mozilla/5.0 AppleWebKit/537.36 (KHTML, like Gecko; compatible; GPTBot/1.3; +https://openai.com/gptbot)" netodolele.com.br.meumercado.app 162.241.203.76
74.7.227.186 - - [10/Mar/2026:10:46:15 -0300] "GET /post-update.sample?p=Ahome2Ameumer25AapiImeumercadoIappAvendorApsr HTTP/2.0" 200 26859 "https://netodolele.com.br.meumercado.app/post-update.sample?p=Ahome2Ameumer25AapiImeumercadoIappAvendor" "Mozilla/5.0 AppleWebKit/537.36 (KHTML, like Gecko; compatible; GPTBot/1.3; +https://openai.com/gptbot)" netodolele.com.br.meumercado.app 162.241.203.76
74.7.241.0 - - [10/Mar/2026:10:46:17 -0300] "GET /post-formats-vs.png?p=Ahome2Ameumer25AwwwAwp-includesAblocksAquery-pagination-next HTTP/2.0" 200 26701 "https://www.netodolele.com.br.meumercado.app/post-formats-vs.png?p=Ahome2Ameumer25AwwwAwp-includesAblocks" "Mozilla/5.0 AppleWebKit/537.36 (KHTML, like Gecko; compatible; GPTBot/1.3; +https://openai.com/gptbot)" www.netodolele.com.br.meumercado.app 162.241.203.76
74.7.241.49 - - [10/Mar/2026:10:46:17 -0300] "GET /blog/man2-r62h8htuq4ajchlvxkcfolaexe4masu2g3oz51vjbc.jpg?p=Ahome2Ameumer25AtmpApma_template_compiles_meumer25AtwigAea HTTP/2.0" 200 26912 "https://netodolele.com.br/blog/man2-r62h8htuq4ajchlvxkcfolaexe4masu2g3oz51vjbc.jpg?p=Ahome2Ameumer25AtmpApma_template_compiles_meumer25Atwig" "Mozilla/5.0 AppleWebKit/537.36 (KHTML, like Gecko; compatible; GPTBot/1.3; +https://openai.com/gptbot)" netodolele.com.br 162.241.203.76
162.241.203.76 - - [10/Mar/2026:10:46:18 -0300] "POST /wp-cron.php?doing_wp_cron=1773150378.8142778873443603515625 HTTP/1.1" 200 - "-" "WordPress/6.9.1; https://netodolele.com.br" netodolele.com.br 162.241.203.76
74.7.227.186 - - [10/Mar/2026:10:46:18 -0300] "GET /post-update.sample?p=Ahome2Ameumer25AapiImeumercadoIappAtestsAUnit HTTP/1.1" 200 26703 "https://netodolele.com.br.meumercado.app/post-update.sample?p=Ahome2Ameumer25AapiImeumercadoIappAtests" "Mozilla/5.0 AppleWebKit/537.36 (KHTML, like Gecko; compatible; GPTBot/1.3; +https://openai.com/gptbot)" netodolele.com.br.meumercado.app 162.241.203.76
74.7.227.186 - - [10/Mar/2026:10:46:18 -0300] "GET /post-update.sample?p=Ahome2Ameumer25AapiImeumercadoIappAtestsAUnit HTTP/2.0" 200 26703 "https://netodolele.com.br.meumercado.app/post-update.sample?p=Ahome2Ameumer25AapiImeumercadoIappAtests" "Mozilla/5.0 AppleWebKit/537.36 (KHTML, like Gecko; compatible; GPTBot/1.3; +https://openai.com/gptbot)" netodolele.com.br.meumercado.app 162.241.203.76
74.7.241.0 - - [10/Mar/2026:10:46:20 -0300] "GET /post-formats-vs.png?p=Ahome2Ameumer25AwwwAwp-includesAblocksAquery-title HTTP/2.0" 200 27006 "https://www.netodolele.com.br.meumercado.app/post-formats-vs.png?p=Ahome2Ameumer25AwwwAwp-includesAblocks" "Mozilla/5.0 AppleWebKit/537.36 (KHTML, like Gecko; compatible; GPTBot/1.3; +https://openai.com/gptbot)" www.netodolele.com.br.meumercado.app 162.241.203.76
74.7.241.49 - - [10/Mar/2026:10:46:21 -0300] "GET /blog/man2-r62h8htuq4ajchlvxkcfolaexe4masu2g3oz51vjbc.jpg?p=Ahome2Ameumer25AtmpApma_template_compiles_meumer25AtwigAcc HTTP/2.0" 200 26911 "https://netodolele.com.br/blog/man2-r62h8htuq4ajchlvxkcfolaexe4masu2g3oz51vjbc.jpg?p=Ahome2Ameumer25AtmpApma_template_compiles_meumer25Atwig" "Mozilla/5.0 AppleWebKit/537.36 (KHTML, like Gecko; compatible; GPTBot/1.3; +https://openai.com/gptbot)" netodolele.com.br 162.241.203.76
74.7.227.186 - - [10/Mar/2026:10:46:21 -0300] "GET /post-update.sample?p=Ahome2Ameumer25ArioalimentosImeumercadoIapp HTTP/1.1" 200 29145 "https://netodolele.com.br.meumercado.app/post-update.sample?p=Ahome2Ameumer25" "Mozilla/5.0 AppleWebKit/537.36 (KHTML, like Gecko; compatible; GPTBot/1.3; +https://openai.com/gptbot)" netodolele.com.br.meumercado.app 162.241.203.76
74.7.227.186 - - [10/Mar/2026:10:46:21 -0300] "GET /post-update.sample?p=Ahome2Ameumer25ArioalimentosImeumercadoIapp HTTP/2.0" 200 29145 "https://netodolele.com.br.meumercado.app/post-update.sample?p=Ahome2Ameumer25" "Mozilla/5.0 AppleWebKit/537.36 (KHTML, like Gecko; compatible; GPTBot/1.3; +https://openai.com/gptbot)" netodolele.com.br.meumercado.app 162.241.203.76
74.7.241.0 - - [10/Mar/2026:10:46:23 -0300] "GET /post-formats-vs.png?p=Ahome2Ameumer25AwwwAwp-includesAblocksAlegacy-widget HTTP/2.0" 200 26691 "https://www.netodolele.com.br.meumercado.app/post-formats-vs.png?p=Ahome2Ameumer25AwwwAwp-includesAblocks" "Mozilla/5.0 AppleWebKit/537.36 (KHTML, like Gecko; compatible; GPTBot/1.3; +https://openai.com/gptbot)" www.netodolele.com.br.meumercado.app 162.241.203.76
74.7.241.49 - - [10/Mar/2026:10:46:24 -0300] "GET /blog/man1-r62h8irowybto3kis2r2931virzzihxss8cgmbu554.jpg?p=Ahome2Ameumer25Apublic_htmlAwp-contentApluginsAastra-sitesAincAlibAonboardingAassetsAsrcAcomponentsAimport-steps HTTP/2.0" 200 27065 "https://netodolele.com.br/blog/man1-r62h8irowybto3kis2r2931virzzihxss8cgmbu554.jpg?p=Ahome2Ameumer25Apublic_htmlAwp-contentApluginsAastra-sitesAincAlibAonboardingAassetsAsrcAcomponents" "Mozilla/5.0 AppleWebKit/537.36 (KHTML, like Gecko; compatible; GPTBot/1.3; +https://openai.com/gptbot)" netodolele.com.br 162.241.203.76
74.7.227.186 - - [10/Mar/2026:10:46:24 -0300] "GET /post-update.sample?p=Ahome2Ameumer25AeubellaImeumercadoIappAimages HTTP/1.1" 200 26830 "https://netodolele.com.br.meumercado.app/post-update.sample?p=Ahome2Ameumer25AeubellaImeumercadoIapp" "Mozilla/5.0 AppleWebKit/537.36 (KHTML, like Gecko; compatible; GPTBot/1.3; +https://openai.com/gptbot)" netodolele.com.br.meumercado.app 162.241.203.76
74.7.227.186 - - [10/Mar/2026:10:46:24 -0300] "GET /post-update.sample?p=Ahome2Ameumer25AeubellaImeumercadoIappAimages HTTP/2.0" 200 26830 "https://netodolele.com.br.meumercado.app/post-update.sample?p=Ahome2Ameumer25AeubellaImeumercadoIapp" "Mozilla/5.0 AppleWebKit/537.36 (KHTML, like Gecko; compatible; GPTBot/1.3; +https://openai.com/gptbot)" netodolele.com.br.meumercado.app 162.241.203.76
74.7.241.0 - - [10/Mar/2026:10:46:26 -0300] "GET /post-formats-vs.png?p=Ahome2Ameumer25AwwwAwp-includesAblocksAquery-total HTTP/2.0" 200 27005 "https://www.netodolele.com.br.meumercado.app/post-formats-vs.png?p=Ahome2Ameumer25AwwwAwp-includesAblocks" "Mozilla/5.0 AppleWebKit/537.36 (KHTML, like Gecko; compatible; GPTBot/1.3; +https://openai.com/gptbot)" www.netodolele.com.br.meumercado.app 162.241.203.76
74.7.241.49 - - [10/Mar/2026:10:46:27 -0300] "GET /blog/man1-r62h8irowybto3kis2r2931virzzihxss8cgmbu554.jpg?p=Ahome2Ameumer25Apublic_htmlAwp-contentApluginsAastra-sitesAincAlibAonboardingAassetsAsrcAcomponentsAcolor-palettes HTTP/2.0" 200 27063 "https://netodolele.com.br/blog/man1-r62h8irowybto3kis2r2931virzzihxss8cgmbu554.jpg?p=Ahome2Ameumer25Apublic_htmlAwp-contentApluginsAastra-sitesAincAlibAonboardingAassetsAsrcAcomponents" "Mozilla/5.0 AppleWebKit/537.36 (KHTML, like Gecko; compatible; GPTBot/1.3; +https://openai.com/gptbot)" netodolele.com.br 162.241.203.76
74.7.227.186 - - [10/Mar/2026:10:46:27 -0300] "GET /inline-edit-post.min.js?p=Ahome2Ameumer25AmeupetIappAwp-includesAjsAjquery HTTP/2.0" 200 30144 "https://netodolele.com.br.meumercado.app/inline-edit-post.min.js?p=Ahome2Ameumer25AmeupetIappAwp-includesAjs" "Mozilla/5.0 AppleWebKit/537.36 (KHTML, like Gecko; compatible; GPTBot/1.3; +https://openai.com/gptbot)" netodolele.com.br.meumercado.app 162.241.203.76
74.7.241.0 - - [10/Mar/2026:10:46:29 -0300] "GET /post-formats-vs.png?p=Ahome2Ameumer25AwwwAwp-includesAblocksAcolumn HTTP/2.0" 200 26667 "https://www.netodolele.com.br.meumercado.app/post-formats-vs.png?p=Ahome2Ameumer25AwwwAwp-includesAblocks" "Mozilla/5.0 AppleWebKit/537.36 (KHTML, like Gecko; compatible; GPTBot/1.3; +https://openai.com/gptbot)" www.netodolele.com.br.meumercado.app 162.241.203.76
74.7.241.49 - - [10/Mar/2026:10:46:30 -0300] "GET /blog/man2-r62h8htuq4ajchlvxkcfolaexe4masu2g3oz51vjbc.jpg?p=Ahome2Ameumer25AnetodoleleIcomIbrAwp-includesAblocks HTTP/2.0" 200 45315 "https://netodolele.com.br/blog/man2-r62h8htuq4ajchlvxkcfolaexe4masu2g3oz51vjbc.jpg?p=Ahome2Ameumer25AnetodoleleIcomIbrAwp-includes" "Mozilla/5.0 AppleWebKit/537.36 (KHTML, like Gecko; compatible; GPTBot/1.3; +https://openai.com/gptbot)" netodolele.com.br 162.241.203.76
74.7.227.186 - - [10/Mar/2026:10:46:30 -0300] "GET /post-update.sample?p=Ahome2Ameumer25AeubellaImeumercadoIappAwebAweb HTTP/1.1" 200 26950 "https://netodolele.com.br.meumercado.app/post-update.sample?p=Ahome2Ameumer25AeubellaImeumercadoIappAweb" "Mozilla/5.0 AppleWebKit/537.36 (KHTML, like Gecko; compatible; GPTBot/1.3; +https://openai.com/gptbot)" netodolele.com.br.meumercado.app 162.241.203.76
74.7.227.186 - - [10/Mar/2026:10:46:30 -0300] "GET /post-update.sample?p=Ahome2Ameumer25AeubellaImeumercadoIappAwebAweb HTTP/2.0" 200 26950 "https://netodolele.com.br.meumercado.app/post-update.sample?p=Ahome2Ameumer25AeubellaImeumercadoIappAweb" "Mozilla/5.0 AppleWebKit/537.36 (KHTML, like Gecko; compatible; GPTBot/1.3; +https://openai.com/gptbot)" netodolele.com.br.meumercado.app 162.241.203.76
74.7.241.0 - - [10/Mar/2026:10:46:32 -0300] "GET /post-formats-vs.png?p=Ahome2Ameumer25AwwwAwp-includesAblocksAcolumns HTTP/2.0" 200 27355 "https://www.netodolele.com.br.meumercado.app/post-formats-vs.png?p=Ahome2Ameumer25AwwwAwp-includesAblocks" "Mozilla/5.0 AppleWebKit/537.36 (KHTML, like Gecko; compatible; GPTBot/1.3; +https://openai.com/gptbot)" www.netodolele.com.br.meumercado.app 162.241.203.76
74.7.241.49 - - [10/Mar/2026:10:46:33 -0300] "GET /blog/man2-r62h8htuq4ajchlvxkcfolaexe4masu2g3oz51vjbc.jpg?p=Ahome2Ameumer25AIsoftaculousAwp_managerAscreenshots HTTP/2.0" 200 26741 "https://netodolele.com.br/blog/man2-r62h8htuq4ajchlvxkcfolaexe4masu2g3oz51vjbc.jpg?p=Ahome2Ameumer25AIsoftaculousAwp_manager" "Mozilla/5.0 AppleWebKit/537.36 (KHTML, like Gecko; compatible; GPTBot/1.3; +https://openai.com/gptbot)" netodolele.com.br 162.241.203.76
74.7.227.186 - - [10/Mar/2026:10:46:33 -0300] "GET /post-formats-vs.png?p=Ahome2Ameumer25AnetodoleleIcomIbrAwp-includesAblock-patterns HTTP/2.0" 200 28301 "https://netodolele.com.br.meumercado.app/post-formats-vs.png?p=Ahome2Ameumer25AnetodoleleIcomIbrAwp-includes" "Mozilla/5.0 AppleWebKit/537.36 (KHTML, like Gecko; compatible; GPTBot/1.3; +https://openai.com/gptbot)" netodolele.com.br.meumercado.app 162.241.203.76
74.7.241.0 - - [10/Mar/2026:10:46:36 -0300] "GET /post-formats-vs.png?p=Ahome2Ameumer25AwwwAwp-includesAblocksAshortcode HTTP/2.0" 200 27178 "https://www.netodolele.com.br.meumercado.app/post-formats-vs.png?p=Ahome2Ameumer25AwwwAwp-includesAblocks" "Mozilla/5.0 AppleWebKit/537.36 (KHTML, like Gecko; compatible; GPTBot/1.3; +https://openai.com/gptbot)" www.netodolele.com.br.meumercado.app 162.241.203.76
74.7.241.49 - - [10/Mar/2026:10:46:36 -0300] "GET /blog/man2-r62h8htuq4ajchlvxkcfolaexe4masu2g3oz51vjbc.jpg?p=Ahome2Ameumer25AminhafarmaciaIappAwp-includesAblocks HTTP/2.0" 200 45471 "https://netodolele.com.br/blog/man2-r62h8htuq4ajchlvxkcfolaexe4masu2g3oz51vjbc.jpg?p=Ahome2Ameumer25AminhafarmaciaIappAwp-includes" "Mozilla/5.0 AppleWebKit/537.36 (KHTML, like Gecko; compatible; GPTBot/1.3; +https://openai.com/gptbot)" netodolele.com.br 162.241.203.76
74.7.227.186 - - [10/Mar/2026:10:46:37 -0300] "GET /post-update.sample?p=Ahome2Ameumer25AapiImeumercadoIappAstorageAapp HTTP/1.1" 200 26697 "https://netodolele.com.br.meumercado.app/post-update.sample?p=Ahome2Ameumer25AapiImeumercadoIappAstorage" "Mozilla/5.0 AppleWebKit/537.36 (KHTML, like Gecko; compatible; GPTBot/1.3; +https://openai.com/gptbot)" netodolele.com.br.meumercado.app 162.241.203.76
74.7.227.186 - - [10/Mar/2026:10:46:37 -0300] "GET /post-update.sample?p=Ahome2Ameumer25AapiImeumercadoIappAstorageAapp HTTP/2.0" 200 26697 "https://netodolele.com.br.meumercado.app/post-update.sample?p=Ahome2Ameumer25AapiImeumercadoIappAstorage" "Mozilla/5.0 AppleWebKit/537.36 (KHTML, like Gecko; compatible; GPTBot/1.3; +https://openai.com/gptbot)" netodolele.com.br.meumercado.app 162.241.203.76
74.7.241.0 - - [10/Mar/2026:10:46:39 -0300] "GET /post-formats-vs.png?p=Ahome2Ameumer25AwwwAwp-includesARequestsAsrcAExceptionAHttp HTTP/2.0" 200 33611 "https://www.netodolele.com.br.meumercado.app/post-formats-vs.png?p=Ahome2Ameumer25AwwwAwp-includesARequestsAsrcAException" "Mozilla/5.0 AppleWebKit/537.36 (KHTML, like Gecko; compatible; GPTBot/1.3; +https://openai.com/gptbot)" www.netodolele.com.br.meumercado.app 162.241.203.76
74.7.241.49 - - [10/Mar/2026:10:46:39 -0300] "GET /blog/Untitled-2-r62ilg93kae59q86isj067eke14ztworgvmo4za140.jpg?p=Ahome2Ameumer25Aperl5AlibAperl5 HTTP/2.0" 200 26699 "https://netodolele.com.br/blog/Untitled-2-r62ilg93kae59q86isj067eke14ztworgvmo4za140.jpg?p=Ahome2Ameumer25Aperl5Alib" "Mozilla/5.0 AppleWebKit/537.36 (KHTML, like Gecko; compatible; GPTBot/1.3; +https://openai.com/gptbot)" netodolele.com.br 162.241.203.76
74.7.227.186 - - [10/Mar/2026:10:46:40 -0300] "GET /edit-post.min.js?p=Ahome2Ameumer25ApainelestilopetshopImeupetIappAappAConsoleACommands HTTP/2.0" 200 27400 "https://netodolele.com.br.meumercado.app/edit-post.min.js?p=Ahome2Ameumer25ApainelestilopetshopImeupetIappAappAConsole" "Mozilla/5.0 AppleWebKit/537.36 (KHTML, like Gecko; compatible; GPTBot/1.3; +https://openai.com/gptbot)" netodolele.com.br.meumercado.app 162.241.203.76
74.7.241.0 - - [10/Mar/2026:10:46:42 -0300] "GET /post-formats-vs.png?p=Ahome2Ameumer25AwwwAwp-includesARequestsAsrcAExceptionATransport HTTP/2.0" 200 26705 "https://www.netodolele.com.br.meumercado.app/post-formats-vs.png?p=Ahome2Ameumer25AwwwAwp-includesARequestsAsrcAException" "Mozilla/5.0 AppleWebKit/537.36 (KHTML, like Gecko; compatible; GPTBot/1.3; +https://openai.com/gptbot)" www.netodolele.com.br.meumercado.app 162.241.203.76
74.7.241.49 - - [10/Mar/2026:10:46:42 -0300] "GET /blog/e1c94ff945de29fe0347618b01d510d5.php HTTP/2.0" 409 83 "https://netodolele.com.br/blog/man2-r62h8htuq4ajchlvxkcfolaexe4masu2g3oz51vjbc.jpg?p=Ahome2Ameumer25AtmpApma_template_compiles_meumer25AtwigAe1" "Mozilla/5.0 AppleWebKit/537.36 (KHTML, like Gecko; compatible; GPTBot/1.3; +https://openai.com/gptbot)" netodolele.com.br 162.241.203.76
74.7.227.186 - - [10/Mar/2026:10:46:43 -0300] "GET /inline-edit-post.min.js?p=Ahome2Ameumer25AmeupetIappAwp-includesAblocksAquery-pagination HTTP/2.0" 200 28245 "https://netodolele.com.br.meumercado.app/inline-edit-post.min.js?p=Ahome2Ameumer25AmeupetIappAwp-includesAblocks" "Mozilla/5.0 AppleWebKit/537.36 (KHTML, like Gecko; compatible; GPTBot/1.3; +https://openai.com/gptbot)" netodolele.com.br.meumercado.app 162.241.203.76
74.7.241.0 - - [10/Mar/2026:10:46:45 -0300] "GET /post-formats-vs.png?p=Ahome2Ameumer25AwwwAwp-includesAjsAswfupload HTTP/2.0" 200 26810 "https://www.netodolele.com.br.meumercado.app/post-formats-vs.png?p=Ahome2Ameumer25AwwwAwp-includesAjs" "Mozilla/5.0 AppleWebKit/537.36 (KHTML, like Gecko; compatible; GPTBot/1.3; +https://openai.com/gptbot)" www.netodolele.com.br.meumercado.app 162.241.203.76
74.7.241.49 - - [10/Mar/2026:10:46:46 -0300] "GET /blog/smart-address-field.jpg?p=Ahome2Ameumer25AnetodoleleIcomIbrAwp-contentAthemesAastraAincAcustomizerAconfigurationsAbuttons HTTP/2.0" 200 27025 "https://netodolele.com.br/blog/smart-address-field.jpg?p=Ahome2Ameumer25AnetodoleleIcomIbrAwp-contentAthemesAastraAincAcustomizerAconfigurations" "Mozilla/5.0 AppleWebKit/537.36 (KHTML, like Gecko; compatible; GPTBot/1.3; +https://openai.com/gptbot)" netodolele.com.br 162.241.203.76
74.7.227.186 - - [10/Mar/2026:10:46:46 -0300] "GET /inline-edit-post.min.js?p=Ahome2Ameumer25AmeupetIappAwp-includesAblocksAlegacy-widget HTTP/2.0" 200 26831 "https://netodolele.com.br.meumercado.app/inline-edit-post.min.js?p=Ahome2Ameumer25AmeupetIappAwp-includesAblocks" "Mozilla/5.0 AppleWebKit/537.36 (KHTML, like Gecko; compatible; GPTBot/1.3; +https://openai.com/gptbot)" netodolele.com.br.meumercado.app 162.241.203.76
74.7.241.0 - - [10/Mar/2026:10:46:48 -0300] "GET /post-formats-vs.png?p=Ahome2Ameumer25AwwwAwp-includesAblocksAspacer HTTP/2.0" 200 27311 "https://www.netodolele.com.br.meumercado.app/post-formats-vs.png?p=Ahome2Ameumer25AwwwAwp-includesAblocks" "Mozilla/5.0 AppleWebKit/537.36 (KHTML, like Gecko; compatible; GPTBot/1.3; +https://openai.com/gptbot)" www.netodolele.com.br.meumercado.app 162.241.203.76
74.7.227.186 - - [10/Mar/2026:10:46:49 -0300] "GET /edit-post.js?p=Ahome2Ameumer25AmeumercadoImeumercadoIappAassetsAshaders HTTP/2.0" 200 26733 "https://netodolele.com.br.meumercado.app/edit-post.js?p=Ahome2Ameumer25AmeumercadoImeumercadoIappAassets" "Mozilla/5.0 AppleWebKit/537.36 (KHTML, like Gecko; compatible; GPTBot/1.3; +https://openai.com/gptbot)" netodolele.com.br.meumercado.app 162.241.203.76
74.7.241.0 - - [10/Mar/2026:10:46:52 -0300] "GET /post-formats-vs.png?p=Ahome2Ameumer25AwwwAwp-includesAjsAimgareaselect HTTP/2.0" 200 27607 "https://www.netodolele.com.br.meumercado.app/post-formats-vs.png?p=Ahome2Ameumer25AwwwAwp-includesAjs" "Mozilla/5.0 AppleWebKit/537.36 (KHTML, like Gecko; compatible; GPTBot/1.3; +https://openai.com/gptbot)" www.netodolele.com.br.meumercado.app 162.241.203.76
74.7.227.186 - - [10/Mar/2026:10:46:52 -0300] "GET /post.min.js?p=Ahome2Ameumer25AmeumercadoImeumercadoIappAassetsAassets HTTP/2.0" 200 26726 "https://netodolele.com.br.meumercado.app/post.min.js?p=Ahome2Ameumer25AmeumercadoImeumercadoIappAassets" "Mozilla/5.0 AppleWebKit/537.36 (KHTML, like Gecko; compatible; GPTBot/1.3; +https://openai.com/gptbot)" netodolele.com.br.meumercado.app 162.241.203.76
74.7.241.0 - - [10/Mar/2026:10:46:55 -0300] "GET /post-formats-vs.png?p=Ahome2Ameumer25AwwwAwp-includesAblocksAseparator HTTP/2.0" 200 27814 "https://www.netodolele.com.br.meumercado.app/post-formats-vs.png?p=Ahome2Ameumer25AwwwAwp-includesAblocks" "Mozilla/5.0 AppleWebKit/537.36 (KHTML, like Gecko; compatible; GPTBot/1.3; +https://openai.com/gptbot)" www.netodolele.com.br.meumercado.app 162.241.203.76
74.7.241.49 - - [10/Mar/2026:10:46:55 -0300] "GET /blog/pojoaque.jpg?p=Ahome2Ameumer25AnetodoleleIcomIbrAwp-contentApluginsAjet-engineAincludesAcomponentsAquery-builderAtraits HTTP/2.0" 200 26779 "https://netodolele.com.br/blog/pojoaque.jpg?p=Ahome2Ameumer25AnetodoleleIcomIbrAwp-contentApluginsAjet-engineAincludesAcomponentsAquery-builder" "Mozilla/5.0 AppleWebKit/537.36 (KHTML, like Gecko; compatible; GPTBot/1.3; +https://openai.com/gptbot)" netodolele.com.br 162.241.203.76
74.7.227.186 - - [10/Mar/2026:10:46:56 -0300] "GET /post-update.sample?edit=logo.png&p=Ahome2Ameumer25ArioalimentosImeumercadoIapp HTTP/2.0" 200 147097 "https://netodolele.com.br.meumercado.app/post-update.sample?p=Ahome2Ameumer25ArioalimentosImeumercadoIapp" "Mozilla/5.0 AppleWebKit/537.36 (KHTML, like Gecko; compatible; GPTBot/1.3; +https://openai.com/gptbot)" netodolele.com.br.meumercado.app 162.241.203.76
74.7.241.0 - - [10/Mar/2026:10:46:58 -0300] "GET /post-formats-vs.png?p=Ahome2Ameumer25AwwwAwp-includesAblocksAembed HTTP/2.0" 200 27621 "https://www.netodolele.com.br.meumercado.app/post-formats-vs.png?p=Ahome2Ameumer25AwwwAwp-includesAblocks" "Mozilla/5.0 AppleWebKit/537.36 (KHTML, like Gecko; compatible; GPTBot/1.3; +https://openai.com/gptbot)" www.netodolele.com.br.meumercado.app 162.241.203.76
74.7.227.186 - - [10/Mar/2026:10:46:59 -0300] "GET /post.js?p=Ahome2Ameumer25AIhtpasswdsAmeumercadoImeumercadoIapp HTTP/2.0" 200 26601 "https://netodolele.com.br.meumercado.app/post.js?p=Ahome2Ameumer25AIhtpasswds" "Mozilla/5.0 AppleWebKit/537.36 (KHTML, like Gecko; compatible; GPTBot/1.3; +https://openai.com/gptbot)" netodolele.com.br.meumercado.app 162.241.203.76
74.7.241.0 - - [10/Mar/2026:10:47:01 -0300] "GET /post-formats-vs.png?p=Ahome2Ameumer25AwwwAwp-includesAblocksAmissing HTTP/2.0" 200 26667 "https://www.netodolele.com.br.meumercado.app/post-formats-vs.png?p=Ahome2Ameumer25AwwwAwp-includesAblocks" "Mozilla/5.0 AppleWebKit/537.36 (KHTML, like Gecko; compatible; GPTBot/1.3; +https://openai.com/gptbot)" www.netodolele.com.br.meumercado.app 162.241.203.76
74.7.227.186 - - [10/Mar/2026:10:47:02 -0300] "GET /inline-edit-post.min.js?p=Ahome2Ameumer25AmeupetIappAwp-includesAjsAjqueryAui HTTP/2.0" 200 37975 "https://netodolele.com.br.meumercado.app/inline-edit-post.min.js?p=Ahome2Ameumer25AmeupetIappAwp-includesAjsAjquery" "Mozilla/5.0 AppleWebKit/537.36 (KHTML, like Gecko; compatible; GPTBot/1.3; +https://openai.com/gptbot)" netodolele.com.br.meumercado.app 162.241.203.76
74.7.241.49 - - [10/Mar/2026:10:47:03 -0300] "GET /blog/smart-address-field.jpg?p=Ahome2Ameumer25AnetodoleleIcomIbrAwp-contentAthemesAastraAincAcustomizerAconfigurationsAlayout HTTP/2.0" 200 28571 "https://netodolele.com.br/blog/smart-address-field.jpg?p=Ahome2Ameumer25AnetodoleleIcomIbrAwp-contentAthemesAastraAincAcustomizerAconfigurations" "Mozilla/5.0 AppleWebKit/537.36 (KHTML, like Gecko; compatible; GPTBot/1.3; +https://openai.com/gptbot)" netodolele.com.br 162.241.203.76
74.7.241.0 - - [10/Mar/2026:10:47:05 -0300] "GET /post-formats-vs.png?p=Ahome2Ameumer25AwwwAwp-includesAblocksAcomments HTTP/2.0" 200 27532 "https://www.netodolele.com.br.meumercado.app/post-formats-vs.png?p=Ahome2Ameumer25AwwwAwp-includesAblocks" "Mozilla/5.0 AppleWebKit/537.36 (KHTML, like Gecko; compatible; GPTBot/1.3; +https://openai.com/gptbot)" www.netodolele.com.br.meumercado.app 162.241.203.76
74.7.227.186 - - [10/Mar/2026:10:47:05 -0300] "GET /post-update.sample?p=Ahome2Ameumer25AeubellaImeumercadoIappAwebAwebAweb HTTP/1.1" 200 26753 "https://netodolele.com.br.meumercado.app/post-update.sample?p=Ahome2Ameumer25AeubellaImeumercadoIappAwebAweb" "Mozilla/5.0 AppleWebKit/537.36 (KHTML, like Gecko; compatible; GPTBot/1.3; +https://openai.com/gptbot)" netodolele.com.br.meumercado.app 162.241.203.76
74.7.227.186 - - [10/Mar/2026:10:47:05 -0300] "GET /post-update.sample?p=Ahome2Ameumer25AeubellaImeumercadoIappAwebAwebAweb HTTP/2.0" 200 26753 "https://netodolele.com.br.meumercado.app/post-update.sample?p=Ahome2Ameumer25AeubellaImeumercadoIappAwebAweb" "Mozilla/5.0 AppleWebKit/537.36 (KHTML, like Gecko; compatible; GPTBot/1.3; +https://openai.com/gptbot)" netodolele.com.br.meumercado.app 162.241.203.76
74.7.241.0 - - [10/Mar/2026:10:47:08 -0300] "GET /post-formats-vs.png?p=Ahome2Ameumer25AwwwAwp-includesAblocksAfootnotes HTTP/2.0" 200 27001 "https://www.netodolele.com.br.meumercado.app/post-formats-vs.png?p=Ahome2Ameumer25AwwwAwp-includesAblocks" "Mozilla/5.0 AppleWebKit/537.36 (KHTML, like Gecko; compatible; GPTBot/1.3; +https://openai.com/gptbot)" www.netodolele.com.br.meumercado.app 162.241.203.76
74.7.227.186 - - [10/Mar/2026:10:47:08 -0300] "GET /post.min.js?p=Ahome2Ameumer25AmeumercadoImeumercadoIappAassetsAshaders HTTP/2.0" 200 26733 "https://netodolele.com.br.meumercado.app/post.min.js?p=Ahome2Ameumer25AmeumercadoImeumercadoIappAassets" "Mozilla/5.0 AppleWebKit/537.36 (KHTML, like Gecko; compatible; GPTBot/1.3; +https://openai.com/gptbot)" netodolele.com.br.meumercado.app 162.241.203.76
74.7.241.0 - - [10/Mar/2026:10:47:11 -0300] "GET /post-formats-vs.png?p=Ahome2Ameumer25AwwwAwp-includesAblocksAverse HTTP/2.0" 200 26959 "https://www.netodolele.com.br.meumercado.app/post-formats-vs.png?p=Ahome2Ameumer25AwwwAwp-includesAblocks" "Mozilla/5.0 AppleWebKit/537.36 (KHTML, like Gecko; compatible; GPTBot/1.3; +https://openai.com/gptbot)" www.netodolele.com.br.meumercado.app 162.241.203.76
74.7.241.49 - - [10/Mar/2026:10:47:11 -0300] "GET /blog/smart-address-field.jpg?p=Ahome2Ameumer25AnetodoleleIcomIbrAwp-contentAthemesAastraAincAbuilderAtypeAfooterAcopyright HTTP/2.0" 200 27292 "https://netodolele.com.br/blog/smart-address-field.jpg?p=Ahome2Ameumer25AnetodoleleIcomIbrAwp-contentAthemesAastraAincAbuilderAtypeAfooter" "Mozilla/5.0 AppleWebKit/537.36 (KHTML, like Gecko; compatible; GPTBot/1.3; +https://openai.com/gptbot)" netodolele.com.br 162.241.203.76
74.7.227.186 - - [10/Mar/2026:10:47:11 -0300] "GET /post.js?p=Ahome2Ameumer25AmeumercadoImeumercadoIappAassets HTTP/2.0" 200 27126 "https://netodolele.com.br.meumercado.app/post.js?p=Ahome2Ameumer25AmeumercadoImeumercadoIapp" "Mozilla/5.0 AppleWebKit/537.36 (KHTML, like Gecko; compatible; GPTBot/1.3; +https://openai.com/gptbot)" netodolele.com.br.meumercado.app 162.241.203.76
74.7.241.0 - - [10/Mar/2026:10:47:14 -0300] "GET /post-formats-vs.png?p=Ahome2Ameumer25AwwwAwp-includesAjsAcodemirror HTTP/2.0" 200 27405 "https://www.netodolele.com.br.meumercado.app/post-formats-vs.png?p=Ahome2Ameumer25AwwwAwp-includesAjs" "Mozilla/5.0 AppleWebKit/537.36 (KHTML, like Gecko; compatible; GPTBot/1.3; +https://openai.com/gptbot)" www.netodolele.com.br.meumercado.app 162.241.203.76
74.7.227.186 - - [10/Mar/2026:10:47:15 -0300] "GET /edit-post.js?p=Ahome2Ameumer25AmeumercadoImeumercadoIappAassetsAassets HTTP/2.0" 200 26726 "https://netodolele.com.br.meumercado.app/edit-post.js?p=Ahome2Ameumer25AmeumercadoImeumercadoIappAassets" "Mozilla/5.0 AppleWebKit/537.36 (KHTML, like Gecko; compatible; GPTBot/1.3; +https://openai.com/gptbot)" netodolele.com.br.meumercado.app 162.241.203.76
74.7.241.0 - - [10/Mar/2026:10:47:17 -0300] "GET /post-formats-vs.png?p=Ahome2Ameumer25AwwwAwp-includesAblocksAarchives HTTP/2.0" 200 27353 "https://www.netodolele.com.br.meumercado.app/post-formats-vs.png?p=Ahome2Ameumer25AwwwAwp-includesAblocks" "Mozilla/5.0 AppleWebKit/537.36 (KHTML, like Gecko; compatible; GPTBot/1.3; +https://openai.com/gptbot)" www.netodolele.com.br.meumercado.app 162.241.203.76
74.7.227.186 - - [10/Mar/2026:10:47:18 -0300] "GET /post-formats-vs.png?p=Ahome2Ameumer25AnetodoleleIcomIbrAwp-adminAjsAwidgets HTTP/2.0" 200 29773 "https://netodolele.com.br.meumercado.app/post-formats-vs.png?p=Ahome2Ameumer25AnetodoleleIcomIbrAwp-adminAjs" "Mozilla/5.0 AppleWebKit/537.36 (KHTML, like Gecko; compatible; GPTBot/1.3; +https://openai.com/gptbot)" netodolele.com.br.meumercado.app 162.241.203.76
74.7.241.49 - - [10/Mar/2026:10:47:18 -0300] "GET /blog/smart-address-field.jpg?p=Ahome2Ameumer25AnetodoleleIcomIbrAwp-contentAthemesAastraAincAcustomizerAconfigurationsAbuilder HTTP/2.0" 200 27030 "https://netodolele.com.br/blog/smart-address-field.jpg?p=Ahome2Ameumer25AnetodoleleIcomIbrAwp-contentAthemesAastraAincAcustomizerAconfigurations" "Mozilla/5.0 AppleWebKit/537.36 (KHTML, like Gecko; compatible; GPTBot/1.3; +https://openai.com/gptbot)" netodolele.com.br 162.241.203.76
162.241.203.76 - - [10/Mar/2026:10:47:20 -0300] "POST /wp-cron.php?doing_wp_cron=1773150440.9071009159088134765625 HTTP/1.1" 200 - "-" "WordPress/6.9.1; https://netodolele.com.br" netodolele.com.br 162.241.203.76
74.7.241.0 - - [10/Mar/2026:10:47:20 -0300] "GET /post-formats-vs.png?p=Ahome2Ameumer25AwwwAwp-includesAblocksAimage HTTP/2.0" 200 27951 "https://www.netodolele.com.br.meumercado.app/post-formats-vs.png?p=Ahome2Ameumer25AwwwAwp-includesAblocks" "Mozilla/5.0 AppleWebKit/537.36 (KHTML, like Gecko; compatible; GPTBot/1.3; +https://openai.com/gptbot)" www.netodolele.com.br.meumercado.app 162.241.203.76
74.7.227.186 - - [10/Mar/2026:10:47:21 -0300] "GET /post-formats-vs.png?p=Ahome2Ameumer25AnetodoleleIcomIbrAwp-includesAjsAdist HTTP/2.0" 200 46181 "https://netodolele.com.br.meumercado.app/post-formats-vs.png?p=Ahome2Ameumer25AnetodoleleIcomIbrAwp-includesAjs" "Mozilla/5.0 AppleWebKit/537.36 (KHTML, like Gecko; compatible; GPTBot/1.3; +https://openai.com/gptbot)" netodolele.com.br.meumercado.app 162.241.203.76
74.7.241.0 - - [10/Mar/2026:10:47:23 -0300] "GET /post-formats-vs.png?p=Ahome2Ameumer25AwwwAwp-includesAblocksAaccordion HTTP/2.0" 200 26999 "https://www.netodolele.com.br.meumercado.app/post-formats-vs.png?p=Ahome2Ameumer25AwwwAwp-includesAblocks" "Mozilla/5.0 AppleWebKit/537.36 (KHTML, like Gecko; compatible; GPTBot/1.3; +https://openai.com/gptbot)" www.netodolele.com.br.meumercado.app 162.241.203.76
74.7.227.186 - - [10/Mar/2026:10:47:24 -0300] "GET /post-formats-vs.png?p=Ahome2Ameumer25AnetodoleleIcomIbrAwp-includesARequests HTTP/2.0" 200 26748 "https://netodolele.com.br.meumercado.app/post-formats-vs.png?p=Ahome2Ameumer25AnetodoleleIcomIbrAwp-includes" "Mozilla/5.0 AppleWebKit/537.36 (KHTML, like Gecko; compatible; GPTBot/1.3; +https://openai.com/gptbot)" netodolele.com.br.meumercado.app 162.241.203.76
74.7.241.49 - - [10/Mar/2026:10:47:25 -0300] "GET /blog/smart-address-field.jpg?p=Ahome2Ameumer25AnetodoleleIcomIbrAwp-contentAthemesAastraAincAcompatibilityAsurecartAcustomizer HTTP/2.0" 200 26794 "https://netodolele.com.br/blog/smart-address-field.jpg?p=Ahome2Ameumer25AnetodoleleIcomIbrAwp-contentAthemesAastraAincAcompatibilityAsurecart" "Mozilla/5.0 AppleWebKit/537.36 (KHTML, like Gecko; compatible; GPTBot/1.3; +https://openai.com/gptbot)" netodolele.com.br 162.241.203.76
74.7.241.0 - - [10/Mar/2026:10:47:26 -0300] "GET /post-formats-vs.png?edit=imgareaselect.css&p=Ahome2Ameumer25AwwwAwp-includesAjsAimgareaselect HTTP/2.0" 200 26399 "https://www.netodolele.com.br.meumercado.app/post-formats-vs.png?p=Ahome2Ameumer25AwwwAwp-includesAjsAimgareaselect" "Mozilla/5.0 AppleWebKit/537.36 (KHTML, like Gecko; compatible; GPTBot/1.3; +https://openai.com/gptbot)" www.netodolele.com.br.meumercado.app 162.241.203.76
74.7.227.186 - - [10/Mar/2026:10:47:27 -0300] "GET /post-formats-vs.png?p=Ahome2Ameumer25AnetodoleleIcomIbrAwp-includesAwidgets HTTP/2.0" 200 31076 "https://netodolele.com.br.meumercado.app/post-formats-vs.png?p=Ahome2Ameumer25AnetodoleleIcomIbrAwp-includes" "Mozilla/5.0 AppleWebKit/537.36 (KHTML, like Gecko; compatible; GPTBot/1.3; +https://openai.com/gptbot)" netodolele.com.br.meumercado.app 162.241.203.76
74.7.241.0 - - [10/Mar/2026:10:47:30 -0300] "GET /post-formats-vs.png?p=Ahome2Ameumer25AwwwAwp-includesAblocksAdetails HTTP/2.0" 200 27312 "https://www.netodolele.com.br.meumercado.app/post-formats-vs.png?p=Ahome2Ameumer25AwwwAwp-includesAblocks" "Mozilla/5.0 AppleWebKit/537.36 (KHTML, like Gecko; compatible; GPTBot/1.3; +https://openai.com/gptbot)" www.netodolele.com.br.meumercado.app 162.241.203.76
74.7.241.49 - - [10/Mar/2026:10:47:30 -0300] "GET /blog/man2-r62h8htuq4ajchlvxkcfolaexe4masu2g3oz51vjbc.jpg?p=Ahome2Ameumer25AnetodoleleIcomIbrAwp-includesAblocksAmore HTTP/2.0" 200 27329 "https://netodolele.com.br/blog/man2-r62h8htuq4ajchlvxkcfolaexe4masu2g3oz51vjbc.jpg?p=Ahome2Ameumer25AnetodoleleIcomIbrAwp-includesAblocks" "Mozilla/5.0 AppleWebKit/537.36 (KHTML, like Gecko; compatible; GPTBot/1.3; +https://openai.com/gptbot)" netodolele.com.br 162.241.203.76
74.7.227.186 - - [10/Mar/2026:10:47:31 -0300] "GET /post.js?p=Ahome2Ameumer25AminhafarmaciaIappAwp-includesAblocks HTTP/2.0" 200 45496 "https://netodolele.com.br.meumercado.app/post.js?p=Ahome2Ameumer25AminhafarmaciaIappAwp-includes" "Mozilla/5.0 AppleWebKit/537.36 (KHTML, like Gecko; compatible; GPTBot/1.3; +https://openai.com/gptbot)" netodolele.com.br.meumercado.app 162.241.203.76
74.7.241.0 - - [10/Mar/2026:10:47:33 -0300] "GET /post-formats-vs.png?p=Ahome2Ameumer25AwwwAwp-includesAblocksAparagraph HTTP/2.0" 200 27532 "https://www.netodolele.com.br.meumercado.app/post-formats-vs.png?p=Ahome2Ameumer25AwwwAwp-includesAblocks" "Mozilla/5.0 AppleWebKit/537.36 (KHTML, like Gecko; compatible; GPTBot/1.3; +https://openai.com/gptbot)" www.netodolele.com.br.meumercado.app 162.241.203.76
74.7.227.186 - - [10/Mar/2026:10:47:34 -0300] "GET /inline-edit-post.js?p=Ahome2Ameumer25ApainelestilopetshopImeupetIappAappAExceptions HTTP/2.0" 200 26747 "https://netodolele.com.br.meumercado.app/inline-edit-post.js?p=Ahome2Ameumer25ApainelestilopetshopImeupetIappAapp" "Mozilla/5.0 AppleWebKit/537.36 (KHTML, like Gecko; compatible; GPTBot/1.3; +https://openai.com/gptbot)" netodolele.com.br.meumercado.app 162.241.203.76
