Sid Gifari File Manager
🏠 Root
/
home2
/
meumer25
/
access-logs
/
Editing: netodolele.com.br.meumercado.app-ssl_log
74.7.227.186 - - [10/Mar/2026:09:00:51 -0300] "GET /a2a8a34a6221e4dceb24a759ed14e911f74c57 HTTP/1.1" 200 27129 "https://netodolele.com.br.meumercado.app/post-formats-vs.png?p=Ahome2Ameumer25AapiImeumercadoIappAIgitAobjectsAa0" "Mozilla/5.0 AppleWebKit/537.36 (KHTML, like Gecko; compatible; GPTBot/1.3; +https://openai.com/gptbot)" netodolele.com.br.meumercado.app 162.241.203.76
74.7.227.186 - - [10/Mar/2026:09:00:51 -0300] "GET /a2a8a34a6221e4dceb24a759ed14e911f74c57 HTTP/2.0" 200 27129 "https://netodolele.com.br.meumercado.app/post-formats-vs.png?p=Ahome2Ameumer25AapiImeumercadoIappAIgitAobjectsAa0" "Mozilla/5.0 AppleWebKit/537.36 (KHTML, like Gecko; compatible; GPTBot/1.3; +https://openai.com/gptbot)" netodolele.com.br.meumercado.app 162.241.203.76
74.7.227.186 - - [10/Mar/2026:09:00:57 -0300] "GET /c778ac28336191db975488503b3f013b1c7926 HTTP/1.1" 200 27129 "https://netodolele.com.br.meumercado.app/post-formats-vs.png?p=Ahome2Ameumer25AapiImeumercadoIappAIgitAobjectsAa0" "Mozilla/5.0 AppleWebKit/537.36 (KHTML, like Gecko; compatible; GPTBot/1.3; +https://openai.com/gptbot)" netodolele.com.br.meumercado.app 162.241.203.76
74.7.227.186 - - [10/Mar/2026:09:00:57 -0300] "GET /c778ac28336191db975488503b3f013b1c7926 HTTP/2.0" 200 27129 "https://netodolele.com.br.meumercado.app/post-formats-vs.png?p=Ahome2Ameumer25AapiImeumercadoIappAIgitAobjectsAa0" "Mozilla/5.0 AppleWebKit/537.36 (KHTML, like Gecko; compatible; GPTBot/1.3; +https://openai.com/gptbot)" netodolele.com.br.meumercado.app 162.241.203.76
74.7.241.0 - - [10/Mar/2026:09:01:01 -0300] "GET /edit-post.min.js?p=Ahome2Ameumer25AmeupetIappAwp-adminAcssAcolorsAlight HTTP/2.0" 200 27192 "https://www.netodolele.com.br.meumercado.app/edit-post.min.js?p=Ahome2Ameumer25AmeupetIappAwp-adminAcssAcolors" "Mozilla/5.0 AppleWebKit/537.36 (KHTML, like Gecko; compatible; GPTBot/1.3; +https://openai.com/gptbot)" www.netodolele.com.br.meumercado.app 162.241.203.76
74.7.227.186 - - [10/Mar/2026:09:01:03 -0300] "GET /inline-edit-post.js?p=Ahome2Ameumer25AminhafarmaciaIappAwp-includesASimplePie HTTP/2.0" 200 26889 "https://netodolele.com.br.meumercado.app/inline-edit-post.js?p=Ahome2Ameumer25AminhafarmaciaIappAwp-includes" "Mozilla/5.0 AppleWebKit/537.36 (KHTML, like Gecko; compatible; GPTBot/1.3; +https://openai.com/gptbot)" netodolele.com.br.meumercado.app 162.241.203.76
74.7.227.186 - - [10/Mar/2026:09:01:09 -0300] "GET /inline-edit-post.js?p=Ahome2Ameumer25AminhafarmaciaIappAwp-includesAcustomize HTTP/2.0" 200 34813 "https://netodolele.com.br.meumercado.app/inline-edit-post.js?p=Ahome2Ameumer25AminhafarmaciaIappAwp-includes" "Mozilla/5.0 AppleWebKit/537.36 (KHTML, like Gecko; compatible; GPTBot/1.3; +https://openai.com/gptbot)" netodolele.com.br.meumercado.app 162.241.203.76
74.7.227.186 - - [10/Mar/2026:09:01:14 -0300] "GET /inline-edit-post.js?p=Ahome2Ameumer25AminhafarmaciaIappAwp-includesAjsAtinymce HTTP/2.0" 200 27890 "https://netodolele.com.br.meumercado.app/inline-edit-post.js?p=Ahome2Ameumer25AminhafarmaciaIappAwp-includesAjs" "Mozilla/5.0 AppleWebKit/537.36 (KHTML, like Gecko; compatible; GPTBot/1.3; +https://openai.com/gptbot)" netodolele.com.br.meumercado.app 162.241.203.76
74.7.227.186 - - [10/Mar/2026:09:01:19 -0300] "GET /inline-edit-post.js?p=Ahome2Ameumer25ApainelestilopetshopImeupetIappAvendorApsrAhttp-client HTTP/2.0" 200 27253 "https://netodolele.com.br.meumercado.app/inline-edit-post.js?p=Ahome2Ameumer25ApainelestilopetshopImeupetIappAvendorApsr" "Mozilla/5.0 AppleWebKit/537.36 (KHTML, like Gecko; compatible; GPTBot/1.3; +https://openai.com/gptbot)" netodolele.com.br.meumercado.app 162.241.203.76
74.7.227.186 - - [10/Mar/2026:09:01:23 -0300] "GET /post-formats-vs.png?p=Ahome2Ameumer25AapiImeumercadoIappAvendorAphpunitAphp-code-coverageAtests HTTP/2.0" 200 27064 "https://netodolele.com.br.meumercado.app/post-formats-vs.png?p=Ahome2Ameumer25AapiImeumercadoIappAvendorAphpunitAphp-code-coverage" "Mozilla/5.0 AppleWebKit/537.36 (KHTML, like Gecko; compatible; GPTBot/1.3; +https://openai.com/gptbot)" netodolele.com.br.meumercado.app 162.241.203.76
74.7.227.186 - - [10/Mar/2026:09:01:26 -0300] "GET /inline-edit-post.js?p=Ahome2Ameumer25AapiImeumercadoIappAvendorAphpunitAphp-code-coverageAtests HTTP/2.0" 200 27064 "https://netodolele.com.br.meumercado.app/inline-edit-post.js?p=Ahome2Ameumer25AapiImeumercadoIappAvendorAphpunitAphp-code-coverage" "Mozilla/5.0 AppleWebKit/537.36 (KHTML, like Gecko; compatible; GPTBot/1.3; +https://openai.com/gptbot)" netodolele.com.br.meumercado.app 162.241.203.76
74.7.241.0 - - [10/Mar/2026:09:01:27 -0300] "GET /edit-post.min.js?p=Ahome2Ameumer25AmeupetIappAwp-includesAjsAmediaelementArenderers HTTP/2.0" 200 26789 "https://www.netodolele.com.br.meumercado.app/edit-post.min.js?p=Ahome2Ameumer25AmeupetIappAwp-includesAjsAmediaelement" "Mozilla/5.0 AppleWebKit/537.36 (KHTML, like Gecko; compatible; GPTBot/1.3; +https://openai.com/gptbot)" www.netodolele.com.br.meumercado.app 162.241.203.76
74.7.227.186 - - [10/Mar/2026:09:01:30 -0300] "GET /inline-edit-post.js?p=Ahome2Ameumer25AminhafarmaciaIappAwp-includesArest-apiAendpoints HTTP/2.0" 200 36913 "https://netodolele.com.br.meumercado.app/inline-edit-post.js?p=Ahome2Ameumer25AminhafarmaciaIappAwp-includesArest-api" "Mozilla/5.0 AppleWebKit/537.36 (KHTML, like Gecko; compatible; GPTBot/1.3; +https://openai.com/gptbot)" netodolele.com.br.meumercado.app 162.241.203.76
74.7.227.186 - - [10/Mar/2026:09:01:33 -0300] "GET /inline-edit-post.js?p=Ahome2Ameumer25AminhafarmaciaIappAwp-includesAhtml-apiAhtml-api HTTP/2.0" 200 27098 "https://netodolele.com.br.meumercado.app/inline-edit-post.js?p=Ahome2Ameumer25AminhafarmaciaIappAwp-includesAhtml-api" "Mozilla/5.0 AppleWebKit/537.36 (KHTML, like Gecko; compatible; GPTBot/1.3; +https://openai.com/gptbot)" netodolele.com.br.meumercado.app 162.241.203.76
74.7.241.49 - - [10/Mar/2026:09:01:33 -0300] "GET /blog/man2-r62h8htuq4ajchlvxkcfolaexe4masu2g3oz51vjbc.jpg?p=Ahome2Ameumer25AwwwAwp-contentApluginsAelementor-proAcoreAupgrade HTTP/2.0" 200 26898 "https://netodolele.com.br/blog/man2-r62h8htuq4ajchlvxkcfolaexe4masu2g3oz51vjbc.jpg?p=Ahome2Ameumer25AwwwAwp-contentApluginsAelementor-proAcore" "Mozilla/5.0 AppleWebKit/537.36 (KHTML, like Gecko; compatible; GPTBot/1.3; +https://openai.com/gptbot)" netodolele.com.br 162.241.203.76
162.241.203.76 - - [10/Mar/2026:09:01:36 -0300] "POST /wp-cron.php?doing_wp_cron=1773144096.4654209613800048828125 HTTP/1.1" 200 - "-" "WordPress/6.9.1; https://netodolele.com.br" netodolele.com.br 162.241.203.76
74.7.227.186 - - [10/Mar/2026:09:01:36 -0300] "GET /inline-edit-post.js?p=Ahome2Ameumer25AminhafarmaciaIappAwp-includesArest-apiAsearch HTTP/2.0" 200 27645 "https://netodolele.com.br.meumercado.app/inline-edit-post.js?p=Ahome2Ameumer25AminhafarmaciaIappAwp-includesArest-api" "Mozilla/5.0 AppleWebKit/537.36 (KHTML, like Gecko; compatible; GPTBot/1.3; +https://openai.com/gptbot)" netodolele.com.br.meumercado.app 162.241.203.76
74.7.227.186 - - [10/Mar/2026:09:01:39 -0300] "GET /inline-edit-post.js?p=Ahome2Ameumer25AminhafarmaciaIappAwp-includesArest-apiAfields HTTP/2.0" 200 27858 "https://netodolele.com.br.meumercado.app/inline-edit-post.js?p=Ahome2Ameumer25AminhafarmaciaIappAwp-includesArest-api" "Mozilla/5.0 AppleWebKit/537.36 (KHTML, like Gecko; compatible; GPTBot/1.3; +https://openai.com/gptbot)" netodolele.com.br.meumercado.app 162.241.203.76
74.7.227.186 - - [10/Mar/2026:09:01:42 -0300] "GET /inline-edit-post.js?p=Ahome2Ameumer25AapiImeumercadoIappAvendorAphpunitAphp-file-iteratorAtests HTTP/2.0" 200 26706 "https://netodolele.com.br.meumercado.app/inline-edit-post.js?p=Ahome2Ameumer25AapiImeumercadoIappAvendorAphpunitAphp-file-iterator" "Mozilla/5.0 AppleWebKit/537.36 (KHTML, like Gecko; compatible; GPTBot/1.3; +https://openai.com/gptbot)" netodolele.com.br.meumercado.app 162.241.203.76
74.7.227.186 - - [10/Mar/2026:09:01:45 -0300] "GET /inline-edit-post.js?p=Ahome2Ameumer25AminhafarmaciaIappAwp-includesASimplePieAsrc HTTP/2.0" 200 29625 "https://netodolele.com.br.meumercado.app/inline-edit-post.js?p=Ahome2Ameumer25AminhafarmaciaIappAwp-includesASimplePie" "Mozilla/5.0 AppleWebKit/537.36 (KHTML, like Gecko; compatible; GPTBot/1.3; +https://openai.com/gptbot)" netodolele.com.br.meumercado.app 162.241.203.76
74.7.227.186 - - [10/Mar/2026:09:01:48 -0300] "GET /inline-edit-post.js?edit=class-wp-customize-code-editor-control.php&p=Ahome2Ameumer25AminhafarmaciaIappAwp-includesAcustomize HTTP/2.0" 409 83 "https://netodolele.com.br.meumercado.app/inline-edit-post.js?p=Ahome2Ameumer25AminhafarmaciaIappAwp-includesAcustomize" "Mozilla/5.0 AppleWebKit/537.36 (KHTML, like Gecko; compatible; GPTBot/1.3; +https://openai.com/gptbot)" netodolele.com.br.meumercado.app 162.241.203.76
74.7.241.0 - - [10/Mar/2026:09:01:50 -0300] "GET /edit-post.min.js?edit=icon_mad.gif&p=Ahome2Ameumer25AmeupetIappAwp-includesAimagesAsmilies HTTP/2.0" 200 26346 "https://www.netodolele.com.br.meumercado.app/edit-post.min.js?p=Ahome2Ameumer25AmeupetIappAwp-includesAimagesAsmilies" "Mozilla/5.0 AppleWebKit/537.36 (KHTML, like Gecko; compatible; GPTBot/1.3; +https://openai.com/gptbot)" www.netodolele.com.br.meumercado.app 162.241.203.76
74.7.227.186 - - [10/Mar/2026:09:01:52 -0300] "GET /inline-edit-post.js?p=Ahome2Ameumer25AminhafarmaciaIappAwp-includesAjsAtinymceAthemes HTTP/2.0" 200 26662 "https://netodolele.com.br.meumercado.app/inline-edit-post.js?p=Ahome2Ameumer25AminhafarmaciaIappAwp-includesAjsAtinymce" "Mozilla/5.0 AppleWebKit/537.36 (KHTML, like Gecko; compatible; GPTBot/1.3; +https://openai.com/gptbot)" netodolele.com.br.meumercado.app 162.241.203.76
74.7.227.186 - - [10/Mar/2026:09:02:01 -0300] "GET /inline-edit-post.js?p=Ahome2Ameumer25AminhafarmaciaIappAwp-includesAjsAtinymceAutils HTTP/2.0" 200 27045 "https://netodolele.com.br.meumercado.app/inline-edit-post.js?p=Ahome2Ameumer25AminhafarmaciaIappAwp-includesAjsAtinymce" "Mozilla/5.0 AppleWebKit/537.36 (KHTML, like Gecko; compatible; GPTBot/1.3; +https://openai.com/gptbot)" netodolele.com.br.meumercado.app 162.241.203.76
74.7.227.186 - - [10/Mar/2026:09:02:10 -0300] "GET /inline-edit-post.js?p=Ahome2Ameumer25AminhafarmaciaIappAwp-includesAjsAtinymceAplugins HTTP/2.0" 200 27206 "https://netodolele.com.br.meumercado.app/inline-edit-post.js?p=Ahome2Ameumer25AminhafarmaciaIappAwp-includesAjsAtinymce" "Mozilla/5.0 AppleWebKit/537.36 (KHTML, like Gecko; compatible; GPTBot/1.3; +https://openai.com/gptbot)" netodolele.com.br.meumercado.app 162.241.203.76
74.7.241.0 - - [10/Mar/2026:09:02:10 -0300] "GET /edit-post.min.js?p=Ahome2Ameumer25AmeupetIappAwp-adminAcssAcolorsAblue HTTP/2.0" 200 27282 "https://www.netodolele.com.br.meumercado.app/edit-post.min.js?p=Ahome2Ameumer25AmeupetIappAwp-adminAcssAcolors" "Mozilla/5.0 AppleWebKit/537.36 (KHTML, like Gecko; compatible; GPTBot/1.3; +https://openai.com/gptbot)" www.netodolele.com.br.meumercado.app 162.241.203.76
74.7.227.186 - - [10/Mar/2026:09:02:17 -0300] "GET /inline-edit-post.js?p=Ahome2Ameumer25AminhafarmaciaIappAwp-includesAjsAtinymceAskins HTTP/2.0" 200 26669 "https://netodolele.com.br.meumercado.app/inline-edit-post.js?p=Ahome2Ameumer25AminhafarmaciaIappAwp-includesAjsAtinymce" "Mozilla/5.0 AppleWebKit/537.36 (KHTML, like Gecko; compatible; GPTBot/1.3; +https://openai.com/gptbot)" netodolele.com.br.meumercado.app 162.241.203.76
74.7.227.186 - - [10/Mar/2026:09:02:24 -0300] "GET /inline-edit-post.js?p=Ahome2Ameumer25AminhafarmaciaIappAwp-includesAjsAtinymceAlangs HTTP/2.0" 200 26692 "https://netodolele.com.br.meumercado.app/inline-edit-post.js?p=Ahome2Ameumer25AminhafarmaciaIappAwp-includesAjsAtinymce" "Mozilla/5.0 AppleWebKit/537.36 (KHTML, like Gecko; compatible; GPTBot/1.3; +https://openai.com/gptbot)" netodolele.com.br.meumercado.app 162.241.203.76
74.7.241.49 - - [10/Mar/2026:09:02:25 -0300] "GET /blog/man2-r62h8htuq4ajchlvxkcfolaexe4masu2g3oz51vjbc.jpg?p=Ahome2Ameumer25AwwwAwp-contentApluginsAelementor-proAmodulesAusage HTTP/2.0" 200 26679 "https://netodolele.com.br/blog/man2-r62h8htuq4ajchlvxkcfolaexe4masu2g3oz51vjbc.jpg?p=Ahome2Ameumer25AwwwAwp-contentApluginsAelementor-proAmodules" "Mozilla/5.0 AppleWebKit/537.36 (KHTML, like Gecko; compatible; GPTBot/1.3; +https://openai.com/gptbot)" netodolele.com.br 162.241.203.76
74.7.241.0 - - [10/Mar/2026:09:02:29 -0300] "GET /edit-post.min.js?edit=comment.php&p=Ahome2Ameumer25AmeupetIappAwp-adminAincludes HTTP/2.0" 409 83 "https://www.netodolele.com.br.meumercado.app/edit-post.min.js?p=Ahome2Ameumer25AmeupetIappAwp-adminAincludes" "Mozilla/5.0 AppleWebKit/537.36 (KHTML, like Gecko; compatible; GPTBot/1.3; +https://openai.com/gptbot)" www.netodolele.com.br.meumercado.app 162.241.203.76
74.7.227.186 - - [10/Mar/2026:09:02:31 -0300] "GET /inline-edit-post.js?p=Ahome2Ameumer25AminhafarmaciaIappAwp-includesASimplePieAlibrary HTTP/2.0" 200 26988 "https://netodolele.com.br.meumercado.app/inline-edit-post.js?p=Ahome2Ameumer25AminhafarmaciaIappAwp-includesASimplePie" "Mozilla/5.0 AppleWebKit/537.36 (KHTML, like Gecko; compatible; GPTBot/1.3; +https://openai.com/gptbot)" netodolele.com.br.meumercado.app 162.241.203.76
162.241.203.76 - - [10/Mar/2026:09:02:37 -0300] "POST /wp-cron.php?doing_wp_cron=1773144157.0593430995941162109375 HTTP/1.1" 200 - "-" "WordPress/6.9.1; https://netodolele.com.br" netodolele.com.br 162.241.203.76
74.7.227.186 - - [10/Mar/2026:09:02:36 -0300] "GET /post-formats-vs.png?p=Ahome2Ameumer25AkaickaviellaImeumercadoIapp HTTP/2.0" 200 29107 "https://netodolele.com.br.meumercado.app/post-formats-vs.png?p=Ahome2Ameumer25" "Mozilla/5.0 AppleWebKit/537.36 (KHTML, like Gecko; compatible; GPTBot/1.3; +https://openai.com/gptbot)" netodolele.com.br.meumercado.app 162.241.203.76
74.7.227.186 - - [10/Mar/2026:09:02:41 -0300] "GET /post-formats-vs.png?p=Ahome2Ameumer25AapiImeumercadoIappAvendorAphar-ioAversion HTTP/2.0" 200 26958 "https://netodolele.com.br.meumercado.app/post-formats-vs.png?p=Ahome2Ameumer25AapiImeumercadoIappAvendorAphar-io" "Mozilla/5.0 AppleWebKit/537.36 (KHTML, like Gecko; compatible; GPTBot/1.3; +https://openai.com/gptbot)" netodolele.com.br.meumercado.app 162.241.203.76
74.7.227.186 - - [10/Mar/2026:09:02:46 -0300] "GET /inline-edit-post.js?p=Ahome2Ameumer25AapiImeumercadoIappAvendorAphar-ioAversion HTTP/2.0" 200 26958 "https://netodolele.com.br.meumercado.app/inline-edit-post.js?p=Ahome2Ameumer25AapiImeumercadoIappAvendorAphar-io" "Mozilla/5.0 AppleWebKit/537.36 (KHTML, like Gecko; compatible; GPTBot/1.3; +https://openai.com/gptbot)" netodolele.com.br.meumercado.app 162.241.203.76
74.7.241.0 - - [10/Mar/2026:09:02:46 -0300] "GET /edit-post.min.js?p=Ahome2Ameumer25AmeupetIappAwp-includesAjsAtinymceAutils HTTP/2.0" 200 26995 "https://www.netodolele.com.br.meumercado.app/edit-post.min.js?p=Ahome2Ameumer25AmeupetIappAwp-includesAjsAtinymce" "Mozilla/5.0 AppleWebKit/537.36 (KHTML, like Gecko; compatible; GPTBot/1.3; +https://openai.com/gptbot)" www.netodolele.com.br.meumercado.app 162.241.203.76
74.7.227.186 - - [10/Mar/2026:09:02:50 -0300] "GET /inline-edit-post.js?p=Ahome2Ameumer25AminhafarmaciaIappAwp-includesASimplePieAsrcAXML HTTP/2.0" 200 26645 "https://netodolele.com.br.meumercado.app/inline-edit-post.js?p=Ahome2Ameumer25AminhafarmaciaIappAwp-includesASimplePieAsrc" "Mozilla/5.0 AppleWebKit/537.36 (KHTML, like Gecko; compatible; GPTBot/1.3; +https://openai.com/gptbot)" netodolele.com.br.meumercado.app 162.241.203.76
74.7.227.186 - - [10/Mar/2026:09:02:53 -0300] "GET /inline-edit-post.js?p=Ahome2Ameumer25AminhafarmaciaIappAwp-includesASimplePieAsrcAHTTP HTTP/2.0" 200 28265 "https://netodolele.com.br.meumercado.app/inline-edit-post.js?p=Ahome2Ameumer25AminhafarmaciaIappAwp-includesASimplePieAsrc" "Mozilla/5.0 AppleWebKit/537.36 (KHTML, like Gecko; compatible; GPTBot/1.3; +https://openai.com/gptbot)" netodolele.com.br.meumercado.app 162.241.203.76
74.7.227.186 - - [10/Mar/2026:09:02:57 -0300] "GET /inline-edit-post.js?p=Ahome2Ameumer25AminhafarmaciaIappAwp-includesASimplePieAsrcANet HTTP/2.0" 200 26697 "https://netodolele.com.br.meumercado.app/inline-edit-post.js?p=Ahome2Ameumer25AminhafarmaciaIappAwp-includesASimplePieAsrc" "Mozilla/5.0 AppleWebKit/537.36 (KHTML, like Gecko; compatible; GPTBot/1.3; +https://openai.com/gptbot)" netodolele.com.br.meumercado.app 162.241.203.76
74.7.227.186 - - [10/Mar/2026:09:03:00 -0300] "GET /inline-edit-post.js?p=Ahome2Ameumer25ApainelmaisamorImeumercadoIappAwp-includes HTTP/2.0" 200 27334 "https://netodolele.com.br.meumercado.app/inline-edit-post.js?p=Ahome2Ameumer25ApainelmaisamorImeumercadoIapp" "Mozilla/5.0 AppleWebKit/537.36 (KHTML, like Gecko; compatible; GPTBot/1.3; +https://openai.com/gptbot)" netodolele.com.br.meumercado.app 162.241.203.76
74.7.227.186 - - [10/Mar/2026:09:03:03 -0300] "GET /inline-edit-post.js?p=Ahome2Ameumer25AminhafarmaciaIappAwp-includesAjsAtinymceApluginsAwptextpattern HTTP/2.0" 200 26955 "https://netodolele.com.br.meumercado.app/inline-edit-post.js?p=Ahome2Ameumer25AminhafarmaciaIappAwp-includesAjsAtinymceAplugins" "Mozilla/5.0 AppleWebKit/537.36 (KHTML, like Gecko; compatible; GPTBot/1.3; +https://openai.com/gptbot)" netodolele.com.br.meumercado.app 162.241.203.76
74.7.227.186 - - [10/Mar/2026:09:03:06 -0300] "GET /inline-edit-post.js?p=Ahome2Ameumer25AapiImeumercadoIappAconfig HTTP/2.0" 200 27683 "https://netodolele.com.br.meumercado.app/inline-edit-post.js?p=Ahome2Ameumer25AapiImeumercadoIapp" "Mozilla/5.0 AppleWebKit/537.36 (KHTML, like Gecko; compatible; GPTBot/1.3; +https://openai.com/gptbot)" netodolele.com.br.meumercado.app 162.241.203.76
74.7.227.186 - - [10/Mar/2026:09:03:09 -0300] "GET /inline-edit-post.js?p=Ahome2Ameumer25AmmImeumercadoIappAcanvaskit HTTP/2.0" 200 26804 "https://netodolele.com.br.meumercado.app/inline-edit-post.js?p=Ahome2Ameumer25AmmImeumercadoIapp" "Mozilla/5.0 AppleWebKit/537.36 (KHTML, like Gecko; compatible; GPTBot/1.3; +https://openai.com/gptbot)" netodolele.com.br.meumercado.app 162.241.203.76
74.7.241.49 - - [10/Mar/2026:09:03:12 -0300] "GET /blog/man2-r62h8htuq4ajchlvxkcfolaexe4masu2g3oz51vjbc.jpg?p=Ahome2Ameumer25AwwwAwp-contentApluginsAastra-sitesAincAassetsAcss HTTP/2.0" 200 29967 "https://netodolele.com.br/blog/man2-r62h8htuq4ajchlvxkcfolaexe4masu2g3oz51vjbc.jpg?p=Ahome2Ameumer25AwwwAwp-contentApluginsAastra-sitesAincAassets" "Mozilla/5.0 AppleWebKit/537.36 (KHTML, like Gecko; compatible; GPTBot/1.3; +https://openai.com/gptbot)" netodolele.com.br 162.241.203.76
74.7.227.186 - - [10/Mar/2026:09:03:12 -0300] "GET /inline-edit-post.js?edit=.htaccess&p=Ahome2Ameumer25AminhafarmaciaIappAwp-includesASimplePieAlibrary HTTP/2.0" 200 26258 "https://netodolele.com.br.meumercado.app/inline-edit-post.js?p=Ahome2Ameumer25AminhafarmaciaIappAwp-includesASimplePieAlibrary" "Mozilla/5.0 AppleWebKit/537.36 (KHTML, like Gecko; compatible; GPTBot/1.3; +https://openai.com/gptbot)" netodolele.com.br.meumercado.app 162.241.203.76
74.7.227.186 - - [10/Mar/2026:09:03:16 -0300] "GET /post-formats-vs.png?p=Ahome2Ameumer25AkaickaviellaImeumercadoIappAicons HTTP/2.0" 200 26791 "https://netodolele.com.br.meumercado.app/post-formats-vs.png?p=Ahome2Ameumer25AkaickaviellaImeumercadoIapp" "Mozilla/5.0 AppleWebKit/537.36 (KHTML, like Gecko; compatible; GPTBot/1.3; +https://openai.com/gptbot)" netodolele.com.br.meumercado.app 162.241.203.76
74.7.227.186 - - [10/Mar/2026:09:03:19 -0300] "GET /post-formats-vs.png?p=Ahome2Ameumer25AapiImeumercadoIappAvendorAphar-ioAversionAsrc HTTP/2.0" 200 27917 "https://netodolele.com.br.meumercado.app/post-formats-vs.png?p=Ahome2Ameumer25AapiImeumercadoIappAvendorAphar-ioAversion" "Mozilla/5.0 AppleWebKit/537.36 (KHTML, like Gecko; compatible; GPTBot/1.3; +https://openai.com/gptbot)" netodolele.com.br.meumercado.app 162.241.203.76
74.7.227.186 - - [10/Mar/2026:09:03:22 -0300] "GET /inline-edit-post.js?p=Ahome2Ameumer25AapiImeumercadoIappAvendorAphar-ioAversionAsrc HTTP/2.0" 200 27917 "https://netodolele.com.br.meumercado.app/inline-edit-post.js?p=Ahome2Ameumer25AapiImeumercadoIappAvendorAphar-ioAversion" "Mozilla/5.0 AppleWebKit/537.36 (KHTML, like Gecko; compatible; GPTBot/1.3; +https://openai.com/gptbot)" netodolele.com.br.meumercado.app 162.241.203.76
74.7.227.186 - - [10/Mar/2026:09:03:25 -0300] "GET /post-formats-vs.png?p=Ahome2Ameumer25AeubellaImeumercadoIappAicons HTTP/2.0" 200 26729 "https://netodolele.com.br.meumercado.app/post-formats-vs.png?p=Ahome2Ameumer25AeubellaImeumercadoIapp" "Mozilla/5.0 AppleWebKit/537.36 (KHTML, like Gecko; compatible; GPTBot/1.3; +https://openai.com/gptbot)" netodolele.com.br.meumercado.app 162.241.203.76
74.7.227.186 - - [10/Mar/2026:09:03:28 -0300] "GET /post-formats-vs.png?p=Ahome2Ameumer25AapiImeumercadoIappApublic HTTP/2.0" 200 27002 "https://netodolele.com.br.meumercado.app/post-formats-vs.png?p=Ahome2Ameumer25AapiImeumercadoIapp" "Mozilla/5.0 AppleWebKit/537.36 (KHTML, like Gecko; compatible; GPTBot/1.3; +https://openai.com/gptbot)" netodolele.com.br.meumercado.app 162.241.203.76
74.7.227.186 - - [10/Mar/2026:09:03:31 -0300] "GET /inline-edit-post.js?p=Ahome2Ameumer25AkaickaviellaImeumercadoIapp HTTP/2.0" 200 29107 "https://netodolele.com.br.meumercado.app/inline-edit-post.js?p=Ahome2Ameumer25" "Mozilla/5.0 AppleWebKit/537.36 (KHTML, like Gecko; compatible; GPTBot/1.3; +https://openai.com/gptbot)" netodolele.com.br.meumercado.app 162.241.203.76
74.7.227.186 - - [10/Mar/2026:09:03:35 -0300] "GET /post-formats-vs.png?p=Ahome2Ameumer25AeubellaImeumercadoIappAweb HTTP/2.0" 200 26686 "https://netodolele.com.br.meumercado.app/post-formats-vs.png?p=Ahome2Ameumer25AeubellaImeumercadoIapp" "Mozilla/5.0 AppleWebKit/537.36 (KHTML, like Gecko; compatible; GPTBot/1.3; +https://openai.com/gptbot)" netodolele.com.br.meumercado.app 162.241.203.76
162.241.203.76 - - [10/Mar/2026:09:03:37 -0300] "POST /wp-cron.php?doing_wp_cron=1773144217.7266559600830078125000 HTTP/1.1" 200 - "-" "WordPress/6.9.1; https://netodolele.com.br" netodolele.com.br 162.241.203.76
74.7.241.0 - - [10/Mar/2026:09:03:37 -0300] "GET /post-formats-vs.png?p=Ahome2Ameumer25AmeupetIappAwp-adminAcssAcolorsAocean HTTP/2.0" 200 27265 "https://www.netodolele.com.br.meumercado.app/post-formats-vs.png?p=Ahome2Ameumer25AmeupetIappAwp-adminAcssAcolors" "Mozilla/5.0 AppleWebKit/537.36 (KHTML, like Gecko; compatible; GPTBot/1.3; +https://openai.com/gptbot)" www.netodolele.com.br.meumercado.app 162.241.203.76
74.7.227.186 - - [10/Mar/2026:09:03:38 -0300] "GET /post-formats-vs.png?p=Ahome2Ameumer25AapiImeumercadoIappAvendorAphpunitAphp-text-template HTTP/2.0" 200 27244 "https://netodolele.com.br.meumercado.app/post-formats-vs.png?p=Ahome2Ameumer25AapiImeumercadoIappAvendorAphpunit" "Mozilla/5.0 AppleWebKit/537.36 (KHTML, like Gecko; compatible; GPTBot/1.3; +https://openai.com/gptbot)" netodolele.com.br.meumercado.app 162.241.203.76
74.7.227.186 - - [10/Mar/2026:09:03:41 -0300] "GET /inline-edit-post.js?edit=sslcommerz.php&p=Ahome2Ameumer25AapiImeumercadoIappAconfig HTTP/2.0" 409 83 "https://netodolele.com.br.meumercado.app/inline-edit-post.js?p=Ahome2Ameumer25AapiImeumercadoIappAconfig" "Mozilla/5.0 AppleWebKit/537.36 (KHTML, like Gecko; compatible; GPTBot/1.3; +https://openai.com/gptbot)" netodolele.com.br.meumercado.app 162.241.203.76
74.7.227.186 - - [10/Mar/2026:09:03:44 -0300] "GET /post-formats-vs.png?p=Ahome2Ameumer25AapiImeumercadoIappAvendorAphpunitAphp-code-coverageAsrc HTTP/2.0" 200 27337 "https://netodolele.com.br.meumercado.app/post-formats-vs.png?p=Ahome2Ameumer25AapiImeumercadoIappAvendorAphpunitAphp-code-coverage" "Mozilla/5.0 AppleWebKit/537.36 (KHTML, like Gecko; compatible; GPTBot/1.3; +https://openai.com/gptbot)" netodolele.com.br.meumercado.app 162.241.203.76
74.7.227.186 - - [10/Mar/2026:09:03:54 -0300] "GET /inline-edit-post.js?p=Ahome2Ameumer25AapiImeumercadoIappAvendorAphpunitAphp-token-streamAsrc HTTP/2.0" 200 53684 "https://netodolele.com.br.meumercado.app/inline-edit-post.js?p=Ahome2Ameumer25AapiImeumercadoIappAvendorAphpunitAphp-token-stream" "Mozilla/5.0 AppleWebKit/537.36 (KHTML, like Gecko; compatible; GPTBot/1.3; +https://openai.com/gptbot)" netodolele.com.br.meumercado.app 162.241.203.76
74.7.241.49 - - [10/Mar/2026:09:03:55 -0300] "GET /blog/man2-r62h8htuq4ajchlvxkcfolaexe4masu2g3oz51vjbc.jpg?p=Ahome2Ameumer25Apublic_htmlAwp-contentAthemesAastraAincAcustomizerAcustom-controlsAassetsAjsAunminified HTTP/2.0" 200 27030 "https://netodolele.com.br/blog/man2-r62h8htuq4ajchlvxkcfolaexe4masu2g3oz51vjbc.jpg?p=Ahome2Ameumer25Apublic_htmlAwp-contentAthemesAastraAincAcustomizerAcustom-controlsAassetsAjs" "Mozilla/5.0 AppleWebKit/537.36 (KHTML, like Gecko; compatible; GPTBot/1.3; +https://openai.com/gptbot)" netodolele.com.br 162.241.203.76
74.7.227.186 - - [10/Mar/2026:09:04:02 -0300] "GET /post-formats-vs.png?p=Ahome2Ameumer25AmmImeumercadoIappAassetsApackagesAflutter_google_places HTTP/2.0" 200 26803 "https://netodolele.com.br.meumercado.app/post-formats-vs.png?p=Ahome2Ameumer25AmmImeumercadoIappAassetsApackages" "Mozilla/5.0 AppleWebKit/537.36 (KHTML, like Gecko; compatible; GPTBot/1.3; +https://openai.com/gptbot)" netodolele.com.br.meumercado.app 162.241.203.76
74.7.227.186 - - [10/Mar/2026:09:04:10 -0300] "GET /inline-edit-post.js?p=Ahome2Ameumer25AapiImeumercadoIappAvendorAphpunitAphp-text-templateAsrc HTTP/2.0" 200 26702 "https://netodolele.com.br.meumercado.app/inline-edit-post.js?p=Ahome2Ameumer25AapiImeumercadoIappAvendorAphpunitAphp-text-template" "Mozilla/5.0 AppleWebKit/537.36 (KHTML, like Gecko; compatible; GPTBot/1.3; +https://openai.com/gptbot)" netodolele.com.br.meumercado.app 162.241.203.76
74.7.227.186 - - [10/Mar/2026:09:04:16 -0300] "GET /post-formats-vs.png?p=Ahome2Ameumer25AapiImeumercadoIappAvendorAphpunitAphp-token-streamAsrc HTTP/2.0" 200 53684 "https://netodolele.com.br.meumercado.app/post-formats-vs.png?p=Ahome2Ameumer25AapiImeumercadoIappAvendorAphpunitAphp-token-stream" "Mozilla/5.0 AppleWebKit/537.36 (KHTML, like Gecko; compatible; GPTBot/1.3; +https://openai.com/gptbot)" netodolele.com.br.meumercado.app 162.241.203.76
74.7.241.0 - - [10/Mar/2026:09:04:22 -0300] "GET /edit-post.min.js?p=Ahome2Ameumer25AmeupetIappAwp-adminAcssAcolorsAsunrise HTTP/2.0" 200 27237 "https://www.netodolele.com.br.meumercado.app/edit-post.min.js?p=Ahome2Ameumer25AmeupetIappAwp-adminAcssAcolors" "Mozilla/5.0 AppleWebKit/537.36 (KHTML, like Gecko; compatible; GPTBot/1.3; +https://openai.com/gptbot)" www.netodolele.com.br.meumercado.app 162.241.203.76
74.7.227.186 - - [10/Mar/2026:09:04:23 -0300] "GET /inline-edit-post.js?p=Ahome2Ameumer25AminhafarmaciaIappAwp-includesAPHPMailer HTTP/2.0" 200 27611 "https://netodolele.com.br.meumercado.app/inline-edit-post.js?p=Ahome2Ameumer25AminhafarmaciaIappAwp-includes" "Mozilla/5.0 AppleWebKit/537.36 (KHTML, like Gecko; compatible; GPTBot/1.3; +https://openai.com/gptbot)" netodolele.com.br.meumercado.app 162.241.203.76
74.7.227.186 - - [10/Mar/2026:09:04:28 -0300] "GET /post-formats-vs.png?p=Ahome2Ameumer25AapiImeumercadoIappApublicAassets HTTP/2.0" 200 26887 "https://netodolele.com.br.meumercado.app/post-formats-vs.png?p=Ahome2Ameumer25AapiImeumercadoIappApublic" "Mozilla/5.0 AppleWebKit/537.36 (KHTML, like Gecko; compatible; GPTBot/1.3; +https://openai.com/gptbot)" netodolele.com.br.meumercado.app 162.241.203.76
74.7.241.49 - - [10/Mar/2026:09:04:33 -0300] "GET /blog/man2-r62h8htuq4ajchlvxkcfolaexe4masu2g3oz51vjbc.jpg?p=Ahome2Ameumer25Apublic_htmlAwp-contentAthemesAastraAincAcustomizerAcustom-controlsAassetsAjsAminified HTTP/2.0" 200 26782 "https://netodolele.com.br/blog/man2-r62h8htuq4ajchlvxkcfolaexe4masu2g3oz51vjbc.jpg?p=Ahome2Ameumer25Apublic_htmlAwp-contentAthemesAastraAincAcustomizerAcustom-controlsAassetsAjs" "Mozilla/5.0 AppleWebKit/537.36 (KHTML, like Gecko; compatible; GPTBot/1.3; +https://openai.com/gptbot)" netodolele.com.br 162.241.203.76
74.7.227.186 - - [10/Mar/2026:09:04:33 -0300] "GET /inline-edit-post.js?p=Ahome2Ameumer25AkaickaviellaImeumercadoIappAicons HTTP/2.0" 200 26791 "https://netodolele.com.br.meumercado.app/inline-edit-post.js?p=Ahome2Ameumer25AkaickaviellaImeumercadoIapp" "Mozilla/5.0 AppleWebKit/537.36 (KHTML, like Gecko; compatible; GPTBot/1.3; +https://openai.com/gptbot)" netodolele.com.br.meumercado.app 162.241.203.76
162.241.203.76 - - [10/Mar/2026:09:04:38 -0300] "POST /wp-cron.php?doing_wp_cron=1773144278.5985910892486572265625 HTTP/1.1" 200 - "-" "WordPress/6.9.1; https://netodolele.com.br" netodolele.com.br 162.241.203.76
74.7.227.186 - - [10/Mar/2026:09:04:38 -0300] "GET /post-formats-vs.png?p=Ahome2Ameumer25AeubellaImeumercadoIappAwebAweb HTTP/2.0" 200 26950 "https://netodolele.com.br.meumercado.app/post-formats-vs.png?p=Ahome2Ameumer25AeubellaImeumercadoIappAweb" "Mozilla/5.0 AppleWebKit/537.36 (KHTML, like Gecko; compatible; GPTBot/1.3; +https://openai.com/gptbot)" netodolele.com.br.meumercado.app 162.241.203.76
74.7.227.186 - - [10/Mar/2026:09:04:42 -0300] "GET /post-formats-vs.png?p=Ahome2Ameumer25AapiImeumercadoIappAvendorAphpunitAphp-text-templateAsrc HTTP/2.0" 200 26702 "https://netodolele.com.br.meumercado.app/post-formats-vs.png?p=Ahome2Ameumer25AapiImeumercadoIappAvendorAphpunitAphp-text-template" "Mozilla/5.0 AppleWebKit/537.36 (KHTML, like Gecko; compatible; GPTBot/1.3; +https://openai.com/gptbot)" netodolele.com.br.meumercado.app 162.241.203.76
74.7.227.186 - - [10/Mar/2026:09:04:46 -0300] "GET /inline-edit-post.js?p=Ahome2Ameumer25AminhafarmaciaIappAwp-adminAincludes HTTP/2.0" 200 44299 "https://netodolele.com.br.meumercado.app/inline-edit-post.js?p=Ahome2Ameumer25AminhafarmaciaIappAwp-admin" "Mozilla/5.0 AppleWebKit/537.36 (KHTML, like Gecko; compatible; GPTBot/1.3; +https://openai.com/gptbot)" netodolele.com.br.meumercado.app 162.241.203.76
74.7.227.186 - - [10/Mar/2026:09:04:49 -0300] "GET /post-formats-vs.png?p=Ahome2Ameumer25AminhafarmaciaIappAwp-includesAcertificates HTTP/2.0" 200 26794 "https://netodolele.com.br.meumercado.app/post-formats-vs.png?p=Ahome2Ameumer25AminhafarmaciaIappAwp-includes" "Mozilla/5.0 AppleWebKit/537.36 (KHTML, like Gecko; compatible; GPTBot/1.3; +https://openai.com/gptbot)" netodolele.com.br.meumercado.app 162.241.203.76
74.7.227.186 - - [10/Mar/2026:09:04:52 -0300] "GET /post-formats-vs.png?p=Ahome2Ameumer25AminhafarmaciaIappAwp-includesAjsAmediaelement HTTP/2.0" 200 30756 "https://netodolele.com.br.meumercado.app/post-formats-vs.png?p=Ahome2Ameumer25AminhafarmaciaIappAwp-includesAjs" "Mozilla/5.0 AppleWebKit/537.36 (KHTML, like Gecko; compatible; GPTBot/1.3; +https://openai.com/gptbot)" netodolele.com.br.meumercado.app 162.241.203.76
74.7.227.186 - - [10/Mar/2026:09:04:56 -0300] "GET /inline-edit-post.js?p=Ahome2Ameumer25AapiImeumercadoIappAvendorAphpunitAphpunit HTTP/2.0" 200 27256 "https://netodolele.com.br.meumercado.app/inline-edit-post.js?p=Ahome2Ameumer25AapiImeumercadoIappAvendorAphpunit" "Mozilla/5.0 AppleWebKit/537.36 (KHTML, like Gecko; compatible; GPTBot/1.3; +https://openai.com/gptbot)" netodolele.com.br.meumercado.app 162.241.203.76
74.7.227.186 - - [10/Mar/2026:09:04:58 -0300] "GET /inline-edit-post.js?p=Ahome2Ameumer25AminhafarmaciaIappAwp-includesASimplePieAsrcAParse HTTP/2.0" 200 26698 "https://netodolele.com.br.meumercado.app/inline-edit-post.js?p=Ahome2Ameumer25AminhafarmaciaIappAwp-includesASimplePieAsrc" "Mozilla/5.0 AppleWebKit/537.36 (KHTML, like Gecko; compatible; GPTBot/1.3; +https://openai.com/gptbot)" netodolele.com.br.meumercado.app 162.241.203.76
74.7.227.186 - - [10/Mar/2026:09:05:01 -0300] "GET /post-formats-vs.png?edit=UseFunction.php&p=Ahome2Ameumer25AapiImeumercadoIappAvendorAphpunitAphp-token-streamAsrc HTTP/2.0" 409 83 "https://netodolele.com.br.meumercado.app/post-formats-vs.png?p=Ahome2Ameumer25AapiImeumercadoIappAvendorAphpunitAphp-token-streamAsrc" "Mozilla/5.0 AppleWebKit/537.36 (KHTML, like Gecko; compatible; GPTBot/1.3; +https://openai.com/gptbot)" netodolele.com.br.meumercado.app 162.241.203.76
74.7.241.0 - - [10/Mar/2026:09:05:04 -0300] "GET /edit-post.min.js?p=Ahome2Ameumer25AmeupetIappAwp-adminAcssAcolorsAmodern HTTP/2.0" 200 27200 "https://www.netodolele.com.br.meumercado.app/edit-post.min.js?p=Ahome2Ameumer25AmeupetIappAwp-adminAcssAcolors" "Mozilla/5.0 AppleWebKit/537.36 (KHTML, like Gecko; compatible; GPTBot/1.3; +https://openai.com/gptbot)" www.netodolele.com.br.meumercado.app 162.241.203.76
74.7.227.186 - - [10/Mar/2026:09:05:05 -0300] "GET /post-formats-vs.png?edit=Throw.php&p=Ahome2Ameumer25AapiImeumercadoIappAvendorAphpunitAphp-token-streamAsrc HTTP/2.0" 409 83 "https://netodolele.com.br.meumercado.app/post-formats-vs.png?p=Ahome2Ameumer25AapiImeumercadoIappAvendorAphpunitAphp-token-streamAsrc" "Mozilla/5.0 AppleWebKit/537.36 (KHTML, like Gecko; compatible; GPTBot/1.3; +https://openai.com/gptbot)" netodolele.com.br.meumercado.app 162.241.203.76
74.7.241.49 - - [10/Mar/2026:09:05:07 -0300] "GET /blog/man2-r62h8htuq4ajchlvxkcfolaexe4masu2g3oz51vjbc.jpg?p=Ahome2Ameumer25AwwwAwp-contentApluginsAelementor-proAmodulesApostsAwidgets HTTP/2.0" 200 27133 "https://netodolele.com.br/blog/man2-r62h8htuq4ajchlvxkcfolaexe4masu2g3oz51vjbc.jpg?p=Ahome2Ameumer25AwwwAwp-contentApluginsAelementor-proAmodulesAposts" "Mozilla/5.0 AppleWebKit/537.36 (KHTML, like Gecko; compatible; GPTBot/1.3; +https://openai.com/gptbot)" netodolele.com.br 162.241.203.76
74.7.227.186 - - [10/Mar/2026:09:05:14 -0300] "GET /post-formats-vs.png?edit=BoolCast.php&p=Ahome2Ameumer25AapiImeumercadoIappAvendorAphpunitAphp-token-streamAsrc HTTP/2.0" 409 83 "https://netodolele.com.br.meumercado.app/post-formats-vs.png?p=Ahome2Ameumer25AapiImeumercadoIappAvendorAphpunitAphp-token-streamAsrc" "Mozilla/5.0 AppleWebKit/537.36 (KHTML, like Gecko; compatible; GPTBot/1.3; +https://openai.com/gptbot)" netodolele.com.br.meumercado.app 162.241.203.76
74.7.241.49 - - [10/Mar/2026:09:05:38 -0300] "GET /blog/man2-r62h8htuq4ajchlvxkcfolaexe4masu2g3oz51vjbc.jpg?p=Ahome2Ameumer25AwwwAwp-contentApluginsAelementor-proAmodulesApostsAdata HTTP/2.0" 200 26700 "https://netodolele.com.br/blog/man2-r62h8htuq4ajchlvxkcfolaexe4masu2g3oz51vjbc.jpg?p=Ahome2Ameumer25AwwwAwp-contentApluginsAelementor-proAmodulesAposts" "Mozilla/5.0 AppleWebKit/537.36 (KHTML, like Gecko; compatible; GPTBot/1.3; +https://openai.com/gptbot)" netodolele.com.br 162.241.203.76
162.241.203.76 - - [10/Mar/2026:09:05:39 -0300] "POST /wp-cron.php?doing_wp_cron=1773144339.3027529716491699218750 HTTP/1.1" 200 - "-" "WordPress/6.9.1; https://netodolele.com.br" netodolele.com.br 162.241.203.76
74.7.241.0 - - [10/Mar/2026:09:05:38 -0300] "GET /edit-post.min.js?p=Ahome2Ameumer25AmeupetIappAwp-includesAjsAdistAvendor HTTP/2.0" 200 32492 "https://www.netodolele.com.br.meumercado.app/edit-post.min.js?p=Ahome2Ameumer25AmeupetIappAwp-includesAjsAdist" "Mozilla/5.0 AppleWebKit/537.36 (KHTML, like Gecko; compatible; GPTBot/1.3; +https://openai.com/gptbot)" www.netodolele.com.br.meumercado.app 162.241.203.76
74.7.227.186 - - [10/Mar/2026:09:05:42 -0300] "GET /post-formats-vs.png?p=Ahome2Ameumer25AapiImeumercadoIappApublicAassetsAmercado_pogo HTTP/2.0" 200 26767 "https://netodolele.com.br.meumercado.app/post-formats-vs.png?p=Ahome2Ameumer25AapiImeumercadoIappApublicAassets" "Mozilla/5.0 AppleWebKit/537.36 (KHTML, like Gecko; compatible; GPTBot/1.3; +https://openai.com/gptbot)" netodolele.com.br.meumercado.app 162.241.203.76
74.7.241.49 - - [10/Mar/2026:09:06:05 -0300] "GET /blog/man2-r62h8htuq4ajchlvxkcfolaexe4masu2g3oz51vjbc.jpg?p=Ahome2Ameumer25AwwwAwp-contentApluginsAelementor-proAmodulesApostsAtraits HTTP/2.0" 200 26707 "https://netodolele.com.br/blog/man2-r62h8htuq4ajchlvxkcfolaexe4masu2g3oz51vjbc.jpg?p=Ahome2Ameumer25AwwwAwp-contentApluginsAelementor-proAmodulesAposts" "Mozilla/5.0 AppleWebKit/537.36 (KHTML, like Gecko; compatible; GPTBot/1.3; +https://openai.com/gptbot)" netodolele.com.br 162.241.203.76
74.7.241.0 - - [10/Mar/2026:09:06:11 -0300] "GET /edit-post.min.js?p=Ahome2Ameumer25AmeupetIappAwp-includesAcssAdistAwidgets HTTP/2.0" 200 27115 "https://www.netodolele.com.br.meumercado.app/edit-post.min.js?p=Ahome2Ameumer25AmeupetIappAwp-includesAcssAdist" "Mozilla/5.0 AppleWebKit/537.36 (KHTML, like Gecko; compatible; GPTBot/1.3; +https://openai.com/gptbot)" www.netodolele.com.br.meumercado.app 162.241.203.76
74.7.241.49 - - [10/Mar/2026:09:06:31 -0300] "GET /blog/man2-r62h8htuq4ajchlvxkcfolaexe4masu2g3oz51vjbc.jpg?p=Ahome2Ameumer25AminhafarmaciaIappAwp-contentApluginsAastra-sitesAincAlibAgutenberg-templatesAincAtraits HTTP/2.0" 200 27280 "https://netodolele.com.br/blog/man2-r62h8htuq4ajchlvxkcfolaexe4masu2g3oz51vjbc.jpg?p=Ahome2Ameumer25AminhafarmaciaIappAwp-contentApluginsAastra-sitesAincAlibAgutenberg-templatesAinc" "Mozilla/5.0 AppleWebKit/537.36 (KHTML, like Gecko; compatible; GPTBot/1.3; +https://openai.com/gptbot)" netodolele.com.br 162.241.203.76
162.241.203.76 - - [10/Mar/2026:09:06:42 -0300] "POST /wp-cron.php?doing_wp_cron=1773144402.1517109870910644531250 HTTP/1.1" 200 - "-" "WordPress/6.9.1; https://netodolele.com.br" netodolele.com.br 162.241.203.76
74.7.241.0 - - [10/Mar/2026:09:06:41 -0300] "GET /edit-post.min.js?p=Ahome2Ameumer25AmeupetIappAwp-includesAjsAdistAscript-modules HTTP/2.0" 200 26746 "https://www.netodolele.com.br.meumercado.app/edit-post.min.js?p=Ahome2Ameumer25AmeupetIappAwp-includesAjsAdist" "Mozilla/5.0 AppleWebKit/537.36 (KHTML, like Gecko; compatible; GPTBot/1.3; +https://openai.com/gptbot)" www.netodolele.com.br.meumercado.app 162.241.203.76
74.7.227.186 - - [10/Mar/2026:09:06:43 -0300] "GET /post-formats-vs.png?p=Ahome2Ameumer25AeubellaImeumercadoIappAwebAwebAweb HTTP/2.0" 200 26753 "https://netodolele.com.br.meumercado.app/post-formats-vs.png?p=Ahome2Ameumer25AeubellaImeumercadoIappAwebAweb" "Mozilla/5.0 AppleWebKit/537.36 (KHTML, like Gecko; compatible; GPTBot/1.3; +https://openai.com/gptbot)" netodolele.com.br.meumercado.app 162.241.203.76
74.7.241.49 - - [10/Mar/2026:09:06:53 -0300] "GET /blog/man2-r62h8htuq4ajchlvxkcfolaexe4masu2g3oz51vjbc.jpg?p=Ahome2Ameumer25AwwwAwp-contentApluginsAelementor-proAmodulesApopupAdisplay-settings HTTP/2.0" 200 27189 "https://netodolele.com.br/blog/man2-r62h8htuq4ajchlvxkcfolaexe4masu2g3oz51vjbc.jpg?p=Ahome2Ameumer25AwwwAwp-contentApluginsAelementor-proAmodulesApopup" "Mozilla/5.0 AppleWebKit/537.36 (KHTML, like Gecko; compatible; GPTBot/1.3; +https://openai.com/gptbot)" netodolele.com.br 162.241.203.76
74.7.241.0 - - [10/Mar/2026:09:07:08 -0300] "GET /edit-post.min.js?p=Ahome2Ameumer25AmeupetIappAwp-includesAjsAthickbox HTTP/2.0" 200 27274 "https://www.netodolele.com.br.meumercado.app/edit-post.min.js?p=Ahome2Ameumer25AmeupetIappAwp-includesAjs" "Mozilla/5.0 AppleWebKit/537.36 (KHTML, like Gecko; compatible; GPTBot/1.3; +https://openai.com/gptbot)" www.netodolele.com.br.meumercado.app 162.241.203.76
74.7.241.49 - - [10/Mar/2026:09:07:12 -0300] "GET /blog/man3-r62h8gw0ja990vn931xt43iyc09933qc3z1hnrwxhk.jpg?edit=estilopetshop_meupet_app_cd40c_b3979_1775449343_8a2811886d0243279b4af480624ea495.crt&p=Ahome2Ameumer25AsslAcerts HTTP/2.0" 200 27957 "https://netodolele.com.br/blog/man3-r62h8gw0ja990vn931xt43iyc09933qc3z1hnrwxhk.jpg?p=Ahome2Ameumer25AsslAcerts" "Mozilla/5.0 AppleWebKit/537.36 (KHTML, like Gecko; compatible; GPTBot/1.3; +https://openai.com/gptbot)" netodolele.com.br 162.241.203.76
74.7.241.49 - - [10/Mar/2026:09:07:29 -0300] "GET /blog/man2-r62h8htuq4ajchlvxkcfolaexe4masu2g3oz51vjbc.jpg?p=Ahome2Ameumer25AminhafarmaciaIappAwp-includesAjsAthickbox HTTP/2.0" 200 27338 "https://netodolele.com.br/blog/man2-r62h8htuq4ajchlvxkcfolaexe4masu2g3oz51vjbc.jpg?p=Ahome2Ameumer25AminhafarmaciaIappAwp-includesAjs" "Mozilla/5.0 AppleWebKit/537.36 (KHTML, like Gecko; compatible; GPTBot/1.3; +https://openai.com/gptbot)" netodolele.com.br 162.241.203.76
74.7.241.0 - - [10/Mar/2026:09:07:31 -0300] "GET /post-formats-vs.png?p=Ahome2Ameumer25AmeupetIappAwp-includesAblocks HTTP/2.0" 200 43909 "https://www.netodolele.com.br.meumercado.app/post-formats-vs.png?p=Ahome2Ameumer25AmeupetIappAwp-includes" "Mozilla/5.0 AppleWebKit/537.36 (KHTML, like Gecko; compatible; GPTBot/1.3; +https://openai.com/gptbot)" www.netodolele.com.br.meumercado.app 162.241.203.76
74.7.227.186 - - [10/Mar/2026:09:07:41 -0300] "GET /inline-edit-post.js?p=Ahome2Ameumer25AminhafarmaciaIappAwp-includesAText HTTP/2.0" 200 26873 "https://netodolele.com.br.meumercado.app/inline-edit-post.js?p=Ahome2Ameumer25AminhafarmaciaIappAwp-includes" "Mozilla/5.0 AppleWebKit/537.36 (KHTML, like Gecko; compatible; GPTBot/1.3; +https://openai.com/gptbot)" netodolele.com.br.meumercado.app 162.241.203.76
162.241.203.76 - - [10/Mar/2026:09:07:45 -0300] "POST /wp-cron.php?doing_wp_cron=1773144465.4146819114685058593750 HTTP/1.1" 200 - "-" "WordPress/6.9.1; https://netodolele.com.br" netodolele.com.br 162.241.203.76
74.7.241.49 - - [10/Mar/2026:09:07:45 -0300] "GET /blog/man2-r62h8htuq4ajchlvxkcfolaexe4masu2g3oz51vjbc.jpg?p=Ahome2Ameumer25AminhafarmaciaIappAwp-includesAcertificates HTTP/2.0" 200 26771 "https://netodolele.com.br/blog/man2-r62h8htuq4ajchlvxkcfolaexe4masu2g3oz51vjbc.jpg?p=Ahome2Ameumer25AminhafarmaciaIappAwp-includes" "Mozilla/5.0 AppleWebKit/537.36 (KHTML, like Gecko; compatible; GPTBot/1.3; +https://openai.com/gptbot)" netodolele.com.br 162.241.203.76
74.7.241.0 - - [10/Mar/2026:09:07:52 -0300] "GET /edit-post.min.js?p=Ahome2Ameumer25AmeupetIappAwp-includesATextADiff HTTP/2.0" 200 104 "https://www.netodolele.com.br.meumercado.app/edit-post.min.js?p=Ahome2Ameumer25AmeupetIappAwp-includesAText" "Mozilla/5.0 AppleWebKit/537.36 (KHTML, like Gecko; compatible; GPTBot/1.3; +https://openai.com/gptbot)" www.netodolele.com.br.meumercado.app 162.241.203.76
74.7.241.49 - - [10/Mar/2026:09:07:59 -0300] "GET /blog/man2-r62h8htuq4ajchlvxkcfolaexe4masu2g3oz51vjbc.jpg?p=Ahome2Ameumer25AminhafarmaciaIappAwp-includesAjsAplupload HTTP/2.0" 200 27861 "https://netodolele.com.br/blog/man2-r62h8htuq4ajchlvxkcfolaexe4masu2g3oz51vjbc.jpg?p=Ahome2Ameumer25AminhafarmaciaIappAwp-includesAjs" "Mozilla/5.0 AppleWebKit/537.36 (KHTML, like Gecko; compatible; GPTBot/1.3; +https://openai.com/gptbot)" netodolele.com.br 162.241.203.76
74.7.241.49 - - [10/Mar/2026:09:08:12 -0300] "GET /blog/man2-r62h8htuq4ajchlvxkcfolaexe4masu2g3oz51vjbc.jpg?p=Ahome2Ameumer25AminhafarmaciaIappAwp-includesAjsAdistAvendor HTTP/2.0" 200 32861 "https://netodolele.com.br/blog/man2-r62h8htuq4ajchlvxkcfolaexe4masu2g3oz51vjbc.jpg?p=Ahome2Ameumer25AminhafarmaciaIappAwp-includesAjsAdist" "Mozilla/5.0 AppleWebKit/537.36 (KHTML, like Gecko; compatible; GPTBot/1.3; +https://openai.com/gptbot)" netodolele.com.br 162.241.203.76
74.7.241.0 - - [10/Mar/2026:09:08:13 -0300] "GET /edit-post.min.js?p=Ahome2Ameumer25AmeupetIappAwp-includesAPHPMailer HTTP/2.0" 200 27452 "https://www.netodolele.com.br.meumercado.app/edit-post.min.js?p=Ahome2Ameumer25AmeupetIappAwp-includes" "Mozilla/5.0 AppleWebKit/537.36 (KHTML, like Gecko; compatible; GPTBot/1.3; +https://openai.com/gptbot)" www.netodolele.com.br.meumercado.app 162.241.203.76
74.7.241.49 - - [10/Mar/2026:09:08:24 -0300] "GET /blog/man2-r62h8htuq4ajchlvxkcfolaexe4masu2g3oz51vjbc.jpg?p=Ahome2Ameumer25AnetodoleleIcomIbrAwp-includesARequestsAsrc HTTP/2.0" 200 29150 "https://netodolele.com.br/blog/man2-r62h8htuq4ajchlvxkcfolaexe4masu2g3oz51vjbc.jpg?p=Ahome2Ameumer25AnetodoleleIcomIbrAwp-includesARequests" "Mozilla/5.0 AppleWebKit/537.36 (KHTML, like Gecko; compatible; GPTBot/1.3; +https://openai.com/gptbot)" netodolele.com.br 162.241.203.76
74.7.241.0 - - [10/Mar/2026:09:08:30 -0300] "GET /post-formats-vs.png?p=Ahome2Ameumer25AmeupetIappAwp-includesARequests HTTP/2.0" 200 26731 "https://www.netodolele.com.br.meumercado.app/post-formats-vs.png?p=Ahome2Ameumer25AmeupetIappAwp-includes" "Mozilla/5.0 AppleWebKit/537.36 (KHTML, like Gecko; compatible; GPTBot/1.3; +https://openai.com/gptbot)" www.netodolele.com.br.meumercado.app 162.241.203.76
74.7.227.186 - - [10/Mar/2026:09:08:32 -0300] "GET /inline-edit-post.js?p=Ahome2Ameumer25AminhafarmaciaIappAwp-adminAincludesAincludes HTTP/2.0" 200 26785 "https://netodolele.com.br.meumercado.app/inline-edit-post.js?p=Ahome2Ameumer25AminhafarmaciaIappAwp-adminAincludes" "Mozilla/5.0 AppleWebKit/537.36 (KHTML, like Gecko; compatible; GPTBot/1.3; +https://openai.com/gptbot)" netodolele.com.br.meumercado.app 162.241.203.76
74.7.241.49 - - [10/Mar/2026:09:08:35 -0300] "GET /blog/man2-r62h8htuq4ajchlvxkcfolaexe4masu2g3oz51vjbc.jpg?p=Ahome2Ameumer25AnetodoleleIcomIbrAwp-includesASimplePieAlibrary HTTP/2.0" 200 26966 "https://netodolele.com.br/blog/man2-r62h8htuq4ajchlvxkcfolaexe4masu2g3oz51vjbc.jpg?p=Ahome2Ameumer25AnetodoleleIcomIbrAwp-includesASimplePie" "Mozilla/5.0 AppleWebKit/537.36 (KHTML, like Gecko; compatible; GPTBot/1.3; +https://openai.com/gptbot)" netodolele.com.br 162.241.203.76
74.7.241.49 - - [10/Mar/2026:09:08:44 -0300] "GET /blog/man2-r62h8htuq4ajchlvxkcfolaexe4masu2g3oz51vjbc.jpg?p=Ahome2Ameumer25AminhafarmaciaIappAwp-includesARequestsAsrc HTTP/2.0" 200 29152 "https://netodolele.com.br/blog/man2-r62h8htuq4ajchlvxkcfolaexe4masu2g3oz51vjbc.jpg?p=Ahome2Ameumer25AminhafarmaciaIappAwp-includesARequests" "Mozilla/5.0 AppleWebKit/537.36 (KHTML, like Gecko; compatible; GPTBot/1.3; +https://openai.com/gptbot)" netodolele.com.br 162.241.203.76
162.241.203.76 - - [10/Mar/2026:09:08:45 -0300] "POST /wp-cron.php?doing_wp_cron=1773144525.4532909393310546875000 HTTP/1.1" 200 - "-" "WordPress/6.9.1; https://netodolele.com.br" netodolele.com.br 162.241.203.76
74.7.241.0 - - [10/Mar/2026:09:08:45 -0300] "GET /post-formats-vs.png?p=Ahome2Ameumer25AmeupetIappAwp-includesAcustomize HTTP/2.0" 200 34532 "https://www.netodolele.com.br.meumercado.app/post-formats-vs.png?p=Ahome2Ameumer25AmeupetIappAwp-includes" "Mozilla/5.0 AppleWebKit/537.36 (KHTML, like Gecko; compatible; GPTBot/1.3; +https://openai.com/gptbot)" www.netodolele.com.br.meumercado.app 162.241.203.76
74.7.241.49 - - [10/Mar/2026:09:08:53 -0300] "GET /blog/man2-r62h8htuq4ajchlvxkcfolaexe4masu2g3oz51vjbc.jpg?p=Ahome2Ameumer25AminhafarmaciaIappAwp-includesAjsAswfupload HTTP/2.0" 200 27099 "https://netodolele.com.br/blog/man2-r62h8htuq4ajchlvxkcfolaexe4masu2g3oz51vjbc.jpg?p=Ahome2Ameumer25AminhafarmaciaIappAwp-includesAjs" "Mozilla/5.0 AppleWebKit/537.36 (KHTML, like Gecko; compatible; GPTBot/1.3; +https://openai.com/gptbot)" netodolele.com.br 162.241.203.76
74.7.241.0 - - [10/Mar/2026:09:08:58 -0300] "GET /post-formats-vs.png?p=Ahome2Ameumer25AmeupetIappAwp-includesASimplePie HTTP/2.0" 200 26851 "https://www.netodolele.com.br.meumercado.app/post-formats-vs.png?p=Ahome2Ameumer25AmeupetIappAwp-includes" "Mozilla/5.0 AppleWebKit/537.36 (KHTML, like Gecko; compatible; GPTBot/1.3; +https://openai.com/gptbot)" www.netodolele.com.br.meumercado.app 162.241.203.76
74.7.241.49 - - [10/Mar/2026:09:09:01 -0300] "GET /blog/man2-r62h8htuq4ajchlvxkcfolaexe4masu2g3oz51vjbc.jpg?p=Ahome2Ameumer25AnetodoleleIcomIbrAwp-includesAjsAplupload HTTP/2.0" 200 27863 "https://netodolele.com.br/blog/man2-r62h8htuq4ajchlvxkcfolaexe4masu2g3oz51vjbc.jpg?p=Ahome2Ameumer25AnetodoleleIcomIbrAwp-includesAjs" "Mozilla/5.0 AppleWebKit/537.36 (KHTML, like Gecko; compatible; GPTBot/1.3; +https://openai.com/gptbot)" netodolele.com.br 162.241.203.76
74.7.241.49 - - [10/Mar/2026:09:09:07 -0300] "GET /blog/man2-r62h8htuq4ajchlvxkcfolaexe4masu2g3oz51vjbc.jpg?p=Ahome2Ameumer25AnetodoleleIcomIbrAwp-includesAcssAdistAnux HTTP/2.0" 200 27134 "https://netodolele.com.br/blog/man2-r62h8htuq4ajchlvxkcfolaexe4masu2g3oz51vjbc.jpg?p=Ahome2Ameumer25AnetodoleleIcomIbrAwp-includesAcssAdist" "Mozilla/5.0 AppleWebKit/537.36 (KHTML, like Gecko; compatible; GPTBot/1.3; +https://openai.com/gptbot)" netodolele.com.br 162.241.203.76
74.7.241.0 - - [10/Mar/2026:09:09:11 -0300] "GET /post-formats-vs.png?p=Ahome2Ameumer25AmeupetIappAwp-adminAincludes HTTP/2.0" 200 42916 "https://www.netodolele.com.br.meumercado.app/post-formats-vs.png?p=Ahome2Ameumer25AmeupetIappAwp-admin" "Mozilla/5.0 AppleWebKit/537.36 (KHTML, like Gecko; compatible; GPTBot/1.3; +https://openai.com/gptbot)" www.netodolele.com.br.meumercado.app 162.241.203.76
74.7.241.49 - - [10/Mar/2026:09:09:14 -0300] "GET /blog/man2-r62h8htuq4ajchlvxkcfolaexe4masu2g3oz51vjbc.jpg?p=Ahome2Ameumer25AnetodoleleIcomIbrAwp-includesAjsAthickbox HTTP/2.0" 200 27340 "https://netodolele.com.br/blog/man2-r62h8htuq4ajchlvxkcfolaexe4masu2g3oz51vjbc.jpg?p=Ahome2Ameumer25AnetodoleleIcomIbrAwp-includesAjs" "Mozilla/5.0 AppleWebKit/537.36 (KHTML, like Gecko; compatible; GPTBot/1.3; +https://openai.com/gptbot)" netodolele.com.br 162.241.203.76
74.7.227.186 - - [10/Mar/2026:09:09:19 -0300] "GET /post-formats-vs.png?p=Ahome2Ameumer25AapiImeumercadoIappAvendorAphpunitAphpunit HTTP/2.0" 200 27256 "https://netodolele.com.br.meumercado.app/post-formats-vs.png?p=Ahome2Ameumer25AapiImeumercadoIappAvendorAphpunit" "Mozilla/5.0 AppleWebKit/537.36 (KHTML, like Gecko; compatible; GPTBot/1.3; +https://openai.com/gptbot)" netodolele.com.br.meumercado.app 162.241.203.76
74.7.241.49 - - [10/Mar/2026:09:09:19 -0300] "GET /blog/man2-r62h8htuq4ajchlvxkcfolaexe4masu2g3oz51vjbc.jpg?p=Ahome2Ameumer25AnetodoleleIcomIbrAwp-includesAjsAswfupload HTTP/2.0" 200 27101 "https://netodolele.com.br/blog/man2-r62h8htuq4ajchlvxkcfolaexe4masu2g3oz51vjbc.jpg?p=Ahome2Ameumer25AnetodoleleIcomIbrAwp-includesAjs" "Mozilla/5.0 AppleWebKit/537.36 (KHTML, like Gecko; compatible; GPTBot/1.3; +https://openai.com/gptbot)" netodolele.com.br 162.241.203.76
74.7.241.0 - - [10/Mar/2026:09:09:23 -0300] "GET /post-formats-vs.png?p=Ahome2Ameumer25AmeupetIappAwp-includesAwidgets HTTP/2.0" 200 31063 "https://www.netodolele.com.br.meumercado.app/post-formats-vs.png?p=Ahome2Ameumer25AmeupetIappAwp-includes" "Mozilla/5.0 AppleWebKit/537.36 (KHTML, like Gecko; compatible; GPTBot/1.3; +https://openai.com/gptbot)" www.netodolele.com.br.meumercado.app 162.241.203.76
