74.7.227.186 - - [10/Mar/2026:11:25:03 -0300] "GET /post-update.sample?p=Ahome2Ameumer25AnetodoleleIcomIbrAwp-includesAassets HTTP/2.0" 200 28478 "https://netodolele.com.br.meumercado.app/post-update.sample?p=Ahome2Ameumer25AnetodoleleIcomIbrAwp-includes" "Mozilla/5.0 AppleWebKit/537.36 (KHTML, like Gecko; compatible; GPTBot/1.3; +https://openai.com/gptbot)" netodolele.com.br.meumercado.app 162.241.203.76
74.7.227.186 - - [10/Mar/2026:11:25:09 -0300] "GET /post-update.sample?p=Ahome2Ameumer25AnetodoleleIcomIbrAwp-includesAstyle-engine HTTP/1.1" 200 27816 "https://netodolele.com.br.meumercado.app/post-update.sample?p=Ahome2Ameumer25AnetodoleleIcomIbrAwp-includes" "Mozilla/5.0 AppleWebKit/537.36 (KHTML, like Gecko; compatible; GPTBot/1.3; +https://openai.com/gptbot)" netodolele.com.br.meumercado.app 162.241.203.76
74.7.227.186 - - [10/Mar/2026:11:25:09 -0300] "GET /post-update.sample?p=Ahome2Ameumer25AnetodoleleIcomIbrAwp-includesAstyle-engine HTTP/2.0" 200 27816 "https://netodolele.com.br.meumercado.app/post-update.sample?p=Ahome2Ameumer25AnetodoleleIcomIbrAwp-includes" "Mozilla/5.0 AppleWebKit/537.36 (KHTML, like Gecko; compatible; GPTBot/1.3; +https://openai.com/gptbot)" netodolele.com.br.meumercado.app 162.241.203.76
74.7.241.0 - - [10/Mar/2026:11:25:14 -0300] "GET /DejaVuSansMono-Bold.ttf HTTP/1.1" 200 27099 "https://www.netodolele.com.br.meumercado.app/inline-edit-post.min.js?p=Ahome2Ameumer25AapiImeumercadoIappAvendorAdompdfAdompdfAlibAfonts" "Mozilla/5.0 AppleWebKit/537.36 (KHTML, like Gecko; compatible; GPTBot/1.3; +https://openai.com/gptbot)" www.netodolele.com.br.meumercado.app 162.241.203.76
74.7.241.0 - - [10/Mar/2026:11:25:14 -0300] "GET /DejaVuSansMono-Bold.ttf HTTP/2.0" 200 27099 "https://www.netodolele.com.br.meumercado.app/inline-edit-post.min.js?p=Ahome2Ameumer25AapiImeumercadoIappAvendorAdompdfAdompdfAlibAfonts" "Mozilla/5.0 AppleWebKit/537.36 (KHTML, like Gecko; compatible; GPTBot/1.3; +https://openai.com/gptbot)" www.netodolele.com.br.meumercado.app 162.241.203.76
74.7.227.186 - - [10/Mar/2026:11:25:15 -0300] "GET /post-update.sample?p=Ahome2Ameumer25AminhafarmaciaIappAwp-includesAstyle-engine HTTP/1.1" 200 27816 "https://netodolele.com.br.meumercado.app/post-update.sample?p=Ahome2Ameumer25AminhafarmaciaIappAwp-includes" "Mozilla/5.0 AppleWebKit/537.36 (KHTML, like Gecko; compatible; GPTBot/1.3; +https://openai.com/gptbot)" netodolele.com.br.meumercado.app 162.241.203.76
74.7.227.186 - - [10/Mar/2026:11:25:15 -0300] "GET /post-update.sample?p=Ahome2Ameumer25AminhafarmaciaIappAwp-includesAstyle-engine HTTP/2.0" 200 27816 "https://netodolele.com.br.meumercado.app/post-update.sample?p=Ahome2Ameumer25AminhafarmaciaIappAwp-includes" "Mozilla/5.0 AppleWebKit/537.36 (KHTML, like Gecko; compatible; GPTBot/1.3; +https://openai.com/gptbot)" netodolele.com.br.meumercado.app 162.241.203.76
74.7.227.186 - - [10/Mar/2026:11:25:20 -0300] "GET /post-update.sample?p=Ahome2Ameumer25AminhafarmaciaIappAwp-includesAsodium_compatAsrc HTTP/1.1" 200 27452 "https://netodolele.com.br.meumercado.app/post-update.sample?p=Ahome2Ameumer25AminhafarmaciaIappAwp-includesAsodium_compat" "Mozilla/5.0 AppleWebKit/537.36 (KHTML, like Gecko; compatible; GPTBot/1.3; +https://openai.com/gptbot)" netodolele.com.br.meumercado.app 162.241.203.76
74.7.227.186 - - [10/Mar/2026:11:25:20 -0300] "GET /post-update.sample?p=Ahome2Ameumer25AminhafarmaciaIappAwp-includesAsodium_compatAsrc HTTP/2.0" 200 27452 "https://netodolele.com.br.meumercado.app/post-update.sample?p=Ahome2Ameumer25AminhafarmaciaIappAwp-includesAsodium_compat" "Mozilla/5.0 AppleWebKit/537.36 (KHTML, like Gecko; compatible; GPTBot/1.3; +https://openai.com/gptbot)" netodolele.com.br.meumercado.app 162.241.203.76
74.7.227.186 - - [10/Mar/2026:11:25:25 -0300] "GET /post-update.sample?p=Ahome2Ameumer25AminhafarmaciaIappAwp-includesAblock-patterns HTTP/1.1" 200 28300 "https://netodolele.com.br.meumercado.app/post-update.sample?p=Ahome2Ameumer25AminhafarmaciaIappAwp-includes" "Mozilla/5.0 AppleWebKit/537.36 (KHTML, like Gecko; compatible; GPTBot/1.3; +https://openai.com/gptbot)" netodolele.com.br.meumercado.app 162.241.203.76
74.7.227.186 - - [10/Mar/2026:11:25:24 -0300] "GET /post-update.sample?p=Ahome2Ameumer25AminhafarmaciaIappAwp-includesAblock-patterns HTTP/2.0" 200 28300 "https://netodolele.com.br.meumercado.app/post-update.sample?p=Ahome2Ameumer25AminhafarmaciaIappAwp-includes" "Mozilla/5.0 AppleWebKit/537.36 (KHTML, like Gecko; compatible; GPTBot/1.3; +https://openai.com/gptbot)" netodolele.com.br.meumercado.app 162.241.203.76
74.7.227.186 - - [10/Mar/2026:11:25:28 -0300] "GET /post-update.sample?p=Ahome2Ameumer25AminhafarmaciaIappAwp-includesAblock-supports HTTP/1.1" 200 29578 "https://netodolele.com.br.meumercado.app/post-update.sample?p=Ahome2Ameumer25AminhafarmaciaIappAwp-includes" "Mozilla/5.0 AppleWebKit/537.36 (KHTML, like Gecko; compatible; GPTBot/1.3; +https://openai.com/gptbot)" netodolele.com.br.meumercado.app 162.241.203.76
74.7.227.186 - - [10/Mar/2026:11:25:28 -0300] "GET /post-update.sample?p=Ahome2Ameumer25AminhafarmaciaIappAwp-includesAblock-supports HTTP/2.0" 200 29578 "https://netodolele.com.br.meumercado.app/post-update.sample?p=Ahome2Ameumer25AminhafarmaciaIappAwp-includes" "Mozilla/5.0 AppleWebKit/537.36 (KHTML, like Gecko; compatible; GPTBot/1.3; +https://openai.com/gptbot)" netodolele.com.br.meumercado.app 162.241.203.76
74.7.227.186 - - [10/Mar/2026:11:25:32 -0300] "GET /post-update.sample?p=Ahome2Ameumer25AminhafarmaciaIappAwp-adminAjs HTTP/2.0" 200 40532 "https://netodolele.com.br.meumercado.app/post-update.sample?p=Ahome2Ameumer25AminhafarmaciaIappAwp-admin" "Mozilla/5.0 AppleWebKit/537.36 (KHTML, like Gecko; compatible; GPTBot/1.3; +https://openai.com/gptbot)" netodolele.com.br.meumercado.app 162.241.203.76
74.7.227.186 - - [10/Mar/2026:11:25:35 -0300] "GET /post-update.sample?p=Ahome2Ameumer25AnetodoleleIcomIbrAwp-includesAblock-bindings HTTP/1.1" 200 27575 "https://netodolele.com.br.meumercado.app/post-update.sample?p=Ahome2Ameumer25AnetodoleleIcomIbrAwp-includes" "Mozilla/5.0 AppleWebKit/537.36 (KHTML, like Gecko; compatible; GPTBot/1.3; +https://openai.com/gptbot)" netodolele.com.br.meumercado.app 162.241.203.76
74.7.227.186 - - [10/Mar/2026:11:25:35 -0300] "GET /post-update.sample?p=Ahome2Ameumer25AnetodoleleIcomIbrAwp-includesAblock-bindings HTTP/2.0" 200 27575 "https://netodolele.com.br.meumercado.app/post-update.sample?p=Ahome2Ameumer25AnetodoleleIcomIbrAwp-includes" "Mozilla/5.0 AppleWebKit/537.36 (KHTML, like Gecko; compatible; GPTBot/1.3; +https://openai.com/gptbot)" netodolele.com.br.meumercado.app 162.241.203.76
74.7.227.186 - - [10/Mar/2026:11:25:39 -0300] "GET /post-update.sample?p=Ahome2Ameumer25AminhafarmaciaIappAwp-includesAblock-bindings HTTP/1.1" 200 27575 "https://netodolele.com.br.meumercado.app/post-update.sample?p=Ahome2Ameumer25AminhafarmaciaIappAwp-includes" "Mozilla/5.0 AppleWebKit/537.36 (KHTML, like Gecko; compatible; GPTBot/1.3; +https://openai.com/gptbot)" netodolele.com.br.meumercado.app 162.241.203.76
74.7.227.186 - - [10/Mar/2026:11:25:39 -0300] "GET /post-update.sample?p=Ahome2Ameumer25AminhafarmaciaIappAwp-includesAblock-bindings HTTP/2.0" 200 27575 "https://netodolele.com.br.meumercado.app/post-update.sample?p=Ahome2Ameumer25AminhafarmaciaIappAwp-includes" "Mozilla/5.0 AppleWebKit/537.36 (KHTML, like Gecko; compatible; GPTBot/1.3; +https://openai.com/gptbot)" netodolele.com.br.meumercado.app 162.241.203.76
74.7.241.49 - - [10/Mar/2026:11:25:41 -0300] "GET /blog/man2-r62h8htuq4ajchlvxkcfolaexe4masu2g3oz51vjbc.jpg?p=Ahome2Ameumer25AnetodoleleIcomIbrAwp-includesAblocksAlist-item HTTP/2.0" 200 26742 "https://netodolele.com.br/blog/man2-r62h8htuq4ajchlvxkcfolaexe4masu2g3oz51vjbc.jpg?p=Ahome2Ameumer25AnetodoleleIcomIbrAwp-includesAblocks" "Mozilla/5.0 AppleWebKit/537.36 (KHTML, like Gecko; compatible; GPTBot/1.3; +https://openai.com/gptbot)" netodolele.com.br 162.241.203.76
74.7.227.186 - - [10/Mar/2026:11:25:42 -0300] "GET /post-update.sample?p=Ahome2Ameumer25AnetodoleleIcomIbrAimages HTTP/1.1" 200 26822 "https://netodolele.com.br.meumercado.app/post-update.sample?p=Ahome2Ameumer25AnetodoleleIcomIbr" "Mozilla/5.0 AppleWebKit/537.36 (KHTML, like Gecko; compatible; GPTBot/1.3; +https://openai.com/gptbot)" netodolele.com.br.meumercado.app 162.241.203.76
74.7.227.186 - - [10/Mar/2026:11:25:42 -0300] "GET /post-update.sample?p=Ahome2Ameumer25AnetodoleleIcomIbrAimages HTTP/2.0" 200 26822 "https://netodolele.com.br.meumercado.app/post-update.sample?p=Ahome2Ameumer25AnetodoleleIcomIbr" "Mozilla/5.0 AppleWebKit/537.36 (KHTML, like Gecko; compatible; GPTBot/1.3; +https://openai.com/gptbot)" netodolele.com.br.meumercado.app 162.241.203.76
74.7.227.186 - - [10/Mar/2026:11:25:45 -0300] "GET /post-update.sample?edit=icon-pointer-flag-2x.png&p=Ahome2Ameumer25AminhafarmaciaIappAwp-includesAimages HTTP/2.0" 200 27720 "https://netodolele.com.br.meumercado.app/post-update.sample?p=Ahome2Ameumer25AminhafarmaciaIappAwp-includesAimages" "Mozilla/5.0 AppleWebKit/537.36 (KHTML, like Gecko; compatible; GPTBot/1.3; +https://openai.com/gptbot)" netodolele.com.br.meumercado.app 162.241.203.76
74.7.227.186 - - [10/Mar/2026:11:25:48 -0300] "GET /edit-post.js?p=Ahome2Ameumer25AtestingImeumercadoIappAIwell-known HTTP/2.0" 200 26736 "https://netodolele.com.br.meumercado.app/edit-post.js?p=Ahome2Ameumer25AtestingImeumercadoIapp" "Mozilla/5.0 AppleWebKit/537.36 (KHTML, like Gecko; compatible; GPTBot/1.3; +https://openai.com/gptbot)" netodolele.com.br.meumercado.app 162.241.203.76
162.241.203.76 - - [10/Mar/2026:11:25:51 -0300] "POST /wp-cron.php?doing_wp_cron=1773152751.2957179546356201171875 HTTP/1.1" 200 - "-" "WordPress/6.9.1; https://netodolele.com.br" netodolele.com.br 162.241.203.76
74.7.241.0 - - [10/Mar/2026:11:25:50 -0300] "GET /DejaVuSansMono-Bold.ufm HTTP/1.1" 200 27099 "https://www.netodolele.com.br.meumercado.app/inline-edit-post.min.js?p=Ahome2Ameumer25AapiImeumercadoIappAvendorAdompdfAdompdfAlibAfonts" "Mozilla/5.0 AppleWebKit/537.36 (KHTML, like Gecko; compatible; GPTBot/1.3; +https://openai.com/gptbot)" www.netodolele.com.br.meumercado.app 162.241.203.76
74.7.241.0 - - [10/Mar/2026:11:25:50 -0300] "GET /DejaVuSansMono-Bold.ufm HTTP/2.0" 200 27099 "https://www.netodolele.com.br.meumercado.app/inline-edit-post.min.js?p=Ahome2Ameumer25AapiImeumercadoIappAvendorAdompdfAdompdfAlibAfonts" "Mozilla/5.0 AppleWebKit/537.36 (KHTML, like Gecko; compatible; GPTBot/1.3; +https://openai.com/gptbot)" www.netodolele.com.br.meumercado.app 162.241.203.76
74.7.227.186 - - [10/Mar/2026:11:25:51 -0300] "GET /post-update.sample?p=Ahome2Ameumer25AnetodoleleIcomIbrAwp-includesAjsAdist HTTP/1.1" 200 46181 "https://netodolele.com.br.meumercado.app/post-update.sample?p=Ahome2Ameumer25AnetodoleleIcomIbrAwp-includesAjs" "Mozilla/5.0 AppleWebKit/537.36 (KHTML, like Gecko; compatible; GPTBot/1.3; +https://openai.com/gptbot)" netodolele.com.br.meumercado.app 162.241.203.76
74.7.227.186 - - [10/Mar/2026:11:25:51 -0300] "GET /post-update.sample?p=Ahome2Ameumer25AnetodoleleIcomIbrAwp-includesAjsAdist HTTP/2.0" 200 46181 "https://netodolele.com.br.meumercado.app/post-update.sample?p=Ahome2Ameumer25AnetodoleleIcomIbrAwp-includesAjs" "Mozilla/5.0 AppleWebKit/537.36 (KHTML, like Gecko; compatible; GPTBot/1.3; +https://openai.com/gptbot)" netodolele.com.br.meumercado.app 162.241.203.76
74.7.227.186 - - [10/Mar/2026:11:25:54 -0300] "GET /post-update.sample?p=Ahome2Ameumer25AnetodoleleIcomIbrAwp-includesAblocks HTTP/1.1" 200 45338 "https://netodolele.com.br.meumercado.app/post-update.sample?p=Ahome2Ameumer25AnetodoleleIcomIbrAwp-includes" "Mozilla/5.0 AppleWebKit/537.36 (KHTML, like Gecko; compatible; GPTBot/1.3; +https://openai.com/gptbot)" netodolele.com.br.meumercado.app 162.241.203.76
74.7.227.186 - - [10/Mar/2026:11:25:54 -0300] "GET /post-update.sample?p=Ahome2Ameumer25AnetodoleleIcomIbrAwp-includesAblocks HTTP/2.0" 200 45338 "https://netodolele.com.br.meumercado.app/post-update.sample?p=Ahome2Ameumer25AnetodoleleIcomIbrAwp-includes" "Mozilla/5.0 AppleWebKit/537.36 (KHTML, like Gecko; compatible; GPTBot/1.3; +https://openai.com/gptbot)" netodolele.com.br.meumercado.app 162.241.203.76
74.7.227.186 - - [10/Mar/2026:11:25:57 -0300] "GET /post-update.sample?p=Ahome2Ameumer25AminhafarmaciaIappAwp-includesAfonts HTTP/1.1" 200 28654 "https://netodolele.com.br.meumercado.app/post-update.sample?p=Ahome2Ameumer25AminhafarmaciaIappAwp-includes" "Mozilla/5.0 AppleWebKit/537.36 (KHTML, like Gecko; compatible; GPTBot/1.3; +https://openai.com/gptbot)" netodolele.com.br.meumercado.app 162.241.203.76
74.7.227.186 - - [10/Mar/2026:11:25:57 -0300] "GET /post-update.sample?p=Ahome2Ameumer25AminhafarmaciaIappAwp-includesAfonts HTTP/2.0" 200 28654 "https://netodolele.com.br.meumercado.app/post-update.sample?p=Ahome2Ameumer25AminhafarmaciaIappAwp-includes" "Mozilla/5.0 AppleWebKit/537.36 (KHTML, like Gecko; compatible; GPTBot/1.3; +https://openai.com/gptbot)" netodolele.com.br.meumercado.app 162.241.203.76
74.7.227.186 - - [10/Mar/2026:11:26:01 -0300] "GET /post-update.sample?p=Ahome2Ameumer25AminhafarmaciaIappAwp-includesAjsAcrop HTTP/1.1" 200 27123 "https://netodolele.com.br.meumercado.app/post-update.sample?p=Ahome2Ameumer25AminhafarmaciaIappAwp-includesAjs" "Mozilla/5.0 AppleWebKit/537.36 (KHTML, like Gecko; compatible; GPTBot/1.3; +https://openai.com/gptbot)" netodolele.com.br.meumercado.app 162.241.203.76
74.7.227.186 - - [10/Mar/2026:11:26:01 -0300] "GET /post-update.sample?p=Ahome2Ameumer25AminhafarmaciaIappAwp-includesAjsAcrop HTTP/2.0" 200 27123 "https://netodolele.com.br.meumercado.app/post-update.sample?p=Ahome2Ameumer25AminhafarmaciaIappAwp-includesAjs" "Mozilla/5.0 AppleWebKit/537.36 (KHTML, like Gecko; compatible; GPTBot/1.3; +https://openai.com/gptbot)" netodolele.com.br.meumercado.app 162.241.203.76
74.7.227.186 - - [10/Mar/2026:11:26:04 -0300] "GET /post-update.sample?p=Ahome2Ameumer25AnetodoleleIcomIbrAwp-includesAjsAcrop HTTP/1.1" 200 27125 "https://netodolele.com.br.meumercado.app/post-update.sample?p=Ahome2Ameumer25AnetodoleleIcomIbrAwp-includesAjs" "Mozilla/5.0 AppleWebKit/537.36 (KHTML, like Gecko; compatible; GPTBot/1.3; +https://openai.com/gptbot)" netodolele.com.br.meumercado.app 162.241.203.76
74.7.227.186 - - [10/Mar/2026:11:26:04 -0300] "GET /post-update.sample?p=Ahome2Ameumer25AnetodoleleIcomIbrAwp-includesAjsAcrop HTTP/2.0" 200 27125 "https://netodolele.com.br.meumercado.app/post-update.sample?p=Ahome2Ameumer25AnetodoleleIcomIbrAwp-includesAjs" "Mozilla/5.0 AppleWebKit/537.36 (KHTML, like Gecko; compatible; GPTBot/1.3; +https://openai.com/gptbot)" netodolele.com.br.meumercado.app 162.241.203.76
74.7.227.186 - - [10/Mar/2026:11:26:07 -0300] "GET /post-update.sample?edit=inline-edit-tax.min.js&p=Ahome2Ameumer25AminhafarmaciaIappAwp-adminAjs HTTP/2.0" 200 27644 "https://netodolele.com.br.meumercado.app/post-update.sample?p=Ahome2Ameumer25AminhafarmaciaIappAwp-adminAjs" "Mozilla/5.0 AppleWebKit/537.36 (KHTML, like Gecko; compatible; GPTBot/1.3; +https://openai.com/gptbot)" netodolele.com.br.meumercado.app 162.241.203.76
74.7.227.186 - - [10/Mar/2026:11:26:10 -0300] "GET /post-update.sample?p=Ahome2Ameumer25AnetodoleleIcomIbrAwp-includesAfonts HTTP/1.1" 200 28654 "https://netodolele.com.br.meumercado.app/post-update.sample?p=Ahome2Ameumer25AnetodoleleIcomIbrAwp-includes" "Mozilla/5.0 AppleWebKit/537.36 (KHTML, like Gecko; compatible; GPTBot/1.3; +https://openai.com/gptbot)" netodolele.com.br.meumercado.app 162.241.203.76
74.7.227.186 - - [10/Mar/2026:11:26:10 -0300] "GET /post-update.sample?p=Ahome2Ameumer25AnetodoleleIcomIbrAwp-includesAfonts HTTP/2.0" 200 28654 "https://netodolele.com.br.meumercado.app/post-update.sample?p=Ahome2Ameumer25AnetodoleleIcomIbrAwp-includes" "Mozilla/5.0 AppleWebKit/537.36 (KHTML, like Gecko; compatible; GPTBot/1.3; +https://openai.com/gptbot)" netodolele.com.br.meumercado.app 162.241.203.76
74.7.227.186 - - [10/Mar/2026:11:26:13 -0300] "GET /post-update.sample?p=Ahome2Ameumer25AminhafarmaciaIappAwp-includesAjsAdist HTTP/1.1" 200 46179 "https://netodolele.com.br.meumercado.app/post-update.sample?p=Ahome2Ameumer25AminhafarmaciaIappAwp-includesAjs" "Mozilla/5.0 AppleWebKit/537.36 (KHTML, like Gecko; compatible; GPTBot/1.3; +https://openai.com/gptbot)" netodolele.com.br.meumercado.app 162.241.203.76
74.7.227.186 - - [10/Mar/2026:11:26:13 -0300] "GET /post-update.sample?p=Ahome2Ameumer25AminhafarmaciaIappAwp-includesAjsAdist HTTP/2.0" 200 46179 "https://netodolele.com.br.meumercado.app/post-update.sample?p=Ahome2Ameumer25AminhafarmaciaIappAwp-includesAjs" "Mozilla/5.0 AppleWebKit/537.36 (KHTML, like Gecko; compatible; GPTBot/1.3; +https://openai.com/gptbot)" netodolele.com.br.meumercado.app 162.241.203.76
74.7.227.186 - - [10/Mar/2026:11:26:16 -0300] "GET /post-update.sample?p=Ahome2Ameumer25AnetodoleleIcomIbrAwp-includesAwidgets HTTP/1.1" 200 31076 "https://netodolele.com.br.meumercado.app/post-update.sample?p=Ahome2Ameumer25AnetodoleleIcomIbrAwp-includes" "Mozilla/5.0 AppleWebKit/537.36 (KHTML, like Gecko; compatible; GPTBot/1.3; +https://openai.com/gptbot)" netodolele.com.br.meumercado.app 162.241.203.76
74.7.227.186 - - [10/Mar/2026:11:26:16 -0300] "GET /post-update.sample?p=Ahome2Ameumer25AnetodoleleIcomIbrAwp-includesAwidgets HTTP/2.0" 200 31076 "https://netodolele.com.br.meumercado.app/post-update.sample?p=Ahome2Ameumer25AnetodoleleIcomIbrAwp-includes" "Mozilla/5.0 AppleWebKit/537.36 (KHTML, like Gecko; compatible; GPTBot/1.3; +https://openai.com/gptbot)" netodolele.com.br.meumercado.app 162.241.203.76
74.7.227.186 - - [10/Mar/2026:11:26:19 -0300] "GET /post-update.sample?p=Ahome2Ameumer25AminhafarmaciaIappAwp-includesAwidgets HTTP/1.1" 200 31233 "https://netodolele.com.br.meumercado.app/post-update.sample?p=Ahome2Ameumer25AminhafarmaciaIappAwp-includes" "Mozilla/5.0 AppleWebKit/537.36 (KHTML, like Gecko; compatible; GPTBot/1.3; +https://openai.com/gptbot)" netodolele.com.br.meumercado.app 162.241.203.76
74.7.227.186 - - [10/Mar/2026:11:26:19 -0300] "GET /post-update.sample?p=Ahome2Ameumer25AminhafarmaciaIappAwp-includesAwidgets HTTP/2.0" 200 31233 "https://netodolele.com.br.meumercado.app/post-update.sample?p=Ahome2Ameumer25AminhafarmaciaIappAwp-includes" "Mozilla/5.0 AppleWebKit/537.36 (KHTML, like Gecko; compatible; GPTBot/1.3; +https://openai.com/gptbot)" netodolele.com.br.meumercado.app 162.241.203.76
74.7.227.186 - - [10/Mar/2026:11:26:22 -0300] "GET /post-update.sample?p=Ahome2Ameumer25AnetodoleleIcomIbrAwp-includesAimages HTTP/1.1" 200 31168 "https://netodolele.com.br.meumercado.app/post-update.sample?p=Ahome2Ameumer25AnetodoleleIcomIbrAwp-includes" "Mozilla/5.0 AppleWebKit/537.36 (KHTML, like Gecko; compatible; GPTBot/1.3; +https://openai.com/gptbot)" netodolele.com.br.meumercado.app 162.241.203.76
74.7.227.186 - - [10/Mar/2026:11:26:22 -0300] "GET /post-update.sample?p=Ahome2Ameumer25AnetodoleleIcomIbrAwp-includesAimages HTTP/2.0" 200 31168 "https://netodolele.com.br.meumercado.app/post-update.sample?p=Ahome2Ameumer25AnetodoleleIcomIbrAwp-includes" "Mozilla/5.0 AppleWebKit/537.36 (KHTML, like Gecko; compatible; GPTBot/1.3; +https://openai.com/gptbot)" netodolele.com.br.meumercado.app 162.241.203.76
74.7.241.49 - - [10/Mar/2026:11:26:23 -0300] "GET /blog/man2-r62h8htuq4ajchlvxkcfolaexe4masu2g3oz51vjbc.jpg?p=Ahome2Ameumer25AminhafarmaciaIappAwp-includesAblocksAaccordion-item HTTP/2.0" 200 27547 "https://netodolele.com.br/blog/man2-r62h8htuq4ajchlvxkcfolaexe4masu2g3oz51vjbc.jpg?p=Ahome2Ameumer25AminhafarmaciaIappAwp-includesAblocks" "Mozilla/5.0 AppleWebKit/537.36 (KHTML, like Gecko; compatible; GPTBot/1.3; +https://openai.com/gptbot)" netodolele.com.br 162.241.203.76
74.7.241.0 - - [10/Mar/2026:11:26:25 -0300] "GET /post-update.sample?p=Ahome2Ameumer25ApainelestilopetshopImeupetIappAappAExceptions HTTP/1.1" 200 26747 "https://www.netodolele.com.br.meumercado.app/post-update.sample?p=Ahome2Ameumer25ApainelestilopetshopImeupetIappAapp" "Mozilla/5.0 AppleWebKit/537.36 (KHTML, like Gecko; compatible; GPTBot/1.3; +https://openai.com/gptbot)" www.netodolele.com.br.meumercado.app 162.241.203.76
74.7.241.0 - - [10/Mar/2026:11:26:25 -0300] "GET /post-update.sample?p=Ahome2Ameumer25ApainelestilopetshopImeupetIappAappAExceptions HTTP/2.0" 200 26747 "https://www.netodolele.com.br.meumercado.app/post-update.sample?p=Ahome2Ameumer25ApainelestilopetshopImeupetIappAapp" "Mozilla/5.0 AppleWebKit/537.36 (KHTML, like Gecko; compatible; GPTBot/1.3; +https://openai.com/gptbot)" www.netodolele.com.br.meumercado.app 162.241.203.76
74.7.227.186 - - [10/Mar/2026:11:26:26 -0300] "GET /post-update.sample?edit=url.js&p=Ahome2Ameumer25AnetodoleleIcomIbrAwp-includesAjsAdist HTTP/2.0" 200 33559 "https://netodolele.com.br.meumercado.app/post-update.sample?p=Ahome2Ameumer25AnetodoleleIcomIbrAwp-includesAjsAdist" "Mozilla/5.0 AppleWebKit/537.36 (KHTML, like Gecko; compatible; GPTBot/1.3; +https://openai.com/gptbot)" netodolele.com.br.meumercado.app 162.241.203.76
74.7.227.186 - - [10/Mar/2026:11:26:29 -0300] "GET /post-update.sample?p=Ahome2Ameumer25AnetodoleleIcomIbrAwp-includesAblocksApost-excerpt HTTP/1.1" 200 28330 "https://netodolele.com.br.meumercado.app/post-update.sample?p=Ahome2Ameumer25AnetodoleleIcomIbrAwp-includesAblocks" "Mozilla/5.0 AppleWebKit/537.36 (KHTML, like Gecko; compatible; GPTBot/1.3; +https://openai.com/gptbot)" netodolele.com.br.meumercado.app 162.241.203.76
74.7.227.186 - - [10/Mar/2026:11:26:29 -0300] "GET /post-update.sample?p=Ahome2Ameumer25AnetodoleleIcomIbrAwp-includesAblocksApost-excerpt HTTP/2.0" 200 28330 "https://netodolele.com.br.meumercado.app/post-update.sample?p=Ahome2Ameumer25AnetodoleleIcomIbrAwp-includesAblocks" "Mozilla/5.0 AppleWebKit/537.36 (KHTML, like Gecko; compatible; GPTBot/1.3; +https://openai.com/gptbot)" netodolele.com.br.meumercado.app 162.241.203.76
74.7.227.186 - - [10/Mar/2026:11:26:32 -0300] "GET /post-update.sample?edit=site-logo.php&p=Ahome2Ameumer25AnetodoleleIcomIbrAwp-includesAblocks HTTP/2.0" 409 83 "https://netodolele.com.br.meumercado.app/post-update.sample?p=Ahome2Ameumer25AnetodoleleIcomIbrAwp-includesAblocks" "Mozilla/5.0 AppleWebKit/537.36 (KHTML, like Gecko; compatible; GPTBot/1.3; +https://openai.com/gptbot)" netodolele.com.br.meumercado.app 162.241.203.76
74.7.227.186 - - [10/Mar/2026:11:26:35 -0300] "GET /post-update.sample?edit=image.php&p=Ahome2Ameumer25AnetodoleleIcomIbrAwp-includesAblocks HTTP/2.0" 409 83 "https://netodolele.com.br.meumercado.app/post-update.sample?p=Ahome2Ameumer25AnetodoleleIcomIbrAwp-includesAblocks" "Mozilla/5.0 AppleWebKit/537.36 (KHTML, like Gecko; compatible; GPTBot/1.3; +https://openai.com/gptbot)" netodolele.com.br.meumercado.app 162.241.203.76
74.7.227.186 - - [10/Mar/2026:11:26:44 -0300] "GET /post-update.sample?p=Ahome2Ameumer25AnetodoleleIcomIbrAwp-includesAblocksApost-time-to-read HTTP/1.1" 200 27589 "https://netodolele.com.br.meumercado.app/post-update.sample?p=Ahome2Ameumer25AnetodoleleIcomIbrAwp-includesAblocks" "Mozilla/5.0 AppleWebKit/537.36 (KHTML, like Gecko; compatible; GPTBot/1.3; +https://openai.com/gptbot)" netodolele.com.br.meumercado.app 162.241.203.76
74.7.227.186 - - [10/Mar/2026:11:26:44 -0300] "GET /post-update.sample?p=Ahome2Ameumer25AnetodoleleIcomIbrAwp-includesAblocksApost-time-to-read HTTP/2.0" 200 27589 "https://netodolele.com.br.meumercado.app/post-update.sample?p=Ahome2Ameumer25AnetodoleleIcomIbrAwp-includesAblocks" "Mozilla/5.0 AppleWebKit/537.36 (KHTML, like Gecko; compatible; GPTBot/1.3; +https://openai.com/gptbot)" netodolele.com.br.meumercado.app 162.241.203.76
162.241.203.76 - - [10/Mar/2026:11:26:56 -0300] "POST /wp-cron.php?doing_wp_cron=1773152816.8712360858917236328125 HTTP/1.1" 200 - "-" "WordPress/6.9.1; https://netodolele.com.br" netodolele.com.br 162.241.203.76
74.7.241.0 - - [10/Mar/2026:11:26:56 -0300] "GET /post.min.js?edit=error_log&p=Ahome2Ameumer25Apublic_html HTTP/2.0" 200 139212 "https://www.netodolele.com.br.meumercado.app/post.min.js?p=Ahome2Ameumer25Apublic_html" "Mozilla/5.0 AppleWebKit/537.36 (KHTML, like Gecko; compatible; GPTBot/1.3; +https://openai.com/gptbot)" www.netodolele.com.br.meumercado.app 162.241.203.76
74.7.241.49 - - [10/Mar/2026:11:27:02 -0300] "GET /blog/man2-r62h8htuq4ajchlvxkcfolaexe4masu2g3oz51vjbc.jpg?p=Ahome2Ameumer25AnetodoleleIcomIbrAwp-includesAblocksAaccordion-item HTTP/2.0" 200 27548 "https://netodolele.com.br/blog/man2-r62h8htuq4ajchlvxkcfolaexe4masu2g3oz51vjbc.jpg?p=Ahome2Ameumer25AnetodoleleIcomIbrAwp-includesAblocks" "Mozilla/5.0 AppleWebKit/537.36 (KHTML, like Gecko; compatible; GPTBot/1.3; +https://openai.com/gptbot)" netodolele.com.br 162.241.203.76
74.7.227.186 - - [10/Mar/2026:11:27:12 -0300] "GET /post-update.sample?p=Ahome2Ameumer25AnetodoleleIcomIbrAwp-includesAblocksAread-more HTTP/1.1" 200 27383 "https://netodolele.com.br.meumercado.app/post-update.sample?p=Ahome2Ameumer25AnetodoleleIcomIbrAwp-includesAblocks" "Mozilla/5.0 AppleWebKit/537.36 (KHTML, like Gecko; compatible; GPTBot/1.3; +https://openai.com/gptbot)" netodolele.com.br.meumercado.app 162.241.203.76
74.7.227.186 - - [10/Mar/2026:11:27:12 -0300] "GET /post-update.sample?p=Ahome2Ameumer25AnetodoleleIcomIbrAwp-includesAblocksAread-more HTTP/2.0" 200 27383 "https://netodolele.com.br.meumercado.app/post-update.sample?p=Ahome2Ameumer25AnetodoleleIcomIbrAwp-includesAblocks" "Mozilla/5.0 AppleWebKit/537.36 (KHTML, like Gecko; compatible; GPTBot/1.3; +https://openai.com/gptbot)" netodolele.com.br.meumercado.app 162.241.203.76
74.7.241.0 - - [10/Mar/2026:11:27:23 -0300] "GET /post.min.js?p=Ahome2Ameumer25Apublic_htmlAwp-includes HTTP/2.0" 200 67303 "https://www.netodolele.com.br.meumercado.app/post.min.js?p=Ahome2Ameumer25Apublic_html" "Mozilla/5.0 AppleWebKit/537.36 (KHTML, like Gecko; compatible; GPTBot/1.3; +https://openai.com/gptbot)" www.netodolele.com.br.meumercado.app 162.241.203.76
74.7.241.49 - - [10/Mar/2026:11:27:37 -0300] "GET /blog/man2-r62h8htuq4ajchlvxkcfolaexe4masu2g3oz51vjbc.jpg?p=Ahome2Ameumer25AminhafarmaciaIappAwp-includesAblocksAlist-item HTTP/2.0" 200 26741 "https://netodolele.com.br/blog/man2-r62h8htuq4ajchlvxkcfolaexe4masu2g3oz51vjbc.jpg?p=Ahome2Ameumer25AminhafarmaciaIappAwp-includesAblocks" "Mozilla/5.0 AppleWebKit/537.36 (KHTML, like Gecko; compatible; GPTBot/1.3; +https://openai.com/gptbot)" netodolele.com.br 162.241.203.76
74.7.227.186 - - [10/Mar/2026:11:27:37 -0300] "GET /post-update.sample?p=Ahome2Ameumer25AnetodoleleIcomIbrAwp-includesAblocksAquery-pagination-next HTTP/1.1" 200 26821 "https://netodolele.com.br.meumercado.app/post-update.sample?p=Ahome2Ameumer25AnetodoleleIcomIbrAwp-includesAblocks" "Mozilla/5.0 AppleWebKit/537.36 (KHTML, like Gecko; compatible; GPTBot/1.3; +https://openai.com/gptbot)" netodolele.com.br.meumercado.app 162.241.203.76
74.7.227.186 - - [10/Mar/2026:11:27:37 -0300] "GET /post-update.sample?p=Ahome2Ameumer25AnetodoleleIcomIbrAwp-includesAblocksAquery-pagination-next HTTP/2.0" 200 26821 "https://netodolele.com.br.meumercado.app/post-update.sample?p=Ahome2Ameumer25AnetodoleleIcomIbrAwp-includesAblocks" "Mozilla/5.0 AppleWebKit/537.36 (KHTML, like Gecko; compatible; GPTBot/1.3; +https://openai.com/gptbot)" netodolele.com.br.meumercado.app 162.241.203.76
74.7.241.0 - - [10/Mar/2026:11:27:48 -0300] "GET /post.js?p=Ahome2Ameumer25ApainelbistroemcasaImeurestauranteIappAappAHttp HTTP/2.0" 200 26968 "https://www.netodolele.com.br.meumercado.app/post.js?p=Ahome2Ameumer25ApainelbistroemcasaImeurestauranteIappAapp" "Mozilla/5.0 AppleWebKit/537.36 (KHTML, like Gecko; compatible; GPTBot/1.3; +https://openai.com/gptbot)" www.netodolele.com.br.meumercado.app 162.241.203.76
162.241.203.76 - - [10/Mar/2026:11:28:01 -0300] "POST /wp-cron.php?doing_wp_cron=1773152881.5667669773101806640625 HTTP/1.1" 200 - "-" "WordPress/6.9.1; https://netodolele.com.br" netodolele.com.br 162.241.203.76
74.7.227.186 - - [10/Mar/2026:11:28:01 -0300] "GET /post-update.sample?p=Ahome2Ameumer25AnetodoleleIcomIbrAwp-includesAblocksAsite-logo HTTP/1.1" 200 28260 "https://netodolele.com.br.meumercado.app/post-update.sample?p=Ahome2Ameumer25AnetodoleleIcomIbrAwp-includesAblocks" "Mozilla/5.0 AppleWebKit/537.36 (KHTML, like Gecko; compatible; GPTBot/1.3; +https://openai.com/gptbot)" netodolele.com.br.meumercado.app 162.241.203.76
74.7.227.186 - - [10/Mar/2026:11:28:01 -0300] "GET /post-update.sample?p=Ahome2Ameumer25AnetodoleleIcomIbrAwp-includesAblocksAsite-logo HTTP/2.0" 200 28260 "https://netodolele.com.br.meumercado.app/post-update.sample?p=Ahome2Ameumer25AnetodoleleIcomIbrAwp-includesAblocks" "Mozilla/5.0 AppleWebKit/537.36 (KHTML, like Gecko; compatible; GPTBot/1.3; +https://openai.com/gptbot)" netodolele.com.br.meumercado.app 162.241.203.76
74.7.241.49 - - [10/Mar/2026:11:28:09 -0300] "GET /blog/man2-r62h8htuq4ajchlvxkcfolaexe4masu2g3oz51vjbc.jpg?p=Ahome2Ameumer25AminhafarmaciaIappAwp-includesAblocksApost-featured-image HTTP/2.0" 200 28596 "https://netodolele.com.br/blog/man2-r62h8htuq4ajchlvxkcfolaexe4masu2g3oz51vjbc.jpg?p=Ahome2Ameumer25AminhafarmaciaIappAwp-includesAblocks" "Mozilla/5.0 AppleWebKit/537.36 (KHTML, like Gecko; compatible; GPTBot/1.3; +https://openai.com/gptbot)" netodolele.com.br 162.241.203.76
74.7.241.0 - - [10/Mar/2026:11:28:11 -0300] "GET /inline-edit-post.js?p=Ahome2Ameumer25AapiImeumercadoIappAvendorAlaravelpkgAlaravelchkAIidea HTTP/2.0" 200 27220 "https://www.netodolele.com.br.meumercado.app/inline-edit-post.js?p=Ahome2Ameumer25AapiImeumercadoIappAvendorAlaravelpkgAlaravelchk" "Mozilla/5.0 AppleWebKit/537.36 (KHTML, like Gecko; compatible; GPTBot/1.3; +https://openai.com/gptbot)" www.netodolele.com.br.meumercado.app 162.241.203.76
74.7.227.186 - - [10/Mar/2026:11:28:22 -0300] "GET /post-update.sample?p=Ahome2Ameumer25AnetodoleleIcomIbrAwp-includesAblocksAterm-name HTTP/1.1" 200 27356 "https://netodolele.com.br.meumercado.app/post-update.sample?p=Ahome2Ameumer25AnetodoleleIcomIbrAwp-includesAblocks" "Mozilla/5.0 AppleWebKit/537.36 (KHTML, like Gecko; compatible; GPTBot/1.3; +https://openai.com/gptbot)" netodolele.com.br.meumercado.app 162.241.203.76
74.7.227.186 - - [10/Mar/2026:11:28:22 -0300] "GET /post-update.sample?p=Ahome2Ameumer25AnetodoleleIcomIbrAwp-includesAblocksAterm-name HTTP/2.0" 200 27356 "https://netodolele.com.br.meumercado.app/post-update.sample?p=Ahome2Ameumer25AnetodoleleIcomIbrAwp-includesAblocks" "Mozilla/5.0 AppleWebKit/537.36 (KHTML, like Gecko; compatible; GPTBot/1.3; +https://openai.com/gptbot)" netodolele.com.br.meumercado.app 162.241.203.76
74.7.241.0 - - [10/Mar/2026:11:28:29 -0300] "GET /edit-post.min.js?p=Ahome2Ameumer25AapiImeumercadoIappAvendorAlaravelpkgAlaravelchkAsrc HTTP/2.0" 200 26973 "https://www.netodolele.com.br.meumercado.app/edit-post.min.js?p=Ahome2Ameumer25AapiImeumercadoIappAvendorAlaravelpkgAlaravelchk" "Mozilla/5.0 AppleWebKit/537.36 (KHTML, like Gecko; compatible; GPTBot/1.3; +https://openai.com/gptbot)" www.netodolele.com.br.meumercado.app 162.241.203.76
74.7.241.49 - - [10/Mar/2026:11:28:36 -0300] "GET /blog/man2-r62h8htuq4ajchlvxkcfolaexe4masu2g3oz51vjbc.jpg?p=Ahome2Ameumer25AnetodoleleIcomIbrAwp-includesAblocksApost-featured-image HTTP/2.0" 200 28599 "https://netodolele.com.br/blog/man2-r62h8htuq4ajchlvxkcfolaexe4masu2g3oz51vjbc.jpg?p=Ahome2Ameumer25AnetodoleleIcomIbrAwp-includesAblocks" "Mozilla/5.0 AppleWebKit/537.36 (KHTML, like Gecko; compatible; GPTBot/1.3; +https://openai.com/gptbot)" netodolele.com.br 162.241.203.76
74.7.227.186 - - [10/Mar/2026:11:28:41 -0300] "GET /post-update.sample?p=Ahome2Ameumer25AnetodoleleIcomIbrAwp-includesAblocksAaccordion-item HTTP/1.1" 200 27569 "https://netodolele.com.br.meumercado.app/post-update.sample?p=Ahome2Ameumer25AnetodoleleIcomIbrAwp-includesAblocks" "Mozilla/5.0 AppleWebKit/537.36 (KHTML, like Gecko; compatible; GPTBot/1.3; +https://openai.com/gptbot)" netodolele.com.br.meumercado.app 162.241.203.76
74.7.227.186 - - [10/Mar/2026:11:28:41 -0300] "GET /post-update.sample?p=Ahome2Ameumer25AnetodoleleIcomIbrAwp-includesAblocksAaccordion-item HTTP/2.0" 200 27569 "https://netodolele.com.br.meumercado.app/post-update.sample?p=Ahome2Ameumer25AnetodoleleIcomIbrAwp-includesAblocks" "Mozilla/5.0 AppleWebKit/537.36 (KHTML, like Gecko; compatible; GPTBot/1.3; +https://openai.com/gptbot)" netodolele.com.br.meumercado.app 162.241.203.76
74.7.241.0 - - [10/Mar/2026:11:28:47 -0300] "GET /post-formats-vs.png?p=Ahome2Ameumer25AapiImeumercadoIappAvendorAlaravelpkgAlaravelchkAsrc HTTP/2.0" 200 26973 "https://www.netodolele.com.br.meumercado.app/post-formats-vs.png?p=Ahome2Ameumer25AapiImeumercadoIappAvendorAlaravelpkgAlaravelchk" "Mozilla/5.0 AppleWebKit/537.36 (KHTML, like Gecko; compatible; GPTBot/1.3; +https://openai.com/gptbot)" www.netodolele.com.br.meumercado.app 162.241.203.76
74.7.227.186 - - [10/Mar/2026:11:28:58 -0300] "GET /post-update.sample?p=Ahome2Ameumer25AnetodoleleIcomIbrAwp-includesAblocksAlist-item HTTP/1.1" 200 26765 "https://netodolele.com.br.meumercado.app/post-update.sample?p=Ahome2Ameumer25AnetodoleleIcomIbrAwp-includesAblocks" "Mozilla/5.0 AppleWebKit/537.36 (KHTML, like Gecko; compatible; GPTBot/1.3; +https://openai.com/gptbot)" netodolele.com.br.meumercado.app 162.241.203.76
74.7.227.186 - - [10/Mar/2026:11:28:58 -0300] "GET /post-update.sample?p=Ahome2Ameumer25AnetodoleleIcomIbrAwp-includesAblocksAlist-item HTTP/2.0" 200 26765 "https://netodolele.com.br.meumercado.app/post-update.sample?p=Ahome2Ameumer25AnetodoleleIcomIbrAwp-includesAblocks" "Mozilla/5.0 AppleWebKit/537.36 (KHTML, like Gecko; compatible; GPTBot/1.3; +https://openai.com/gptbot)" netodolele.com.br.meumercado.app 162.241.203.76
74.7.241.49 - - [10/Mar/2026:11:28:59 -0300] "GET /blog/man2-r62h8htuq4ajchlvxkcfolaexe4masu2g3oz51vjbc.jpg?p=Ahome2Ameumer25AnetodoleleIcomIbrAwp-includesAblocksApost-navigation-link HTTP/2.0" 200 27675 "https://netodolele.com.br/blog/man2-r62h8htuq4ajchlvxkcfolaexe4masu2g3oz51vjbc.jpg?p=Ahome2Ameumer25AnetodoleleIcomIbrAwp-includesAblocks" "Mozilla/5.0 AppleWebKit/537.36 (KHTML, like Gecko; compatible; GPTBot/1.3; +https://openai.com/gptbot)" netodolele.com.br 162.241.203.76
162.241.203.76 - - [10/Mar/2026:11:29:04 -0300] "POST /wp-cron.php?doing_wp_cron=1773152944.7258689403533935546875 HTTP/1.1" 200 - "-" "WordPress/6.9.1; https://netodolele.com.br" netodolele.com.br 162.241.203.76
74.7.241.0 - - [10/Mar/2026:11:29:04 -0300] "GET /post-formats-vs.png?p=Ahome2Ameumer25AapiImeumercadoIappAvendorAlaravelpkgAlaravelchkAvendor HTTP/2.0" 200 26772 "https://www.netodolele.com.br.meumercado.app/post-formats-vs.png?p=Ahome2Ameumer25AapiImeumercadoIappAvendorAlaravelpkgAlaravelchk" "Mozilla/5.0 AppleWebKit/537.36 (KHTML, like Gecko; compatible; GPTBot/1.3; +https://openai.com/gptbot)" www.netodolele.com.br.meumercado.app 162.241.203.76
74.7.227.186 - - [10/Mar/2026:11:29:13 -0300] "GET /post-update.sample?p=Ahome2Ameumer25AnetodoleleIcomIbrAwp-includesAblocksAtag-cloud HTTP/1.1" 200 28255 "https://netodolele.com.br.meumercado.app/post-update.sample?p=Ahome2Ameumer25AnetodoleleIcomIbrAwp-includesAblocks" "Mozilla/5.0 AppleWebKit/537.36 (KHTML, like Gecko; compatible; GPTBot/1.3; +https://openai.com/gptbot)" netodolele.com.br.meumercado.app 162.241.203.76
74.7.227.186 - - [10/Mar/2026:11:29:13 -0300] "GET /post-update.sample?p=Ahome2Ameumer25AnetodoleleIcomIbrAwp-includesAblocksAtag-cloud HTTP/2.0" 200 28255 "https://netodolele.com.br.meumercado.app/post-update.sample?p=Ahome2Ameumer25AnetodoleleIcomIbrAwp-includesAblocks" "Mozilla/5.0 AppleWebKit/537.36 (KHTML, like Gecko; compatible; GPTBot/1.3; +https://openai.com/gptbot)" netodolele.com.br.meumercado.app 162.241.203.76
74.7.241.0 - - [10/Mar/2026:11:29:19 -0300] "GET /post.js?p=Ahome2Ameumer25ApainelestilopetshopImeupetIappAvendorApsyApsysh HTTP/2.0" 200 27155 "https://www.netodolele.com.br.meumercado.app/post.js?p=Ahome2Ameumer25ApainelestilopetshopImeupetIappAvendorApsy" "Mozilla/5.0 AppleWebKit/537.36 (KHTML, like Gecko; compatible; GPTBot/1.3; +https://openai.com/gptbot)" www.netodolele.com.br.meumercado.app 162.241.203.76
74.7.241.49 - - [10/Mar/2026:11:29:22 -0300] "GET /blog/man2-r62h8htuq4ajchlvxkcfolaexe4masu2g3oz51vjbc.jpg?edit=51.php&p=Ahome2Ameumer25AnetodoleleIcomIbrAwp-includesAblocksAquery-pagination-numbers HTTP/2.0" 409 83 "https://netodolele.com.br/blog/man2-r62h8htuq4ajchlvxkcfolaexe4masu2g3oz51vjbc.jpg?p=Ahome2Ameumer25AnetodoleleIcomIbrAwp-includesAblocksAquery-pagination-numbers" "Mozilla/5.0 AppleWebKit/537.36 (KHTML, like Gecko; compatible; GPTBot/1.3; +https://openai.com/gptbot)" netodolele.com.br 162.241.203.76
74.7.227.186 - - [10/Mar/2026:11:29:27 -0300] "GET /post-update.sample?p=Ahome2Ameumer25AnetodoleleIcomIbrAwp-includesAblocksAquery-no-results HTTP/1.1" 200 26776 "https://netodolele.com.br.meumercado.app/post-update.sample?p=Ahome2Ameumer25AnetodoleleIcomIbrAwp-includesAblocks" "Mozilla/5.0 AppleWebKit/537.36 (KHTML, like Gecko; compatible; GPTBot/1.3; +https://openai.com/gptbot)" netodolele.com.br.meumercado.app 162.241.203.76
74.7.227.186 - - [10/Mar/2026:11:29:27 -0300] "GET /post-update.sample?p=Ahome2Ameumer25AnetodoleleIcomIbrAwp-includesAblocksAquery-no-results HTTP/2.0" 200 26776 "https://netodolele.com.br.meumercado.app/post-update.sample?p=Ahome2Ameumer25AnetodoleleIcomIbrAwp-includesAblocks" "Mozilla/5.0 AppleWebKit/537.36 (KHTML, like Gecko; compatible; GPTBot/1.3; +https://openai.com/gptbot)" netodolele.com.br.meumercado.app 162.241.203.76
74.7.241.0 - - [10/Mar/2026:11:29:32 -0300] "GET /post.js?p=Ahome2Ameumer25ApainelestilopetshopImeupetIappAvendorAfideloper HTTP/2.0" 200 26787 "https://www.netodolele.com.br.meumercado.app/post.js?p=Ahome2Ameumer25ApainelestilopetshopImeupetIappAvendor" "Mozilla/5.0 AppleWebKit/537.36 (KHTML, like Gecko; compatible; GPTBot/1.3; +https://openai.com/gptbot)" www.netodolele.com.br.meumercado.app 162.241.203.76
74.7.227.186 - - [10/Mar/2026:11:29:39 -0300] "GET /post-update.sample?p=Ahome2Ameumer25AnetodoleleIcomIbrAwp-includesAblocksAquery-pagination-previous HTTP/1.1" 200 26862 "https://netodolele.com.br.meumercado.app/post-update.sample?p=Ahome2Ameumer25AnetodoleleIcomIbrAwp-includesAblocks" "Mozilla/5.0 AppleWebKit/537.36 (KHTML, like Gecko; compatible; GPTBot/1.3; +https://openai.com/gptbot)" netodolele.com.br.meumercado.app 162.241.203.76
74.7.227.186 - - [10/Mar/2026:11:29:39 -0300] "GET /post-update.sample?p=Ahome2Ameumer25AnetodoleleIcomIbrAwp-includesAblocksAquery-pagination-previous HTTP/2.0" 200 26862 "https://netodolele.com.br.meumercado.app/post-update.sample?p=Ahome2Ameumer25AnetodoleleIcomIbrAwp-includesAblocks" "Mozilla/5.0 AppleWebKit/537.36 (KHTML, like Gecko; compatible; GPTBot/1.3; +https://openai.com/gptbot)" netodolele.com.br.meumercado.app 162.241.203.76
74.7.241.49 - - [10/Mar/2026:11:29:42 -0300] "GET /blog/man2-r62h8htuq4ajchlvxkcfolaexe4masu2g3oz51vjbc.jpg?p=Ahome2Ameumer25AminhafarmaciaIappAwp-includesAblocksApost-navigation-link HTTP/2.0" 200 27674 "https://netodolele.com.br/blog/man2-r62h8htuq4ajchlvxkcfolaexe4masu2g3oz51vjbc.jpg?p=Ahome2Ameumer25AminhafarmaciaIappAwp-includesAblocks" "Mozilla/5.0 AppleWebKit/537.36 (KHTML, like Gecko; compatible; GPTBot/1.3; +https://openai.com/gptbot)" netodolele.com.br 162.241.203.76
74.7.241.0 - - [10/Mar/2026:11:29:43 -0300] "GET /inline-edit-post.min.js?p=Ahome2Ameumer25ApainelbistroemcasaImeurestauranteIappAvendorAphpunitAphpunitAsrcAUtilALog HTTP/2.0" 200 27011 "https://www.netodolele.com.br.meumercado.app/inline-edit-post.min.js?p=Ahome2Ameumer25ApainelbistroemcasaImeurestauranteIappAvendorAphpunitAphpunitAsrcAUtil" "Mozilla/5.0 AppleWebKit/537.36 (KHTML, like Gecko; compatible; GPTBot/1.3; +https://openai.com/gptbot)" www.netodolele.com.br.meumercado.app 162.241.203.76
74.7.227.186 - - [10/Mar/2026:11:29:50 -0300] "GET /post-update.sample?p=Ahome2Ameumer25AminhafarmaciaIappAIwell-known HTTP/2.0" 200 26702 "https://netodolele.com.br.meumercado.app/post-update.sample?p=Ahome2Ameumer25AminhafarmaciaIapp" "Mozilla/5.0 AppleWebKit/537.36 (KHTML, like Gecko; compatible; GPTBot/1.3; +https://openai.com/gptbot)" netodolele.com.br.meumercado.app 162.241.203.76
74.7.227.186 - - [10/Mar/2026:11:29:50 -0300] "GET /post-update.sample?p=Ahome2Ameumer25AminhafarmaciaIappAIwell-known HTTP/1.1" 200 26702 "https://netodolele.com.br.meumercado.app/post-update.sample?p=Ahome2Ameumer25AminhafarmaciaIapp" "Mozilla/5.0 AppleWebKit/537.36 (KHTML, like Gecko; compatible; GPTBot/1.3; +https://openai.com/gptbot)" netodolele.com.br.meumercado.app 162.241.203.76
74.7.241.0 - - [10/Mar/2026:11:29:53 -0300] "GET /inline-edit-post.js?p=Ahome2Ameumer25ApainelestilopetshopImeupetIappAvendorAriverlineAmultipart-parserAsrc HTTP/2.0" 200 27122 "https://www.netodolele.com.br.meumercado.app/inline-edit-post.js?p=Ahome2Ameumer25ApainelestilopetshopImeupetIappAvendorAriverlineAmultipart-parser" "Mozilla/5.0 AppleWebKit/537.36 (KHTML, like Gecko; compatible; GPTBot/1.3; +https://openai.com/gptbot)" www.netodolele.com.br.meumercado.app 162.241.203.76
74.7.227.186 - - [10/Mar/2026:11:29:59 -0300] "GET /post-update.sample?p=Ahome2Ameumer25AnetodoleleIcomIbrAwp-adminAjs HTTP/2.0" 200 40554 "https://netodolele.com.br.meumercado.app/post-update.sample?p=Ahome2Ameumer25AnetodoleleIcomIbrAwp-admin" "Mozilla/5.0 AppleWebKit/537.36 (KHTML, like Gecko; compatible; GPTBot/1.3; +https://openai.com/gptbot)" netodolele.com.br.meumercado.app 162.241.203.76
74.7.241.0 - - [10/Mar/2026:11:30:02 -0300] "GET /9ad7cabc41202b6c1a15fbecf3db22b97cb224 HTTP/1.1" 200 27129 "https://www.netodolele.com.br.meumercado.app/edit-post.min.js?p=Ahome2Ameumer25AapiImeumercadoIappAIgitAobjectsAe3" "Mozilla/5.0 AppleWebKit/537.36 (KHTML, like Gecko; compatible; GPTBot/1.3; +https://openai.com/gptbot)" www.netodolele.com.br.meumercado.app 162.241.203.76
74.7.241.0 - - [10/Mar/2026:11:30:02 -0300] "GET /9ad7cabc41202b6c1a15fbecf3db22b97cb224 HTTP/2.0" 200 27129 "https://www.netodolele.com.br.meumercado.app/edit-post.min.js?p=Ahome2Ameumer25AapiImeumercadoIappAIgitAobjectsAe3" "Mozilla/5.0 AppleWebKit/537.36 (KHTML, like Gecko; compatible; GPTBot/1.3; +https://openai.com/gptbot)" www.netodolele.com.br.meumercado.app 162.241.203.76
162.241.203.76 - - [10/Mar/2026:11:30:09 -0300] "POST /wp-cron.php?doing_wp_cron=1773153009.6299040317535400390625 HTTP/1.1" 200 - "-" "WordPress/6.9.1; https://netodolele.com.br" netodolele.com.br 162.241.203.76
74.7.227.186 - - [10/Mar/2026:11:30:09 -0300] "GET /post-update.sample?p=Ahome2Ameumer25AminhafarmaciaIappAwp-includesAsodium_compatAlib HTTP/1.1" 200 28666 "https://netodolele.com.br.meumercado.app/post-update.sample?p=Ahome2Ameumer25AminhafarmaciaIappAwp-includesAsodium_compat" "Mozilla/5.0 AppleWebKit/537.36 (KHTML, like Gecko; compatible; GPTBot/1.3; +https://openai.com/gptbot)" netodolele.com.br.meumercado.app 162.241.203.76
74.7.227.186 - - [10/Mar/2026:11:30:09 -0300] "GET /post-update.sample?p=Ahome2Ameumer25AminhafarmaciaIappAwp-includesAsodium_compatAlib HTTP/2.0" 200 28666 "https://netodolele.com.br.meumercado.app/post-update.sample?p=Ahome2Ameumer25AminhafarmaciaIappAwp-includesAsodium_compat" "Mozilla/5.0 AppleWebKit/537.36 (KHTML, like Gecko; compatible; GPTBot/1.3; +https://openai.com/gptbot)" netodolele.com.br.meumercado.app 162.241.203.76
74.7.241.0 - - [10/Mar/2026:11:30:10 -0300] "GET /post.min.js?p=Ahome2Ameumer25Apublic_htmlAwp-includesAPHPMailer HTTP/2.0" 200 27417 "https://www.netodolele.com.br.meumercado.app/post.min.js?p=Ahome2Ameumer25Apublic_htmlAwp-includes" "Mozilla/5.0 AppleWebKit/537.36 (KHTML, like Gecko; compatible; GPTBot/1.3; +https://openai.com/gptbot)" www.netodolele.com.br.meumercado.app 162.241.203.76
74.7.227.186 - - [10/Mar/2026:11:30:17 -0300] "GET /post-update.sample?p=Ahome2Ameumer25AnetodoleleIcomIbrAwp-includesAblocksAsite-title HTTP/1.1" 200 28255 "https://netodolele.com.br.meumercado.app/post-update.sample?p=Ahome2Ameumer25AnetodoleleIcomIbrAwp-includesAblocks" "Mozilla/5.0 AppleWebKit/537.36 (KHTML, like Gecko; compatible; GPTBot/1.3; +https://openai.com/gptbot)" netodolele.com.br.meumercado.app 162.241.203.76
74.7.227.186 - - [10/Mar/2026:11:30:17 -0300] "GET /post-update.sample?p=Ahome2Ameumer25AnetodoleleIcomIbrAwp-includesAblocksAsite-title HTTP/2.0" 200 28255 "https://netodolele.com.br.meumercado.app/post-update.sample?p=Ahome2Ameumer25AnetodoleleIcomIbrAwp-includesAblocks" "Mozilla/5.0 AppleWebKit/537.36 (KHTML, like Gecko; compatible; GPTBot/1.3; +https://openai.com/gptbot)" netodolele.com.br.meumercado.app 162.241.203.76
74.7.241.0 - - [10/Mar/2026:11:30:18 -0300] "GET /post.min.js?p=Ahome2Ameumer25Apublic_htmlAwp-includesAhtml-api HTTP/2.0" 200 29734 "https://www.netodolele.com.br.meumercado.app/post.min.js?p=Ahome2Ameumer25Apublic_htmlAwp-includes" "Mozilla/5.0 AppleWebKit/537.36 (KHTML, like Gecko; compatible; GPTBot/1.3; +https://openai.com/gptbot)" www.netodolele.com.br.meumercado.app 162.241.203.76
74.7.227.186 - - [10/Mar/2026:11:30:24 -0300] "GET /post-update.sample?p=Ahome2Ameumer25AnetodoleleIcomIbrAwp-includesAblocksAsocial-links HTTP/1.1" 200 28418 "https://netodolele.com.br.meumercado.app/post-update.sample?p=Ahome2Ameumer25AnetodoleleIcomIbrAwp-includesAblocks" "Mozilla/5.0 AppleWebKit/537.36 (KHTML, like Gecko; compatible; GPTBot/1.3; +https://openai.com/gptbot)" netodolele.com.br.meumercado.app 162.241.203.76
74.7.227.186 - - [10/Mar/2026:11:30:24 -0300] "GET /post-update.sample?p=Ahome2Ameumer25AnetodoleleIcomIbrAwp-includesAblocksAsocial-links HTTP/2.0" 200 28418 "https://netodolele.com.br.meumercado.app/post-update.sample?p=Ahome2Ameumer25AnetodoleleIcomIbrAwp-includesAblocks" "Mozilla/5.0 AppleWebKit/537.36 (KHTML, like Gecko; compatible; GPTBot/1.3; +https://openai.com/gptbot)" netodolele.com.br.meumercado.app 162.241.203.76
74.7.241.0 - - [10/Mar/2026:11:30:25 -0300] "GET /post.min.js?p=Ahome2Ameumer25Apublic_htmlAwp-includesAcertificates HTTP/2.0" 200 26703 "https://www.netodolele.com.br.meumercado.app/post.min.js?p=Ahome2Ameumer25Apublic_htmlAwp-includes" "Mozilla/5.0 AppleWebKit/537.36 (KHTML, like Gecko; compatible; GPTBot/1.3; +https://openai.com/gptbot)" www.netodolele.com.br.meumercado.app 162.241.203.76
74.7.241.0 - - [10/Mar/2026:11:30:31 -0300] "GET /post.min.js?p=Ahome2Ameumer25Apublic_htmlAwp-includesApomo HTTP/2.0" 200 26963 "https://www.netodolele.com.br.meumercado.app/post.min.js?p=Ahome2Ameumer25Apublic_htmlAwp-includes" "Mozilla/5.0 AppleWebKit/537.36 (KHTML, like Gecko; compatible; GPTBot/1.3; +https://openai.com/gptbot)" www.netodolele.com.br.meumercado.app 162.241.203.76
74.7.227.186 - - [10/Mar/2026:11:30:31 -0300] "GET /post-update.sample?p=Ahome2Ameumer25AnetodoleleIcomIbrAwp-includesAblocksAtext-columns HTTP/1.1" 200 28335 "https://netodolele.com.br.meumercado.app/post-update.sample?p=Ahome2Ameumer25AnetodoleleIcomIbrAwp-includesAblocks" "Mozilla/5.0 AppleWebKit/537.36 (KHTML, like Gecko; compatible; GPTBot/1.3; +https://openai.com/gptbot)" netodolele.com.br.meumercado.app 162.241.203.76
74.7.227.186 - - [10/Mar/2026:11:30:31 -0300] "GET /post-update.sample?p=Ahome2Ameumer25AnetodoleleIcomIbrAwp-includesAblocksAtext-columns HTTP/2.0" 200 28335 "https://netodolele.com.br.meumercado.app/post-update.sample?p=Ahome2Ameumer25AnetodoleleIcomIbrAwp-includesAblocks" "Mozilla/5.0 AppleWebKit/537.36 (KHTML, like Gecko; compatible; GPTBot/1.3; +https://openai.com/gptbot)" netodolele.com.br.meumercado.app 162.241.203.76
74.7.241.0 - - [10/Mar/2026:11:30:36 -0300] "GET /post.min.js?p=Ahome2Ameumer25Apublic_htmlAwp-includesAcss HTTP/2.0" 200 34461 "https://www.netodolele.com.br.meumercado.app/post.min.js?p=Ahome2Ameumer25Apublic_htmlAwp-includes" "Mozilla/5.0 AppleWebKit/537.36 (KHTML, like Gecko; compatible; GPTBot/1.3; +https://openai.com/gptbot)" www.netodolele.com.br.meumercado.app 162.241.203.76
74.7.227.186 - - [10/Mar/2026:11:30:37 -0300] "GET /post-update.sample?p=Ahome2Ameumer25AminhafarmaciaIappAwp-includesAIXR HTTP/1.1" 200 104 "https://netodolele.com.br.meumercado.app/post-update.sample?p=Ahome2Ameumer25AminhafarmaciaIappAwp-includes" "Mozilla/5.0 AppleWebKit/537.36 (KHTML, like Gecko; compatible; GPTBot/1.3; +https://openai.com/gptbot)" netodolele.com.br.meumercado.app 162.241.203.76
74.7.227.186 - - [10/Mar/2026:11:30:37 -0300] "GET /post-update.sample?p=Ahome2Ameumer25AminhafarmaciaIappAwp-includesAIXR HTTP/2.0" 200 104 "https://netodolele.com.br.meumercado.app/post-update.sample?p=Ahome2Ameumer25AminhafarmaciaIappAwp-includes" "Mozilla/5.0 AppleWebKit/537.36 (KHTML, like Gecko; compatible; GPTBot/1.3; +https://openai.com/gptbot)" netodolele.com.br.meumercado.app 162.241.203.76
74.7.241.0 - - [10/Mar/2026:11:30:41 -0300] "GET /post.min.js?p=Ahome2Ameumer25Apublic_htmlAwp-includesAtheme-compat HTTP/2.0" 200 27446 "https://www.netodolele.com.br.meumercado.app/post.min.js?p=Ahome2Ameumer25Apublic_htmlAwp-includes" "Mozilla/5.0 AppleWebKit/537.36 (KHTML, like Gecko; compatible; GPTBot/1.3; +https://openai.com/gptbot)" www.netodolele.com.br.meumercado.app 162.241.203.76
74.7.241.49 - - [10/Mar/2026:11:30:42 -0300] "GET /blog/man2-r62h8htuq4ajchlvxkcfolaexe4masu2g3oz51vjbc.jpg?p=Ahome2Ameumer25AminhafarmaciaIappAwp-includesAblocksAcomment-reply-link HTTP/2.0" 200 27665 "https://netodolele.com.br/blog/man2-r62h8htuq4ajchlvxkcfolaexe4masu2g3oz51vjbc.jpg?p=Ahome2Ameumer25AminhafarmaciaIappAwp-includesAblocks" "Mozilla/5.0 AppleWebKit/537.36 (KHTML, like Gecko; compatible; GPTBot/1.3; +https://openai.com/gptbot)" netodolele.com.br 162.241.203.76
74.7.227.186 - - [10/Mar/2026:11:30:42 -0300] "GET /post-update.sample?p=Ahome2Ameumer25AnetodoleleIcomIbrAwp-includesAIXR HTTP/1.1" 200 104 "https://netodolele.com.br.meumercado.app/post-update.sample?p=Ahome2Ameumer25AnetodoleleIcomIbrAwp-includes" "Mozilla/5.0 AppleWebKit/537.36 (KHTML, like Gecko; compatible; GPTBot/1.3; +https://openai.com/gptbot)" netodolele.com.br.meumercado.app 162.241.203.76
