74.7.227.186 - - [10/Mar/2026:11:08:19 -0300] "GET /inline-edit-post.min.js?p=Ahome2Ameumer25AIsubversionAauthAsvnIsslIserver HTTP/2.0" 200 26621 "https://netodolele.com.br.meumercado.app/inline-edit-post.min.js?p=Ahome2Ameumer25AIsubversionAauth" "Mozilla/5.0 AppleWebKit/537.36 (KHTML, like Gecko; compatible; GPTBot/1.3; +https://openai.com/gptbot)" netodolele.com.br.meumercado.app 162.241.203.76
74.7.227.186 - - [10/Mar/2026:11:08:23 -0300] "GET /post-update.sample?p=Ahome2Ameumer25AnetodoleleIcomIbrAIwell-known HTTP/1.1" 200 26703 "https://netodolele.com.br.meumercado.app/post-update.sample?p=Ahome2Ameumer25AnetodoleleIcomIbr" "Mozilla/5.0 AppleWebKit/537.36 (KHTML, like Gecko; compatible; GPTBot/1.3; +https://openai.com/gptbot)" netodolele.com.br.meumercado.app 162.241.203.76
74.7.227.186 - - [10/Mar/2026:11:08:23 -0300] "GET /post-update.sample?p=Ahome2Ameumer25AnetodoleleIcomIbrAIwell-known HTTP/2.0" 200 26703 "https://netodolele.com.br.meumercado.app/post-update.sample?p=Ahome2Ameumer25AnetodoleleIcomIbr" "Mozilla/5.0 AppleWebKit/537.36 (KHTML, like Gecko; compatible; GPTBot/1.3; +https://openai.com/gptbot)" netodolele.com.br.meumercado.app 162.241.203.76
74.7.227.186 - - [10/Mar/2026:11:08:27 -0300] "GET /post-update.sample?edit=install.php&p=Ahome2Ameumer25AnetodoleleIcomIbrAwp-admin HTTP/2.0" 409 83 "https://netodolele.com.br.meumercado.app/post-update.sample?p=Ahome2Ameumer25AnetodoleleIcomIbrAwp-admin" "Mozilla/5.0 AppleWebKit/537.36 (KHTML, like Gecko; compatible; GPTBot/1.3; +https://openai.com/gptbot)" netodolele.com.br.meumercado.app 162.241.203.76
74.7.241.0 - - [10/Mar/2026:11:08:28 -0300] "GET /spacing.php HTTP/2.0" 409 83 "https://www.netodolele.com.br.meumercado.app/inline-edit-post.min.js?p=Ahome2Ameumer25AnetodoleleIcomIbrAwp-includesAblock-supports" "Mozilla/5.0 AppleWebKit/537.36 (KHTML, like Gecko; compatible; GPTBot/1.3; +https://openai.com/gptbot)" www.netodolele.com.br.meumercado.app 162.241.203.76
74.7.227.186 - - [10/Mar/2026:11:08:31 -0300] "GET /post-update.sample?p=Ahome2Ameumer25AnetodoleleIcomIbrAwp-adminAuser HTTP/2.0" 200 27072 "https://netodolele.com.br.meumercado.app/post-update.sample?p=Ahome2Ameumer25AnetodoleleIcomIbrAwp-admin" "Mozilla/5.0 AppleWebKit/537.36 (KHTML, like Gecko; compatible; GPTBot/1.3; +https://openai.com/gptbot)" netodolele.com.br.meumercado.app 162.241.203.76
74.7.227.186 - - [10/Mar/2026:11:08:42 -0300] "GET /post-update.sample?p=Ahome2Ameumer25AnetodoleleIcomIbrAwp-adminAmaint HTTP/2.0" 200 26704 "https://netodolele.com.br.meumercado.app/post-update.sample?p=Ahome2Ameumer25AnetodoleleIcomIbrAwp-admin" "Mozilla/5.0 AppleWebKit/537.36 (KHTML, like Gecko; compatible; GPTBot/1.3; +https://openai.com/gptbot)" netodolele.com.br.meumercado.app 162.241.203.76
74.7.227.186 - - [10/Mar/2026:11:08:52 -0300] "GET /post-update.sample?p=Ahome2Ameumer25AnetodoleleIcomIbrAwp-adminAnetwork HTTP/2.0" 200 29196 "https://netodolele.com.br.meumercado.app/post-update.sample?p=Ahome2Ameumer25AnetodoleleIcomIbrAwp-admin" "Mozilla/5.0 AppleWebKit/537.36 (KHTML, like Gecko; compatible; GPTBot/1.3; +https://openai.com/gptbot)" netodolele.com.br.meumercado.app 162.241.203.76
74.7.241.0 - - [10/Mar/2026:11:09:02 -0300] "GET /pattern.php HTTP/2.0" 409 83 "https://www.netodolele.com.br.meumercado.app/inline-edit-post.js?p=Ahome2Ameumer25AnetodoleleIcomIbrAwp-includesAblocks" "Mozilla/5.0 AppleWebKit/537.36 (KHTML, like Gecko; compatible; GPTBot/1.3; +https://openai.com/gptbot)" www.netodolele.com.br.meumercado.app 162.241.203.76
162.241.203.76 - - [10/Mar/2026:11:08:57 -0300] "POST /wp-cron.php?doing_wp_cron=1773151737.6252470016479492187500 HTTP/1.1" 200 - "-" "WordPress/6.9.1; https://netodolele.com.br" netodolele.com.br 162.241.203.76
74.7.227.186 - - [10/Mar/2026:11:09:01 -0300] "GET /post-update.sample?p=Ahome2Ameumer25AnetodoleleIcomIbrAwp-adminAimages HTTP/2.0" 200 37384 "https://netodolele.com.br.meumercado.app/post-update.sample?p=Ahome2Ameumer25AnetodoleleIcomIbrAwp-admin" "Mozilla/5.0 AppleWebKit/537.36 (KHTML, like Gecko; compatible; GPTBot/1.3; +https://openai.com/gptbot)" netodolele.com.br.meumercado.app 162.241.203.76
74.7.227.186 - - [10/Mar/2026:11:09:11 -0300] "GET /post-update.sample?edit=comment.php&p=Ahome2Ameumer25AminhafarmaciaIappAwp-admin HTTP/2.0" 409 83 "https://netodolele.com.br.meumercado.app/post-update.sample?p=Ahome2Ameumer25AminhafarmaciaIappAwp-admin" "Mozilla/5.0 AppleWebKit/537.36 (KHTML, like Gecko; compatible; GPTBot/1.3; +https://openai.com/gptbot)" netodolele.com.br.meumercado.app 162.241.203.76
74.7.241.49 - - [10/Mar/2026:11:09:17 -0300] "GET /blog/smart-address-field.jpg?p=Ahome2Ameumer25AnetodoleleIcomIbrAwp-contentAthemesAastraAincAcustomizerAconfigurationsAbuilderAfooter HTTP/2.0" 200 29317 "https://netodolele.com.br/blog/smart-address-field.jpg?p=Ahome2Ameumer25AnetodoleleIcomIbrAwp-contentAthemesAastraAincAcustomizerAconfigurationsAbuilder" "Mozilla/5.0 AppleWebKit/537.36 (KHTML, like Gecko; compatible; GPTBot/1.3; +https://openai.com/gptbot)" netodolele.com.br 162.241.203.76
74.7.227.186 - - [10/Mar/2026:11:09:17 -0300] "GET /post-update.sample?p=Ahome2Ameumer25AnetodoleleIcomIbrAwp-adminAcss HTTP/2.0" 200 42665 "https://netodolele.com.br.meumercado.app/post-update.sample?p=Ahome2Ameumer25AnetodoleleIcomIbrAwp-admin" "Mozilla/5.0 AppleWebKit/537.36 (KHTML, like Gecko; compatible; GPTBot/1.3; +https://openai.com/gptbot)" netodolele.com.br.meumercado.app 162.241.203.76
74.7.227.186 - - [10/Mar/2026:11:09:38 -0300] "GET /post-update.sample?p=Ahome2Ameumer25AnetodoleleIcomIbrAwp-adminAincludes HTTP/2.0" 200 44139 "https://netodolele.com.br.meumercado.app/post-update.sample?p=Ahome2Ameumer25AnetodoleleIcomIbrAwp-admin" "Mozilla/5.0 AppleWebKit/537.36 (KHTML, like Gecko; compatible; GPTBot/1.3; +https://openai.com/gptbot)" netodolele.com.br.meumercado.app 162.241.203.76
162.241.203.76 - - [10/Mar/2026:11:09:58 -0300] "POST /wp-cron.php?doing_wp_cron=1773151798.0258319377899169921875 HTTP/1.1" 200 - "-" "WordPress/6.9.1; https://netodolele.com.br" netodolele.com.br 162.241.203.76
74.7.227.186 - - [10/Mar/2026:11:09:57 -0300] "GET /edit-post.js?p=Ahome2Ameumer25AtestingImeumercadoIappAimagesAimages HTTP/2.0" 200 27008 "https://netodolele.com.br.meumercado.app/edit-post.js?p=Ahome2Ameumer25AtestingImeumercadoIappAimages" "Mozilla/5.0 AppleWebKit/537.36 (KHTML, like Gecko; compatible; GPTBot/1.3; +https://openai.com/gptbot)" netodolele.com.br.meumercado.app 162.241.203.76
74.7.241.0 - - [10/Mar/2026:11:10:06 -0300] "GET /logging.php HTTP/2.0" 409 83 "https://www.netodolele.com.br.meumercado.app/post.min.js?p=Ahome2Ameumer25ApaineleubellaImeumercadoIappAconfig" "Mozilla/5.0 AppleWebKit/537.36 (KHTML, like Gecko; compatible; GPTBot/1.3; +https://openai.com/gptbot)" www.netodolele.com.br.meumercado.app 162.241.203.76
74.7.227.186 - - [10/Mar/2026:11:10:16 -0300] "GET /post-update.sample?p=Ahome2Ameumer25AminhafarmaciaIappAwp-includes HTTP/1.1" 200 70223 "https://netodolele.com.br.meumercado.app/post-update.sample?p=Ahome2Ameumer25AminhafarmaciaIapp" "Mozilla/5.0 AppleWebKit/537.36 (KHTML, like Gecko; compatible; GPTBot/1.3; +https://openai.com/gptbot)" netodolele.com.br.meumercado.app 162.241.203.76
74.7.227.186 - - [10/Mar/2026:11:10:16 -0300] "GET /post-update.sample?p=Ahome2Ameumer25AminhafarmaciaIappAwp-includes HTTP/2.0" 200 70223 "https://netodolele.com.br.meumercado.app/post-update.sample?p=Ahome2Ameumer25AminhafarmaciaIapp" "Mozilla/5.0 AppleWebKit/537.36 (KHTML, like Gecko; compatible; GPTBot/1.3; +https://openai.com/gptbot)" netodolele.com.br.meumercado.app 162.241.203.76
74.7.241.49 - - [10/Mar/2026:11:10:19 -0300] "GET /blog/smart-address-field.jpg?p=Ahome2Ameumer25AnetodoleleIcomIbrAwp-contentAthemesAastraAincAcustomizerAconfigurationsAbuilderAheader HTTP/2.0" 200 31176 "https://netodolele.com.br/blog/smart-address-field.jpg?p=Ahome2Ameumer25AnetodoleleIcomIbrAwp-contentAthemesAastraAincAcustomizerAconfigurationsAbuilder" "Mozilla/5.0 AppleWebKit/537.36 (KHTML, like Gecko; compatible; GPTBot/1.3; +https://openai.com/gptbot)" netodolele.com.br 162.241.203.76
74.7.227.186 - - [10/Mar/2026:11:10:31 -0300] "GET /post-update.sample?p=Ahome2Ameumer25AnetodoleleIcomIbrAIwell-knownAacme-challenge HTTP/1.1" 200 26697 "https://netodolele.com.br.meumercado.app/post-update.sample?p=Ahome2Ameumer25AnetodoleleIcomIbrAIwell-known" "Mozilla/5.0 AppleWebKit/537.36 (KHTML, like Gecko; compatible; GPTBot/1.3; +https://openai.com/gptbot)" netodolele.com.br.meumercado.app 162.241.203.76
74.7.227.186 - - [10/Mar/2026:11:10:31 -0300] "GET /post-update.sample?p=Ahome2Ameumer25AnetodoleleIcomIbrAIwell-knownAacme-challenge HTTP/2.0" 200 26697 "https://netodolele.com.br.meumercado.app/post-update.sample?p=Ahome2Ameumer25AnetodoleleIcomIbrAIwell-known" "Mozilla/5.0 AppleWebKit/537.36 (KHTML, like Gecko; compatible; GPTBot/1.3; +https://openai.com/gptbot)" netodolele.com.br.meumercado.app 162.241.203.76
74.7.227.186 - - [10/Mar/2026:11:10:44 -0300] "GET /post-update.sample?p=Ahome2Ameumer25AnetodoleleIcomIbrAwp-includes HTTP/1.1" 200 70048 "https://netodolele.com.br.meumercado.app/post-update.sample?p=Ahome2Ameumer25AnetodoleleIcomIbr" "Mozilla/5.0 AppleWebKit/537.36 (KHTML, like Gecko; compatible; GPTBot/1.3; +https://openai.com/gptbot)" netodolele.com.br.meumercado.app 162.241.203.76
74.7.227.186 - - [10/Mar/2026:11:10:44 -0300] "GET /post-update.sample?p=Ahome2Ameumer25AnetodoleleIcomIbrAwp-includes HTTP/2.0" 200 70048 "https://netodolele.com.br.meumercado.app/post-update.sample?p=Ahome2Ameumer25AnetodoleleIcomIbr" "Mozilla/5.0 AppleWebKit/537.36 (KHTML, like Gecko; compatible; GPTBot/1.3; +https://openai.com/gptbot)" netodolele.com.br.meumercado.app 162.241.203.76
162.241.203.76 - - [10/Mar/2026:11:10:58 -0300] "POST /wp-cron.php?doing_wp_cron=1773151858.0388879776000976562500 HTTP/1.1" 200 - "-" "WordPress/6.9.1; https://netodolele.com.br" netodolele.com.br 162.241.203.76
74.7.227.186 - - [10/Mar/2026:11:10:57 -0300] "GET /post-update.sample?p=Ahome2Ameumer25AminhafarmaciaIappAwp-adminAuser HTTP/2.0" 200 27067 "https://netodolele.com.br.meumercado.app/post-update.sample?p=Ahome2Ameumer25AminhafarmaciaIappAwp-admin" "Mozilla/5.0 AppleWebKit/537.36 (KHTML, like Gecko; compatible; GPTBot/1.3; +https://openai.com/gptbot)" netodolele.com.br.meumercado.app 162.241.203.76
74.7.241.0 - - [10/Mar/2026:11:11:08 -0300] "GET /sitepad.php HTTP/2.0" 409 83 "https://www.netodolele.com.br.meumercado.app/post.js?p=Ahome2Ameumer25AIsoftaculous" "Mozilla/5.0 AppleWebKit/537.36 (KHTML, like Gecko; compatible; GPTBot/1.3; +https://openai.com/gptbot)" www.netodolele.com.br.meumercado.app 162.241.203.76
74.7.227.186 - - [10/Mar/2026:11:11:08 -0300] "GET /post-update.sample?edit=repair.php&p=Ahome2Ameumer25AnetodoleleIcomIbrAwp-adminAmaint HTTP/2.0" 409 83 "https://netodolele.com.br.meumercado.app/post-update.sample?p=Ahome2Ameumer25AnetodoleleIcomIbrAwp-adminAmaint" "Mozilla/5.0 AppleWebKit/537.36 (KHTML, like Gecko; compatible; GPTBot/1.3; +https://openai.com/gptbot)" netodolele.com.br.meumercado.app 162.241.203.76
74.7.241.49 - - [10/Mar/2026:11:11:17 -0300] "GET /blog/man2-r62h8htuq4ajchlvxkcfolaexe4masu2g3oz51vjbc.jpg?edit=comment-edit-link.php&p=Ahome2Ameumer25AminhafarmaciaIappAwp-includesAblocks HTTP/2.0" 409 83 "https://netodolele.com.br/blog/man2-r62h8htuq4ajchlvxkcfolaexe4masu2g3oz51vjbc.jpg?p=Ahome2Ameumer25AminhafarmaciaIappAwp-includesAblocks" "Mozilla/5.0 AppleWebKit/537.36 (KHTML, like Gecko; compatible; GPTBot/1.3; +https://openai.com/gptbot)" netodolele.com.br 162.241.203.76
74.7.227.186 - - [10/Mar/2026:11:11:19 -0300] "GET /post-update.sample?p=Ahome2Ameumer25AminhafarmaciaIappAwp-adminAcss HTTP/2.0" 200 42650 "https://netodolele.com.br.meumercado.app/post-update.sample?p=Ahome2Ameumer25AminhafarmaciaIappAwp-admin" "Mozilla/5.0 AppleWebKit/537.36 (KHTML, like Gecko; compatible; GPTBot/1.3; +https://openai.com/gptbot)" netodolele.com.br.meumercado.app 162.241.203.76
74.7.227.186 - - [10/Mar/2026:11:11:49 -0300] "GET /post-update.sample?p=Ahome2Ameumer25AminhafarmaciaIappAwp-adminAmaint HTTP/2.0" 200 26702 "https://netodolele.com.br.meumercado.app/post-update.sample?p=Ahome2Ameumer25AminhafarmaciaIappAwp-admin" "Mozilla/5.0 AppleWebKit/537.36 (KHTML, like Gecko; compatible; GPTBot/1.3; +https://openai.com/gptbot)" netodolele.com.br.meumercado.app 162.241.203.76
74.7.241.49 - - [10/Mar/2026:11:12:07 -0300] "GET /blog/man2-r62h8htuq4ajchlvxkcfolaexe4masu2g3oz51vjbc.jpg?edit=comment-edit-link.php&p=Ahome2Ameumer25AnetodoleleIcomIbrAwp-includesAblocks HTTP/2.0" 409 83 "https://netodolele.com.br/blog/man2-r62h8htuq4ajchlvxkcfolaexe4masu2g3oz51vjbc.jpg?p=Ahome2Ameumer25AnetodoleleIcomIbrAwp-includesAblocks" "Mozilla/5.0 AppleWebKit/537.36 (KHTML, like Gecko; compatible; GPTBot/1.3; +https://openai.com/gptbot)" netodolele.com.br 162.241.203.76
74.7.241.0 - - [10/Mar/2026:11:12:12 -0300] "GET /hashing.php HTTP/2.0" 409 83 "https://www.netodolele.com.br.meumercado.app/post.min.js?p=Ahome2Ameumer25ApaineleubellaImeumercadoIappAconfig" "Mozilla/5.0 AppleWebKit/537.36 (KHTML, like Gecko; compatible; GPTBot/1.3; +https://openai.com/gptbot)" www.netodolele.com.br.meumercado.app 162.241.203.76
162.241.203.76 - - [10/Mar/2026:11:12:17 -0300] "POST /wp-cron.php?doing_wp_cron=1773151937.3804390430450439453125 HTTP/1.1" 200 - "-" "WordPress/6.9.1; https://netodolele.com.br" netodolele.com.br 162.241.203.76
74.7.227.186 - - [10/Mar/2026:11:12:17 -0300] "GET /post-update.sample?p=Ahome2Ameumer25AminhafarmaciaIappAwp-adminAimages HTTP/2.0" 200 37369 "https://netodolele.com.br.meumercado.app/post-update.sample?p=Ahome2Ameumer25AminhafarmaciaIappAwp-admin" "Mozilla/5.0 AppleWebKit/537.36 (KHTML, like Gecko; compatible; GPTBot/1.3; +https://openai.com/gptbot)" netodolele.com.br.meumercado.app 162.241.203.76
74.7.227.186 - - [10/Mar/2026:11:12:41 -0300] "GET /post-update.sample?p=Ahome2Ameumer25AnetodoleleIcomIbrAwp-adminAcssAcolors HTTP/2.0" 200 27242 "https://netodolele.com.br.meumercado.app/post-update.sample?p=Ahome2Ameumer25AnetodoleleIcomIbrAwp-adminAcss" "Mozilla/5.0 AppleWebKit/537.36 (KHTML, like Gecko; compatible; GPTBot/1.3; +https://openai.com/gptbot)" netodolele.com.br.meumercado.app 162.241.203.76
74.7.227.186 - - [10/Mar/2026:11:13:03 -0300] "GET /edit-post.js?p=Ahome2Ameumer25AtestingImeumercadoIappA_nextAstatic HTTP/2.0" 200 26836 "https://netodolele.com.br.meumercado.app/edit-post.js?p=Ahome2Ameumer25AtestingImeumercadoIappA_next" "Mozilla/5.0 AppleWebKit/537.36 (KHTML, like Gecko; compatible; GPTBot/1.3; +https://openai.com/gptbot)" netodolele.com.br.meumercado.app 162.241.203.76
74.7.241.49 - - [10/Mar/2026:11:13:12 -0300] "GET /blog/man2-r62h8htuq4ajchlvxkcfolaexe4masu2g3oz51vjbc.jpg?p=Ahome2Ameumer25AnetodoleleIcomIbrAwp-includesAblocksAquery-pagination-next HTTP/2.0" 200 26798 "https://netodolele.com.br/blog/man2-r62h8htuq4ajchlvxkcfolaexe4masu2g3oz51vjbc.jpg?p=Ahome2Ameumer25AnetodoleleIcomIbrAwp-includesAblocks" "Mozilla/5.0 AppleWebKit/537.36 (KHTML, like Gecko; compatible; GPTBot/1.3; +https://openai.com/gptbot)" netodolele.com.br 162.241.203.76
74.7.241.0 - - [10/Mar/2026:11:13:15 -0300] "GET /rewrite.php HTTP/2.0" 409 83 "https://www.netodolele.com.br.meumercado.app/post-formats32-vs.png?p=Ahome2Ameumer25AnetodoleleIcomIbrAwp-includes" "Mozilla/5.0 AppleWebKit/537.36 (KHTML, like Gecko; compatible; GPTBot/1.3; +https://openai.com/gptbot)" www.netodolele.com.br.meumercado.app 162.241.203.76
162.241.203.76 - - [10/Mar/2026:11:13:25 -0300] "POST /wp-cron.php?doing_wp_cron=1773152005.1041469573974609375000 HTTP/1.1" 200 - "-" "WordPress/6.9.1; https://netodolele.com.br" netodolele.com.br 162.241.203.76
74.7.227.186 - - [10/Mar/2026:11:13:24 -0300] "GET /post-update.sample?p=Ahome2Ameumer25AminhafarmaciaIappAwp-adminAnetwork HTTP/2.0" 200 29164 "https://netodolele.com.br.meumercado.app/post-update.sample?p=Ahome2Ameumer25AminhafarmaciaIappAwp-admin" "Mozilla/5.0 AppleWebKit/537.36 (KHTML, like Gecko; compatible; GPTBot/1.3; +https://openai.com/gptbot)" netodolele.com.br.meumercado.app 162.241.203.76
74.7.227.186 - - [10/Mar/2026:11:13:43 -0300] "GET /post-update.sample?edit=rewrite.php&p=Ahome2Ameumer25AminhafarmaciaIappAwp-includes HTTP/2.0" 409 83 "https://netodolele.com.br.meumercado.app/post-update.sample?p=Ahome2Ameumer25AminhafarmaciaIappAwp-includes" "Mozilla/5.0 AppleWebKit/537.36 (KHTML, like Gecko; compatible; GPTBot/1.3; +https://openai.com/gptbot)" netodolele.com.br.meumercado.app 162.241.203.76
74.7.227.186 - - [10/Mar/2026:11:14:00 -0300] "GET /post-update.sample?p=Ahome2Ameumer25AminhafarmaciaIappAwp-includesAcss HTTP/1.1" 200 35009 "https://netodolele.com.br.meumercado.app/post-update.sample?p=Ahome2Ameumer25AminhafarmaciaIappAwp-includes" "Mozilla/5.0 AppleWebKit/537.36 (KHTML, like Gecko; compatible; GPTBot/1.3; +https://openai.com/gptbot)" netodolele.com.br.meumercado.app 162.241.203.76
74.7.227.186 - - [10/Mar/2026:11:14:00 -0300] "GET /post-update.sample?p=Ahome2Ameumer25AminhafarmaciaIappAwp-includesAcss HTTP/2.0" 200 35009 "https://netodolele.com.br.meumercado.app/post-update.sample?p=Ahome2Ameumer25AminhafarmaciaIappAwp-includes" "Mozilla/5.0 AppleWebKit/537.36 (KHTML, like Gecko; compatible; GPTBot/1.3; +https://openai.com/gptbot)" netodolele.com.br.meumercado.app 162.241.203.76
74.7.241.49 - - [10/Mar/2026:11:14:17 -0300] "GET /blog/man2-r62h8htuq4ajchlvxkcfolaexe4masu2g3oz51vjbc.jpg?p=Ahome2Ameumer25AminhafarmaciaIappAwp-includesAblocksAquery-pagination-next HTTP/2.0" 200 26797 "https://netodolele.com.br/blog/man2-r62h8htuq4ajchlvxkcfolaexe4masu2g3oz51vjbc.jpg?p=Ahome2Ameumer25AminhafarmaciaIappAwp-includesAblocks" "Mozilla/5.0 AppleWebKit/537.36 (KHTML, like Gecko; compatible; GPTBot/1.3; +https://openai.com/gptbot)" netodolele.com.br 162.241.203.76
74.7.241.0 - - [10/Mar/2026:11:14:18 -0300] "GET /session.php HTTP/2.0" 409 83 "https://www.netodolele.com.br.meumercado.app/post-formats32-vs.png?p=Ahome2Ameumer25AnetodoleleIcomIbrAwp-includes" "Mozilla/5.0 AppleWebKit/537.36 (KHTML, like Gecko; compatible; GPTBot/1.3; +https://openai.com/gptbot)" www.netodolele.com.br.meumercado.app 162.241.203.76
74.7.227.186 - - [10/Mar/2026:11:14:47 -0300] "GET /post-update.sample?edit=class-wp-editor.php&p=Ahome2Ameumer25AnetodoleleIcomIbrAwp-includes HTTP/2.0" 409 83 "https://netodolele.com.br.meumercado.app/post-update.sample?p=Ahome2Ameumer25AnetodoleleIcomIbrAwp-includes" "Mozilla/5.0 AppleWebKit/537.36 (KHTML, like Gecko; compatible; GPTBot/1.3; +https://openai.com/gptbot)" netodolele.com.br.meumercado.app 162.241.203.76
162.241.203.76 - - [10/Mar/2026:11:15:14 -0300] "POST /wp-cron.php?doing_wp_cron=1773152114.6757640838623046875000 HTTP/1.1" 200 - "-" "WordPress/6.9.1; https://netodolele.com.br" netodolele.com.br 162.241.203.76
74.7.241.49 - - [10/Mar/2026:11:15:14 -0300] "GET /blog/Untitled-2-r62ilg93kae59q86isj067eke14ztworgvmo4za140.jpg?p=Ahome2Ameumer25Aperl5AlibAperl5Ax86_64-linux-thread-multi HTTP/2.0" 200 26621 "https://netodolele.com.br/blog/Untitled-2-r62ilg93kae59q86isj067eke14ztworgvmo4za140.jpg?p=Ahome2Ameumer25Aperl5AlibAperl5" "Mozilla/5.0 AppleWebKit/537.36 (KHTML, like Gecko; compatible; GPTBot/1.3; +https://openai.com/gptbot)" netodolele.com.br 162.241.203.76
74.7.241.0 - - [10/Mar/2026:11:15:22 -0300] "GET /eb7cbb8bd5342556b9c02ddc1fe5afcbebe1d3 HTTP/1.1" 200 27129 "https://www.netodolele.com.br.meumercado.app/post.min.js?p=Ahome2Ameumer25ApainelestilopetshopImeupetIappAIgitAobjectsA64" "Mozilla/5.0 AppleWebKit/537.36 (KHTML, like Gecko; compatible; GPTBot/1.3; +https://openai.com/gptbot)" www.netodolele.com.br.meumercado.app 162.241.203.76
74.7.241.0 - - [10/Mar/2026:11:15:22 -0300] "GET /eb7cbb8bd5342556b9c02ddc1fe5afcbebe1d3 HTTP/2.0" 200 27129 "https://www.netodolele.com.br.meumercado.app/post.min.js?p=Ahome2Ameumer25ApainelestilopetshopImeupetIappAIgitAobjectsA64" "Mozilla/5.0 AppleWebKit/537.36 (KHTML, like Gecko; compatible; GPTBot/1.3; +https://openai.com/gptbot)" www.netodolele.com.br.meumercado.app 162.241.203.76
74.7.227.186 - - [10/Mar/2026:11:15:33 -0300] "GET /post-update.sample?p=Ahome2Ameumer25AnetodoleleIcomIbrAwp-includesASimplePie HTTP/1.1" 200 26890 "https://netodolele.com.br.meumercado.app/post-update.sample?p=Ahome2Ameumer25AnetodoleleIcomIbrAwp-includes" "Mozilla/5.0 AppleWebKit/537.36 (KHTML, like Gecko; compatible; GPTBot/1.3; +https://openai.com/gptbot)" netodolele.com.br.meumercado.app 162.241.203.76
74.7.227.186 - - [10/Mar/2026:11:15:33 -0300] "GET /post-update.sample?p=Ahome2Ameumer25AnetodoleleIcomIbrAwp-includesASimplePie HTTP/2.0" 200 26890 "https://netodolele.com.br.meumercado.app/post-update.sample?p=Ahome2Ameumer25AnetodoleleIcomIbrAwp-includes" "Mozilla/5.0 AppleWebKit/537.36 (KHTML, like Gecko; compatible; GPTBot/1.3; +https://openai.com/gptbot)" netodolele.com.br.meumercado.app 162.241.203.76
74.7.241.49 - - [10/Mar/2026:11:16:03 -0300] "GET /blog/man2-r62h8htuq4ajchlvxkcfolaexe4masu2g3oz51vjbc.jpg?edit=comment-template.php&p=Ahome2Ameumer25AminhafarmaciaIappAwp-includesAblocks HTTP/2.0" 409 83 "https://netodolele.com.br/blog/man2-r62h8htuq4ajchlvxkcfolaexe4masu2g3oz51vjbc.jpg?p=Ahome2Ameumer25AminhafarmaciaIappAwp-includesAblocks" "Mozilla/5.0 AppleWebKit/537.36 (KHTML, like Gecko; compatible; GPTBot/1.3; +https://openai.com/gptbot)" netodolele.com.br 162.241.203.76
162.241.203.76 - - [10/Mar/2026:11:16:26 -0300] "POST /wp-cron.php?doing_wp_cron=1773152186.5028810501098632812500 HTTP/1.1" 200 - "-" "WordPress/6.9.1; https://netodolele.com.br" netodolele.com.br 162.241.203.76
74.7.241.0 - - [10/Mar/2026:11:16:26 -0300] "GET /3f71efca2afe7ce4581ae6a80e2c2c57db3bac HTTP/1.1" 200 27129 "https://www.netodolele.com.br.meumercado.app/edit-post.min.js?p=Ahome2Ameumer25AapiImeumercadoIappAIgitAobjectsA38" "Mozilla/5.0 AppleWebKit/537.36 (KHTML, like Gecko; compatible; GPTBot/1.3; +https://openai.com/gptbot)" www.netodolele.com.br.meumercado.app 162.241.203.76
74.7.241.0 - - [10/Mar/2026:11:16:26 -0300] "GET /3f71efca2afe7ce4581ae6a80e2c2c57db3bac HTTP/2.0" 200 27129 "https://www.netodolele.com.br.meumercado.app/edit-post.min.js?p=Ahome2Ameumer25AapiImeumercadoIappAIgitAobjectsA38" "Mozilla/5.0 AppleWebKit/537.36 (KHTML, like Gecko; compatible; GPTBot/1.3; +https://openai.com/gptbot)" www.netodolele.com.br.meumercado.app 162.241.203.76
74.7.227.186 - - [10/Mar/2026:11:16:33 -0300] "GET /post-update.sample?p=Ahome2Ameumer25AnetodoleleIcomIbrAwp-includesApomo HTTP/1.1" 200 27122 "https://netodolele.com.br.meumercado.app/post-update.sample?p=Ahome2Ameumer25AnetodoleleIcomIbrAwp-includes" "Mozilla/5.0 AppleWebKit/537.36 (KHTML, like Gecko; compatible; GPTBot/1.3; +https://openai.com/gptbot)" netodolele.com.br.meumercado.app 162.241.203.76
74.7.227.186 - - [10/Mar/2026:11:16:33 -0300] "GET /post-update.sample?p=Ahome2Ameumer25AnetodoleleIcomIbrAwp-includesApomo HTTP/2.0" 200 27122 "https://netodolele.com.br.meumercado.app/post-update.sample?p=Ahome2Ameumer25AnetodoleleIcomIbrAwp-includes" "Mozilla/5.0 AppleWebKit/537.36 (KHTML, like Gecko; compatible; GPTBot/1.3; +https://openai.com/gptbot)" netodolele.com.br.meumercado.app 162.241.203.76
74.7.241.49 - - [10/Mar/2026:11:16:50 -0300] "GET /blog/man2-r62h8htuq4ajchlvxkcfolaexe4masu2g3oz51vjbc.jpg?edit=comment-template.php&p=Ahome2Ameumer25AnetodoleleIcomIbrAwp-includesAblocks HTTP/2.0" 409 83 "https://netodolele.com.br/blog/man2-r62h8htuq4ajchlvxkcfolaexe4masu2g3oz51vjbc.jpg?p=Ahome2Ameumer25AnetodoleleIcomIbrAwp-includesAblocks" "Mozilla/5.0 AppleWebKit/537.36 (KHTML, like Gecko; compatible; GPTBot/1.3; +https://openai.com/gptbot)" netodolele.com.br 162.241.203.76
74.7.241.0 - - [10/Mar/2026:11:17:24 -0300] "GET /edit-post.js?p=Ahome2Ameumer25AkaickaviellaImeumercadoIappAimagesAimages HTTP/2.0" 200 27070 "https://www.netodolele.com.br.meumercado.app/edit-post.js?p=Ahome2Ameumer25AkaickaviellaImeumercadoIappAimages" "Mozilla/5.0 AppleWebKit/537.36 (KHTML, like Gecko; compatible; GPTBot/1.3; +https://openai.com/gptbot)" www.netodolele.com.br.meumercado.app 162.241.203.76
162.241.203.76 - - [10/Mar/2026:11:17:29 -0300] "POST /wp-cron.php?doing_wp_cron=1773152249.6405420303344726562500 HTTP/1.1" 200 - "-" "WordPress/6.9.1; https://netodolele.com.br" netodolele.com.br 162.241.203.76
74.7.227.186 - - [10/Mar/2026:11:17:29 -0300] "GET /post-update.sample?p=Ahome2Ameumer25AnetodoleleIcomIbrAwp-includesAcss HTTP/1.1" 200 35025 "https://netodolele.com.br.meumercado.app/post-update.sample?p=Ahome2Ameumer25AnetodoleleIcomIbrAwp-includes" "Mozilla/5.0 AppleWebKit/537.36 (KHTML, like Gecko; compatible; GPTBot/1.3; +https://openai.com/gptbot)" netodolele.com.br.meumercado.app 162.241.203.76
74.7.227.186 - - [10/Mar/2026:11:17:29 -0300] "GET /post-update.sample?p=Ahome2Ameumer25AnetodoleleIcomIbrAwp-includesAcss HTTP/2.0" 200 35025 "https://netodolele.com.br.meumercado.app/post-update.sample?p=Ahome2Ameumer25AnetodoleleIcomIbrAwp-includes" "Mozilla/5.0 AppleWebKit/537.36 (KHTML, like Gecko; compatible; GPTBot/1.3; +https://openai.com/gptbot)" netodolele.com.br.meumercado.app 162.241.203.76
74.7.241.49 - - [10/Mar/2026:11:17:54 -0300] "GET /blog/man2-r62h8htuq4ajchlvxkcfolaexe4masu2g3oz51vjbc.jpg?edit=comment-date.php&p=Ahome2Ameumer25AnetodoleleIcomIbrAwp-includesAblocks HTTP/2.0" 409 83 "https://netodolele.com.br/blog/man2-r62h8htuq4ajchlvxkcfolaexe4masu2g3oz51vjbc.jpg?p=Ahome2Ameumer25AnetodoleleIcomIbrAwp-includesAblocks" "Mozilla/5.0 AppleWebKit/537.36 (KHTML, like Gecko; compatible; GPTBot/1.3; +https://openai.com/gptbot)" netodolele.com.br 162.241.203.76
74.7.241.0 - - [10/Mar/2026:11:18:15 -0300] "GET /post.min.js?p=Ahome2Ameumer25ApainelnocharmeImeumercadoIappAconfigAconfig HTTP/2.0" 200 27178 "https://www.netodolele.com.br.meumercado.app/post.min.js?p=Ahome2Ameumer25ApainelnocharmeImeumercadoIappAconfig" "Mozilla/5.0 AppleWebKit/537.36 (KHTML, like Gecko; compatible; GPTBot/1.3; +https://openai.com/gptbot)" www.netodolele.com.br.meumercado.app 162.241.203.76
74.7.227.186 - - [10/Mar/2026:11:18:22 -0300] "GET /post-update.sample?p=Ahome2Ameumer25AminhafarmaciaIappAwp-includesApomo HTTP/2.0" 200 27120 "https://netodolele.com.br.meumercado.app/post-update.sample?p=Ahome2Ameumer25AminhafarmaciaIappAwp-includes" "Mozilla/5.0 AppleWebKit/537.36 (KHTML, like Gecko; compatible; GPTBot/1.3; +https://openai.com/gptbot)" netodolele.com.br.meumercado.app 162.241.203.76
74.7.227.186 - - [10/Mar/2026:11:18:22 -0300] "GET /post-update.sample?p=Ahome2Ameumer25AminhafarmaciaIappAwp-includesApomo HTTP/1.1" 200 27120 "https://netodolele.com.br.meumercado.app/post-update.sample?p=Ahome2Ameumer25AminhafarmaciaIappAwp-includes" "Mozilla/5.0 AppleWebKit/537.36 (KHTML, like Gecko; compatible; GPTBot/1.3; +https://openai.com/gptbot)" netodolele.com.br.meumercado.app 162.241.203.76
74.7.241.49 - - [10/Mar/2026:11:18:59 -0300] "GET /blog/man2-r62h8htuq4ajchlvxkcfolaexe4masu2g3oz51vjbc.jpg?edit=comment-date.php&p=Ahome2Ameumer25AminhafarmaciaIappAwp-includesAblocks HTTP/2.0" 409 83 "https://netodolele.com.br/blog/man2-r62h8htuq4ajchlvxkcfolaexe4masu2g3oz51vjbc.jpg?p=Ahome2Ameumer25AminhafarmaciaIappAwp-includesAblocks" "Mozilla/5.0 AppleWebKit/537.36 (KHTML, like Gecko; compatible; GPTBot/1.3; +https://openai.com/gptbot)" netodolele.com.br 162.241.203.76
162.241.203.76 - - [10/Mar/2026:11:19:02 -0300] "POST /wp-cron.php?doing_wp_cron=1773152342.5431480407714843750000 HTTP/1.1" 200 - "-" "WordPress/6.9.1; https://netodolele.com.br" netodolele.com.br 162.241.203.76
74.7.241.0 - - [10/Mar/2026:11:19:02 -0300] "GET /post.min.js?p=Ahome2Ameumer25Apublic_html HTTP/2.0" 200 29205 "https://www.netodolele.com.br.meumercado.app/post.min.js?p=Ahome2Ameumer25" "Mozilla/5.0 AppleWebKit/537.36 (KHTML, like Gecko; compatible; GPTBot/1.3; +https://openai.com/gptbot)" www.netodolele.com.br.meumercado.app 162.241.203.76
74.7.227.186 - - [10/Mar/2026:11:19:07 -0300] "GET /post-update.sample?p=Ahome2Ameumer25AnetodoleleIcomIbrAwp-includesAText HTTP/1.1" 200 26875 "https://netodolele.com.br.meumercado.app/post-update.sample?p=Ahome2Ameumer25AnetodoleleIcomIbrAwp-includes" "Mozilla/5.0 AppleWebKit/537.36 (KHTML, like Gecko; compatible; GPTBot/1.3; +https://openai.com/gptbot)" netodolele.com.br.meumercado.app 162.241.203.76
74.7.227.186 - - [10/Mar/2026:11:19:07 -0300] "GET /post-update.sample?p=Ahome2Ameumer25AnetodoleleIcomIbrAwp-includesAText HTTP/2.0" 200 26875 "https://netodolele.com.br.meumercado.app/post-update.sample?p=Ahome2Ameumer25AnetodoleleIcomIbrAwp-includes" "Mozilla/5.0 AppleWebKit/537.36 (KHTML, like Gecko; compatible; GPTBot/1.3; +https://openai.com/gptbot)" netodolele.com.br.meumercado.app 162.241.203.76
74.7.241.0 - - [10/Mar/2026:11:19:41 -0300] "GET /edit-post.min.js?p=Ahome2Ameumer25AapiImeumercadoIappAvendorAmonologAmonologAsrcAMonologAHandlerASlack HTTP/2.0" 200 26758 "https://www.netodolele.com.br.meumercado.app/edit-post.min.js?p=Ahome2Ameumer25AapiImeumercadoIappAvendorAmonologAmonologAsrcAMonologAHandler" "Mozilla/5.0 AppleWebKit/537.36 (KHTML, like Gecko; compatible; GPTBot/1.3; +https://openai.com/gptbot)" www.netodolele.com.br.meumercado.app 162.241.203.76
74.7.227.186 - - [10/Mar/2026:11:19:48 -0300] "GET /post-update.sample?p=Ahome2Ameumer25AminhafarmaciaIappAwp-includesAText HTTP/1.1" 200 26873 "https://netodolele.com.br.meumercado.app/post-update.sample?p=Ahome2Ameumer25AminhafarmaciaIappAwp-includes" "Mozilla/5.0 AppleWebKit/537.36 (KHTML, like Gecko; compatible; GPTBot/1.3; +https://openai.com/gptbot)" netodolele.com.br.meumercado.app 162.241.203.76
74.7.227.186 - - [10/Mar/2026:11:19:48 -0300] "GET /post-update.sample?p=Ahome2Ameumer25AminhafarmaciaIappAwp-includesAText HTTP/2.0" 200 26873 "https://netodolele.com.br.meumercado.app/post-update.sample?p=Ahome2Ameumer25AminhafarmaciaIappAwp-includes" "Mozilla/5.0 AppleWebKit/537.36 (KHTML, like Gecko; compatible; GPTBot/1.3; +https://openai.com/gptbot)" netodolele.com.br.meumercado.app 162.241.203.76
162.241.203.76 - - [10/Mar/2026:11:20:03 -0300] "POST /wp-cron.php?doing_wp_cron=1773152403.7813119888305664062500 HTTP/1.1" 200 - "-" "WordPress/6.9.1; https://netodolele.com.br" netodolele.com.br 162.241.203.76
74.7.241.49 - - [10/Mar/2026:11:20:03 -0300] "GET /blog/man2-r62h8htuq4ajchlvxkcfolaexe4masu2g3oz51vjbc.jpg?p=Ahome2Ameumer25AminhafarmaciaIappAwp-includesAblocksAquery-pagination-previous HTTP/2.0" 200 26841 "https://netodolele.com.br/blog/man2-r62h8htuq4ajchlvxkcfolaexe4masu2g3oz51vjbc.jpg?p=Ahome2Ameumer25AminhafarmaciaIappAwp-includesAblocks" "Mozilla/5.0 AppleWebKit/537.36 (KHTML, like Gecko; compatible; GPTBot/1.3; +https://openai.com/gptbot)" netodolele.com.br 162.241.203.76
74.7.241.0 - - [10/Mar/2026:11:20:22 -0300] "GET /set-post-thumbnail.js?edit=read-more.php&p=Ahome2Ameumer25AnetodoleleIcomIbrAwp-includesAblocks HTTP/2.0" 409 83 "https://www.netodolele.com.br.meumercado.app/set-post-thumbnail.js?p=Ahome2Ameumer25AnetodoleleIcomIbrAwp-includesAblocks" "Mozilla/5.0 AppleWebKit/537.36 (KHTML, like Gecko; compatible; GPTBot/1.3; +https://openai.com/gptbot)" www.netodolele.com.br.meumercado.app 162.241.203.76
74.7.227.186 - - [10/Mar/2026:11:20:27 -0300] "GET /post-update.sample?p=Ahome2Ameumer25AnetodoleleIcomIbrAwp-includesAjs HTTP/1.1" 200 43085 "https://netodolele.com.br.meumercado.app/post-update.sample?p=Ahome2Ameumer25AnetodoleleIcomIbrAwp-includes" "Mozilla/5.0 AppleWebKit/537.36 (KHTML, like Gecko; compatible; GPTBot/1.3; +https://openai.com/gptbot)" netodolele.com.br.meumercado.app 162.241.203.76
74.7.227.186 - - [10/Mar/2026:11:20:27 -0300] "GET /post-update.sample?p=Ahome2Ameumer25AnetodoleleIcomIbrAwp-includesAjs HTTP/2.0" 200 43085 "https://netodolele.com.br.meumercado.app/post-update.sample?p=Ahome2Ameumer25AnetodoleleIcomIbrAwp-includes" "Mozilla/5.0 AppleWebKit/537.36 (KHTML, like Gecko; compatible; GPTBot/1.3; +https://openai.com/gptbot)" netodolele.com.br.meumercado.app 162.241.203.76
74.7.241.0 - - [10/Mar/2026:11:20:53 -0300] "GET /inline-edit-post.js?p=Ahome2Ameumer25AapiImeumercadoIappAvendorAlaravelpkgAlaravelchk HTTP/2.0" 200 27173 "https://www.netodolele.com.br.meumercado.app/inline-edit-post.js?p=Ahome2Ameumer25AapiImeumercadoIappAvendorAlaravelpkg" "Mozilla/5.0 AppleWebKit/537.36 (KHTML, like Gecko; compatible; GPTBot/1.3; +https://openai.com/gptbot)" www.netodolele.com.br.meumercado.app 162.241.203.76
74.7.227.186 - - [10/Mar/2026:11:21:02 -0300] "GET /post-update.sample?p=Ahome2Ameumer25AminhafarmaciaIappAwp-includesAjs HTTP/1.1" 200 43087 "https://netodolele.com.br.meumercado.app/post-update.sample?p=Ahome2Ameumer25AminhafarmaciaIappAwp-includes" "Mozilla/5.0 AppleWebKit/537.36 (KHTML, like Gecko; compatible; GPTBot/1.3; +https://openai.com/gptbot)" netodolele.com.br.meumercado.app 162.241.203.76
74.7.227.186 - - [10/Mar/2026:11:21:02 -0300] "GET /post-update.sample?p=Ahome2Ameumer25AminhafarmaciaIappAwp-includesAjs HTTP/2.0" 200 43087 "https://netodolele.com.br.meumercado.app/post-update.sample?p=Ahome2Ameumer25AminhafarmaciaIappAwp-includes" "Mozilla/5.0 AppleWebKit/537.36 (KHTML, like Gecko; compatible; GPTBot/1.3; +https://openai.com/gptbot)" netodolele.com.br.meumercado.app 162.241.203.76
74.7.241.49 - - [10/Mar/2026:11:21:07 -0300] "GET /blog/smart-address-field.jpg?edit=class-astra-header-search-component-configs.php&p=Ahome2Ameumer25AnetodoleleIcomIbrAwp-contentAthemesAastraAincAcustomizerAconfigurationsAbuilderAheader HTTP/2.0" 409 83 "https://netodolele.com.br/blog/smart-address-field.jpg?p=Ahome2Ameumer25AnetodoleleIcomIbrAwp-contentAthemesAastraAincAcustomizerAconfigurationsAbuilderAheader" "Mozilla/5.0 AppleWebKit/537.36 (KHTML, like Gecko; compatible; GPTBot/1.3; +https://openai.com/gptbot)" netodolele.com.br 162.241.203.76
162.241.203.76 - - [10/Mar/2026:11:21:32 -0300] "POST /wp-cron.php?doing_wp_cron=1773152492.9801559448242187500000 HTTP/1.1" 200 - "-" "WordPress/6.9.1; https://netodolele.com.br" netodolele.com.br 162.241.203.76
74.7.227.186 - - [10/Mar/2026:11:21:32 -0300] "GET /post-update.sample?p=Ahome2Ameumer25AminhafarmaciaIappAwp-includesAtheme-compat HTTP/1.1" 200 28035 "https://netodolele.com.br.meumercado.app/post-update.sample?p=Ahome2Ameumer25AminhafarmaciaIappAwp-includes" "Mozilla/5.0 AppleWebKit/537.36 (KHTML, like Gecko; compatible; GPTBot/1.3; +https://openai.com/gptbot)" netodolele.com.br.meumercado.app 162.241.203.76
74.7.227.186 - - [10/Mar/2026:11:21:32 -0300] "GET /post-update.sample?p=Ahome2Ameumer25AminhafarmaciaIappAwp-includesAtheme-compat HTTP/2.0" 200 28035 "https://netodolele.com.br.meumercado.app/post-update.sample?p=Ahome2Ameumer25AminhafarmaciaIappAwp-includes" "Mozilla/5.0 AppleWebKit/537.36 (KHTML, like Gecko; compatible; GPTBot/1.3; +https://openai.com/gptbot)" netodolele.com.br.meumercado.app 162.241.203.76
74.7.241.0 - - [10/Mar/2026:11:21:58 -0300] "GET /edit-post.min.js?p=Ahome2Ameumer25AapiImeumercadoIappAvendorAlaravelpkgAlaravelchk HTTP/2.0" 200 27173 "https://www.netodolele.com.br.meumercado.app/edit-post.min.js?p=Ahome2Ameumer25AapiImeumercadoIappAvendorAlaravelpkg" "Mozilla/5.0 AppleWebKit/537.36 (KHTML, like Gecko; compatible; GPTBot/1.3; +https://openai.com/gptbot)" www.netodolele.com.br.meumercado.app 162.241.203.76
74.7.227.186 - - [10/Mar/2026:11:21:58 -0300] "GET /post-update.sample?p=Ahome2Ameumer25AminhafarmaciaIappAwp-includesAabilities-api HTTP/1.1" 200 27587 "https://netodolele.com.br.meumercado.app/post-update.sample?p=Ahome2Ameumer25AminhafarmaciaIappAwp-includes" "Mozilla/5.0 AppleWebKit/537.36 (KHTML, like Gecko; compatible; GPTBot/1.3; +https://openai.com/gptbot)" netodolele.com.br.meumercado.app 162.241.203.76
74.7.227.186 - - [10/Mar/2026:11:21:58 -0300] "GET /post-update.sample?p=Ahome2Ameumer25AminhafarmaciaIappAwp-includesAabilities-api HTTP/2.0" 200 27587 "https://netodolele.com.br.meumercado.app/post-update.sample?p=Ahome2Ameumer25AminhafarmaciaIappAwp-includes" "Mozilla/5.0 AppleWebKit/537.36 (KHTML, like Gecko; compatible; GPTBot/1.3; +https://openai.com/gptbot)" netodolele.com.br.meumercado.app 162.241.203.76
74.7.241.49 - - [10/Mar/2026:11:22:03 -0300] "GET /blog/man2-r62h8htuq4ajchlvxkcfolaexe4masu2g3oz51vjbc.jpg?p=Ahome2Ameumer25AnetodoleleIcomIbrAwp-includesAblocksAquery-pagination-numbers HTTP/2.0" 200 27783 "https://netodolele.com.br/blog/man2-r62h8htuq4ajchlvxkcfolaexe4masu2g3oz51vjbc.jpg?p=Ahome2Ameumer25AnetodoleleIcomIbrAwp-includesAblocks" "Mozilla/5.0 AppleWebKit/537.36 (KHTML, like Gecko; compatible; GPTBot/1.3; +https://openai.com/gptbot)" netodolele.com.br 162.241.203.76
74.7.227.186 - - [10/Mar/2026:11:22:22 -0300] "GET /post-update.sample?p=Ahome2Ameumer25AminhafarmaciaIappAwp-includesAsodium_compat HTTP/1.1" 200 27448 "https://netodolele.com.br.meumercado.app/post-update.sample?p=Ahome2Ameumer25AminhafarmaciaIappAwp-includes" "Mozilla/5.0 AppleWebKit/537.36 (KHTML, like Gecko; compatible; GPTBot/1.3; +https://openai.com/gptbot)" netodolele.com.br.meumercado.app 162.241.203.76
74.7.227.186 - - [10/Mar/2026:11:22:22 -0300] "GET /post-update.sample?p=Ahome2Ameumer25AminhafarmaciaIappAwp-includesAsodium_compat HTTP/2.0" 200 27448 "https://netodolele.com.br.meumercado.app/post-update.sample?p=Ahome2Ameumer25AminhafarmaciaIappAwp-includes" "Mozilla/5.0 AppleWebKit/537.36 (KHTML, like Gecko; compatible; GPTBot/1.3; +https://openai.com/gptbot)" netodolele.com.br.meumercado.app 162.241.203.76
162.241.203.76 - - [10/Mar/2026:11:22:45 -0300] "POST /wp-cron.php?doing_wp_cron=1773152565.4927639961242675781250 HTTP/1.1" 200 - "-" "WordPress/6.9.1; https://netodolele.com.br" netodolele.com.br 162.241.203.76
74.7.227.186 - - [10/Mar/2026:11:22:45 -0300] "GET /edit-post.js?p=Ahome2Ameumer25AtestingImeumercadoIappA_nextAstaticAcss HTTP/2.0" 200 27285 "https://netodolele.com.br.meumercado.app/edit-post.js?p=Ahome2Ameumer25AtestingImeumercadoIappA_nextAstatic" "Mozilla/5.0 AppleWebKit/537.36 (KHTML, like Gecko; compatible; GPTBot/1.3; +https://openai.com/gptbot)" netodolele.com.br.meumercado.app 162.241.203.76
74.7.241.0 - - [10/Mar/2026:11:22:57 -0300] "GET /post-formats-vs.png?p=Ahome2Ameumer25AapiImeumercadoIappAvendorAlaravelpkgAlaravelchk HTTP/2.0" 200 27173 "https://www.netodolele.com.br.meumercado.app/post-formats-vs.png?p=Ahome2Ameumer25AapiImeumercadoIappAvendorAlaravelpkg" "Mozilla/5.0 AppleWebKit/537.36 (KHTML, like Gecko; compatible; GPTBot/1.3; +https://openai.com/gptbot)" www.netodolele.com.br.meumercado.app 162.241.203.76
74.7.227.186 - - [10/Mar/2026:11:23:06 -0300] "GET /post-update.sample?p=Ahome2Ameumer25AnetodoleleIcomIbrAwp-includesAl10n HTTP/1.1" 200 27780 "https://netodolele.com.br.meumercado.app/post-update.sample?p=Ahome2Ameumer25AnetodoleleIcomIbrAwp-includes" "Mozilla/5.0 AppleWebKit/537.36 (KHTML, like Gecko; compatible; GPTBot/1.3; +https://openai.com/gptbot)" netodolele.com.br.meumercado.app 162.241.203.76
74.7.227.186 - - [10/Mar/2026:11:23:05 -0300] "GET /post-update.sample?p=Ahome2Ameumer25AnetodoleleIcomIbrAwp-includesAl10n HTTP/2.0" 200 27780 "https://netodolele.com.br.meumercado.app/post-update.sample?p=Ahome2Ameumer25AnetodoleleIcomIbrAwp-includes" "Mozilla/5.0 AppleWebKit/537.36 (KHTML, like Gecko; compatible; GPTBot/1.3; +https://openai.com/gptbot)" netodolele.com.br.meumercado.app 162.241.203.76
74.7.241.49 - - [10/Mar/2026:11:23:06 -0300] "GET /blog/man2-r62h8htuq4ajchlvxkcfolaexe4masu2g3oz51vjbc.jpg?p=Ahome2Ameumer25AminhafarmaciaIappAwp-includesAblocksAquery-pagination-numbers HTTP/2.0" 200 27782 "https://netodolele.com.br/blog/man2-r62h8htuq4ajchlvxkcfolaexe4masu2g3oz51vjbc.jpg?p=Ahome2Ameumer25AminhafarmaciaIappAwp-includesAblocks" "Mozilla/5.0 AppleWebKit/537.36 (KHTML, like Gecko; compatible; GPTBot/1.3; +https://openai.com/gptbot)" netodolele.com.br 162.241.203.76
74.7.227.186 - - [10/Mar/2026:11:23:23 -0300] "GET /post-update.sample?p=Ahome2Ameumer25AminhafarmaciaIappAwp-includesAl10n HTTP/1.1" 200 27779 "https://netodolele.com.br.meumercado.app/post-update.sample?p=Ahome2Ameumer25AminhafarmaciaIappAwp-includes" "Mozilla/5.0 AppleWebKit/537.36 (KHTML, like Gecko; compatible; GPTBot/1.3; +https://openai.com/gptbot)" netodolele.com.br.meumercado.app 162.241.203.76
74.7.227.186 - - [10/Mar/2026:11:23:23 -0300] "GET /post-update.sample?p=Ahome2Ameumer25AminhafarmaciaIappAwp-includesAl10n HTTP/2.0" 200 27779 "https://netodolele.com.br.meumercado.app/post-update.sample?p=Ahome2Ameumer25AminhafarmaciaIappAwp-includes" "Mozilla/5.0 AppleWebKit/537.36 (KHTML, like Gecko; compatible; GPTBot/1.3; +https://openai.com/gptbot)" netodolele.com.br.meumercado.app 162.241.203.76
74.7.227.186 - - [10/Mar/2026:11:23:40 -0300] "GET /post-update.sample?p=Ahome2Ameumer25AminhafarmaciaIappAwp-includesAassets HTTP/1.1" 200 28474 "https://netodolele.com.br.meumercado.app/post-update.sample?p=Ahome2Ameumer25AminhafarmaciaIappAwp-includes" "Mozilla/5.0 AppleWebKit/537.36 (KHTML, like Gecko; compatible; GPTBot/1.3; +https://openai.com/gptbot)" netodolele.com.br.meumercado.app 162.241.203.76
74.7.227.186 - - [10/Mar/2026:11:23:40 -0300] "GET /post-update.sample?p=Ahome2Ameumer25AminhafarmaciaIappAwp-includesAassets HTTP/2.0" 200 28474 "https://netodolele.com.br.meumercado.app/post-update.sample?p=Ahome2Ameumer25AminhafarmaciaIappAwp-includes" "Mozilla/5.0 AppleWebKit/537.36 (KHTML, like Gecko; compatible; GPTBot/1.3; +https://openai.com/gptbot)" netodolele.com.br.meumercado.app 162.241.203.76
162.241.203.76 - - [10/Mar/2026:11:23:49 -0300] "POST /wp-cron.php?doing_wp_cron=1773152629.2190659046173095703125 HTTP/1.1" 200 - "-" "WordPress/6.9.1; https://netodolele.com.br" netodolele.com.br 162.241.203.76
74.7.241.0 - - [10/Mar/2026:11:23:49 -0300] "GET /post.js?p=Ahome2Ameumer25AwwwAcgi-bin HTTP/2.0" 200 26565 "https://www.netodolele.com.br.meumercado.app/post.js?p=Ahome2Ameumer25Awww" "Mozilla/5.0 AppleWebKit/537.36 (KHTML, like Gecko; compatible; GPTBot/1.3; +https://openai.com/gptbot)" www.netodolele.com.br.meumercado.app 162.241.203.76
74.7.227.186 - - [10/Mar/2026:11:23:55 -0300] "GET /post-update.sample?p=Ahome2Ameumer25AminhafarmaciaIappAwp-includesAID3 HTTP/1.1" 200 104 "https://netodolele.com.br.meumercado.app/post-update.sample?p=Ahome2Ameumer25AminhafarmaciaIappAwp-includes" "Mozilla/5.0 AppleWebKit/537.36 (KHTML, like Gecko; compatible; GPTBot/1.3; +https://openai.com/gptbot)" netodolele.com.br.meumercado.app 162.241.203.76
74.7.227.186 - - [10/Mar/2026:11:23:55 -0300] "GET /post-update.sample?p=Ahome2Ameumer25AminhafarmaciaIappAwp-includesAID3 HTTP/2.0" 200 104 "https://netodolele.com.br.meumercado.app/post-update.sample?p=Ahome2Ameumer25AminhafarmaciaIappAwp-includes" "Mozilla/5.0 AppleWebKit/537.36 (KHTML, like Gecko; compatible; GPTBot/1.3; +https://openai.com/gptbot)" netodolele.com.br.meumercado.app 162.241.203.76
74.7.241.49 - - [10/Mar/2026:11:24:03 -0300] "GET /blog/man2-r62h8htuq4ajchlvxkcfolaexe4masu2g3oz51vjbc.jpg?edit=.htaccess&p=Ahome2Ameumer25AnetodoleleIcomIbrAwp-includesAblocksAquery-pagination-next HTTP/2.0" 200 26242 "https://netodolele.com.br/blog/man2-r62h8htuq4ajchlvxkcfolaexe4masu2g3oz51vjbc.jpg?p=Ahome2Ameumer25AnetodoleleIcomIbrAwp-includesAblocksAquery-pagination-next" "Mozilla/5.0 AppleWebKit/537.36 (KHTML, like Gecko; compatible; GPTBot/1.3; +https://openai.com/gptbot)" netodolele.com.br 162.241.203.76
74.7.227.186 - - [10/Mar/2026:11:24:08 -0300] "GET /post-update.sample?p=Ahome2Ameumer25AnetodoleleIcomIbrAwp-includesAID3 HTTP/1.1" 200 104 "https://netodolele.com.br.meumercado.app/post-update.sample?p=Ahome2Ameumer25AnetodoleleIcomIbrAwp-includes" "Mozilla/5.0 AppleWebKit/537.36 (KHTML, like Gecko; compatible; GPTBot/1.3; +https://openai.com/gptbot)" netodolele.com.br.meumercado.app 162.241.203.76
74.7.227.186 - - [10/Mar/2026:11:24:08 -0300] "GET /post-update.sample?p=Ahome2Ameumer25AnetodoleleIcomIbrAwp-includesAID3 HTTP/2.0" 200 104 "https://netodolele.com.br.meumercado.app/post-update.sample?p=Ahome2Ameumer25AnetodoleleIcomIbrAwp-includes" "Mozilla/5.0 AppleWebKit/537.36 (KHTML, like Gecko; compatible; GPTBot/1.3; +https://openai.com/gptbot)" netodolele.com.br.meumercado.app 162.241.203.76
74.7.227.186 - - [10/Mar/2026:11:24:20 -0300] "GET /post-update.sample?p=Ahome2Ameumer25AnetodoleleIcomIbrAwp-includesAjsAimgareaselect HTTP/1.1" 200 27762 "https://netodolele.com.br.meumercado.app/post-update.sample?p=Ahome2Ameumer25AnetodoleleIcomIbrAwp-includesAjs" "Mozilla/5.0 AppleWebKit/537.36 (KHTML, like Gecko; compatible; GPTBot/1.3; +https://openai.com/gptbot)" netodolele.com.br.meumercado.app 162.241.203.76
74.7.227.186 - - [10/Mar/2026:11:24:20 -0300] "GET /post-update.sample?p=Ahome2Ameumer25AnetodoleleIcomIbrAwp-includesAjsAimgareaselect HTTP/2.0" 200 27762 "https://netodolele.com.br.meumercado.app/post-update.sample?p=Ahome2Ameumer25AnetodoleleIcomIbrAwp-includesAjs" "Mozilla/5.0 AppleWebKit/537.36 (KHTML, like Gecko; compatible; GPTBot/1.3; +https://openai.com/gptbot)" netodolele.com.br.meumercado.app 162.241.203.76
74.7.227.186 - - [10/Mar/2026:11:24:31 -0300] "GET /post-update.sample?p=Ahome2Ameumer25AnetodoleleIcomIbrAwp-includesAblock-supports HTTP/1.1" 200 29545 "https://netodolele.com.br.meumercado.app/post-update.sample?p=Ahome2Ameumer25AnetodoleleIcomIbrAwp-includes" "Mozilla/5.0 AppleWebKit/537.36 (KHTML, like Gecko; compatible; GPTBot/1.3; +https://openai.com/gptbot)" netodolele.com.br.meumercado.app 162.241.203.76
74.7.227.186 - - [10/Mar/2026:11:24:31 -0300] "GET /post-update.sample?p=Ahome2Ameumer25AnetodoleleIcomIbrAwp-includesAblock-supports HTTP/2.0" 200 29545 "https://netodolele.com.br.meumercado.app/post-update.sample?p=Ahome2Ameumer25AnetodoleleIcomIbrAwp-includes" "Mozilla/5.0 AppleWebKit/537.36 (KHTML, like Gecko; compatible; GPTBot/1.3; +https://openai.com/gptbot)" netodolele.com.br.meumercado.app 162.241.203.76
74.7.241.0 - - [10/Mar/2026:11:24:33 -0300] "GET /edit-post.js?p=Ahome2Ameumer25AmeupetIappAwp-includesAblocksAlegacy-widgetAlegacy-widget HTTP/2.0" 200 26763 "https://www.netodolele.com.br.meumercado.app/edit-post.js?p=Ahome2Ameumer25AmeupetIappAwp-includesAblocksAlegacy-widget" "Mozilla/5.0 AppleWebKit/537.36 (KHTML, like Gecko; compatible; GPTBot/1.3; +https://openai.com/gptbot)" www.netodolele.com.br.meumercado.app 162.241.203.76
74.7.227.186 - - [10/Mar/2026:11:24:40 -0300] "GET /post-update.sample?p=Ahome2Ameumer25AnetodoleleIcomIbrAwp-includesAblock-patterns HTTP/1.1" 200 28301 "https://netodolele.com.br.meumercado.app/post-update.sample?p=Ahome2Ameumer25AnetodoleleIcomIbrAwp-includes" "Mozilla/5.0 AppleWebKit/537.36 (KHTML, like Gecko; compatible; GPTBot/1.3; +https://openai.com/gptbot)" netodolele.com.br.meumercado.app 162.241.203.76
74.7.227.186 - - [10/Mar/2026:11:24:40 -0300] "GET /post-update.sample?p=Ahome2Ameumer25AnetodoleleIcomIbrAwp-includesAblock-patterns HTTP/2.0" 200 28301 "https://netodolele.com.br.meumercado.app/post-update.sample?p=Ahome2Ameumer25AnetodoleleIcomIbrAwp-includes" "Mozilla/5.0 AppleWebKit/537.36 (KHTML, like Gecko; compatible; GPTBot/1.3; +https://openai.com/gptbot)" netodolele.com.br.meumercado.app 162.241.203.76
162.241.203.76 - - [10/Mar/2026:11:24:49 -0300] "POST /wp-cron.php?doing_wp_cron=1773152689.2427139282226562500000 HTTP/1.1" 200 - "-" "WordPress/6.9.1; https://netodolele.com.br" netodolele.com.br 162.241.203.76
74.7.227.186 - - [10/Mar/2026:11:24:48 -0300] "GET /post-update.sample?p=Ahome2Ameumer25AnetodoleleIcomIbrAwp-includesAabilities-api HTTP/1.1" 200 27588 "https://netodolele.com.br.meumercado.app/post-update.sample?p=Ahome2Ameumer25AnetodoleleIcomIbrAwp-includes" "Mozilla/5.0 AppleWebKit/537.36 (KHTML, like Gecko; compatible; GPTBot/1.3; +https://openai.com/gptbot)" netodolele.com.br.meumercado.app 162.241.203.76
74.7.227.186 - - [10/Mar/2026:11:24:48 -0300] "GET /post-update.sample?p=Ahome2Ameumer25AnetodoleleIcomIbrAwp-includesAabilities-api HTTP/2.0" 200 27588 "https://netodolele.com.br.meumercado.app/post-update.sample?p=Ahome2Ameumer25AnetodoleleIcomIbrAwp-includes" "Mozilla/5.0 AppleWebKit/537.36 (KHTML, like Gecko; compatible; GPTBot/1.3; +https://openai.com/gptbot)" netodolele.com.br.meumercado.app 162.241.203.76
74.7.241.49 - - [10/Mar/2026:11:24:54 -0300] "GET /blog/man2-r62h8htuq4ajchlvxkcfolaexe4masu2g3oz51vjbc.jpg?p=Ahome2Ameumer25AnetodoleleIcomIbrAwp-includesAblocksAquery-pagination-previous HTTP/2.0" 200 26842 "https://netodolele.com.br/blog/man2-r62h8htuq4ajchlvxkcfolaexe4masu2g3oz51vjbc.jpg?p=Ahome2Ameumer25AnetodoleleIcomIbrAwp-includesAblocks" "Mozilla/5.0 AppleWebKit/537.36 (KHTML, like Gecko; compatible; GPTBot/1.3; +https://openai.com/gptbot)" netodolele.com.br 162.241.203.76
74.7.227.186 - - [10/Mar/2026:11:24:57 -0300] "GET /post-update.sample?p=Ahome2Ameumer25AminhafarmaciaIappAwp-includesAimages HTTP/1.1" 200 31168 "https://netodolele.com.br.meumercado.app/post-update.sample?p=Ahome2Ameumer25AminhafarmaciaIappAwp-includes" "Mozilla/5.0 AppleWebKit/537.36 (KHTML, like Gecko; compatible; GPTBot/1.3; +https://openai.com/gptbot)" netodolele.com.br.meumercado.app 162.241.203.76
74.7.227.186 - - [10/Mar/2026:11:24:57 -0300] "GET /post-update.sample?p=Ahome2Ameumer25AminhafarmaciaIappAwp-includesAimages HTTP/2.0" 200 31168 "https://netodolele.com.br.meumercado.app/post-update.sample?p=Ahome2Ameumer25AminhafarmaciaIappAwp-includes" "Mozilla/5.0 AppleWebKit/537.36 (KHTML, like Gecko; compatible; GPTBot/1.3; +https://openai.com/gptbot)" netodolele.com.br.meumercado.app 162.241.203.76
74.7.227.186 - - [10/Mar/2026:11:25:03 -0300] "GET /post-update.sample?p=Ahome2Ameumer25AnetodoleleIcomIbrAwp-includesAassets HTTP/1.1" 200 28478 "https://netodolele.com.br.meumercado.app/post-update.sample?p=Ahome2Ameumer25AnetodoleleIcomIbrAwp-includes" "Mozilla/5.0 AppleWebKit/537.36 (KHTML, like Gecko; compatible; GPTBot/1.3; +https://openai.com/gptbot)" netodolele.com.br.meumercado.app 162.241.203.76
